000
CXUS56 KSGX 201445
CF6CNO
PRELIMINARY LOCAL CLIMATOLOGICAL DATA (WS FORM: F-6)

                                          STATION:   CHINO AIRPORT CA
                                          MONTH:     DECEMBER
                                          YEAR:      2014
                                          LATITUDE:   33 58 N
                                          LONGITUDE: 117 38 W

  TEMPERATURE IN F:       :PCPN:    SNOW:  WIND      :SUNSHINE: SKY     :PK WND
================================================================================
1   2   3   4   5  6A  6B    7    8   9   10  11  12  13   14  15   16   17  18
                                     12Z  AVG MX 2MIN
DY MAX MIN AVG DEP HDD CDD  WTR  SNW DPTH SPD SPD DIR MIN PSBL S-S WX    SPD DR
================================================================================

 1  68  54  61   8   4   0    T  0.0    M  1.7  7 110   M    M   6 128    11 100
 2  62  54  58   5   7   0 1.58  0.0    0  3.4 12 250   M    M   9 18     16  60
 3  68  57  63  10   2   0 1.11  0.0    0  1.3  8 260   M    M  10 138    10 260
 4  70  53  62   9   3   0 0.13  0.0    0  4.4 10 280   M    M   6 13     13 290
 5  68  50  59   7   6   0 0.00  0.0    0  1.3  9 260   M    M   7 18     12 330
 6  72  50  61   9   4   0 0.00  0.0    0  1.2  7 300   M    M   3 128    11 250
 7  78  47  63  11   2   0 0.00  0.0    0  3.0 13 260   M    M   4 18     21 260
 8  79  48  64  12   1   0 0.00  0.0    0  1.9  9 240   M    M   3 18     12 240
 9  78  44  61   9   4   0 0.00  0.0    0  3.1 10 230   M    M   1 18     12 240
10  74  43  59   7   6   0 0.00  0.0    0  2.1  9 270   M    M   3 18     11 260
11  69  53  61   9   4   0 0.00  0.0    0  2.4 10 290   M    M   8 128    37 210
12  61  48  55   3  10   0 1.30    M    0  5.3 26 260   M    M   9 18     33 120
13  63  42  53   1  12   0 0.00  0.0    0  2.3  9 210   M    M   3 12     13 200
14  64  40  52   0  13   0 0.00  0.0    0  0.6  6 300   M    M   3 18      7 290
15  65  39  52   0  13   0 0.00  0.0    0  1.6  7 290   M    M   5 18     10 270
16  60  49  55   3  10   0 0.02  0.0    0  2.0 13 110   M    M   9 1      16 120
17  61  47  54   2  11   0 0.34    M    0  3.2 15 270   M    M   7 1      17 260
18  64  43  54   2  11   0    T  0.0    0  1.9  8 230   M    M   4 1      10 240
19  65  40  53   1  12   0 0.00  0.0    0  1.5  8 250   M    M   3 18     10 290
================================================================================
SM 1289  901       135   0  4.48     0.0  44.2          M      103
================================================================================
AV 67.8 47.4                               2.3 FASTST   M    M   5    MAX(MPH)
                                 MISC ---->  # 26 260               # 37  210
================================================================================
NOTES:
# LAST OF SEVERAL OCCURRENCES

COLUMN 17 PEAK WIND IN M.P.H.

PRELIMINARY LOCAL CLIMATOLOGICAL DATA (WS FORM: F-6) , PAGE 2

                                          STATION:  CHINO AIRPORT CA
                                          MONTH:    DECEMBER
                                          YEAR:     2014
                                          LATITUDE:   33 58 N
                                          LONGITUDE: 117 38 W

[TEMPERATURE DATA]      [PRECIPITATION DATA]       SYMBOLS USED IN COLUMN 16

AVERAGE MONTHLY: 57.6   TOTAL FOR MONTH:   4.48    1 = FOG OR MIST
DPTR FM NORMAL:   5.4   DPTR FM NORMAL:    3.68    2 = FOG REDUCING VISIBILITY
HIGHEST:    79 ON  8    GRTST 24HR  1.75 ON  2- 3      TO 1/4 MILE OR LESS
LOWEST:     39 ON 15                               3 = THUNDER
                        SNOW, ICE PELLETS, HAIL    4 = ICE PELLETS
                        TOTAL MONTH:   0.0 INCH    5 = HAIL
                        GRTST 24HR     0.0         6 = FREEZING RAIN OR DRIZZLE
                        GRTST DEPTH:   0           7 = DUSTSTORM OR SANDSTORM:
                                                       VSBY 1/2 MILE OR LESS
                                                   8 = SMOKE OR HAZE
[NO. OF DAYS WITH]      [WEATHER - DAYS WITH]      9 = BLOWING SNOW
                                                   X = TORNADO
MAX 32 OR BELOW:   0    0.01 INCH OR MORE:   6
MAX 90 OR ABOVE:   0    0.10 INCH OR MORE:   5
MIN 32 OR BELOW:   0    0.50 INCH OR MORE:   3
MIN  0 OR BELOW:   0    1.00 INCH OR MORE:   3

[HDD (BASE 65) ]
TOTAL THIS MO.   135    CLEAR  (SCALE 0-3)   5
DPTR FM NORMAL  -108    PTCLDY (SCALE 4-7)   9
TOTAL FM JUL 1   239    CLOUDY (SCALE 8-10)  5
DPTR FM NORMAL  -284

[CDD (BASE 65) ]
TOTAL THIS MO.     0
DPTR FM NORMAL     0    [PRESSURE DATA]
TOTAL FM JAN 1  1859    HIGHEST SLP M ON M
DPTR FM NORMAL   523    LOWEST  SLP 29.85 ON 11

[REMARKS]
