851
CXUS56 KSGX 261545
CF6CNO
PRELIMINARY LOCAL CLIMATOLOGICAL DATA (WS FORM: F-6)

                                          STATION:   CHINO AIRPORT CA
                                          MONTH:     SEPTEMBER
                                          YEAR:      2016
                                          LATITUDE:   33 58 N
                                          LONGITUDE: 117 38 W

  TEMPERATURE IN F:       :PCPN:    SNOW:  WIND      :SUNSHINE: SKY     :PK WND
================================================================================
1   2   3   4   5  6A  6B    7    8   9   10  11  12  13   14  15   16   17  18
                                     12Z  AVG MX 2MIN
DY MAX MIN AVG DEP HDD CDD  WTR  SNW DPTH SPD SPD DIR MIN PSBL S-S WX    SPD DR
================================================================================

 1  95  67  81   5   0  16 0.00  0.0    M  7.6 18 260   M    M   1 8      23 250
 2  90  67  79   3   0  14 0.00  0.0    M  8.1 17 260   M    M   2 18     17 270
 3  85  63  74  -2   0   9 0.00  0.0    M  8.5 20 240   M    M   6 18     24 240
 4  83  60  72  -4   0   7 0.00  0.0    0  7.5 20 250   M    M   5 8      24 230
 5  83  60  72  -4   0   7 0.00  0.0    0  5.7 17 250   M    M   4 8      24 250
 6  92  57  75   0   0  10 0.00  0.0    0  5.2 17 240   M    M   1 18     22 240
 7  89  60  75   0   0  10 0.00  0.0    0  8.4 21 280   M    M   0 18     26 260
 8  89  64  77   2   0  12 0.00  0.0    0  7.0 16 240   M    M   5 8      21 260
 9  94  61  78   3   0  13 0.00  0.0    0  5.3 17 250   M    M   M 18     22 240
10  97  59  78   3   0  13 0.00  0.0    0  4.8 18 240   M    M   0 18     23 230
11  94  60  77   3   0  12 0.00  0.0    0  6.7 21 260   M    M   0 18     25 270
12  82  61  72  -2   0   7 0.00  0.0    0  8.0 23 250   M    M   6 18     29 250
13  77  58  68  -6   0   3 0.00  0.0    0  7.7 18 250   M    M   7 8      22 230
14  84  52  68  -6   0   3 0.00  0.0    0  4.2 14 250   M    M   0 18     19 280
15  88  52  70  -4   0   5 0.00  0.0    0  4.2 16 250   M    M   0 18     21 250
16  89  53  71  -2   0   6 0.00  0.0    0  5.0 20 250   M    M   0 18     24 240
17  96  54  75   2   0  10 0.00  0.0    0  4.3 16 260   M    M   0 8      19 270
18 107  57  82   9   0  17 0.00  0.0    0  4.3 16 270   M    M   0 18     20 230
19 103  63  83  11   0  18    T  0.0    0  5.0 23 250   M    M   4 8      29 250
20  87  66  77   5   0  12 0.00  0.0    0  3.5 14 120   M    M   4 8      17 120
21  91  67  79   7   0  14 0.00  0.0    0  5.6 17 270   M    M   3 18     22 260
22  82  56  69  -3   0   4 0.00  0.0    0  7.8 23 240   M    M   3 18     29 240
23  87  52  70  -2   0   5 0.00  0.0    0  3.9 15 250   M    M   2 18     20 250
24  98  52  75   4   0  10 0.00  0.0    0  4.6 15 250   M    M   0 8      19 250
25 100  55  78   7   0  13 0.00  0.0    0  8.6 30  60   M    M   0 78     40  60
================================================================================
SM 2262 1476         0 250    T      0.0 151.5          M       53
================================================================================
AV 90.5 59.0                               6.1 FASTST   M    M   2    MAX(MPH)
                                 MISC ---->  # 30  60               # 40   60
================================================================================
NOTES:
# LAST OF SEVERAL OCCURRENCES

COLUMN 17 PEAK WIND IN M.P.H.

PRELIMINARY LOCAL CLIMATOLOGICAL DATA (WS FORM: F-6) , PAGE 2

                                          STATION:  CHINO AIRPORT CA
                                          MONTH:    SEPTEMBER
                                          YEAR:     2016
                                          LATITUDE:   33 58 N
                                          LONGITUDE: 117 38 W

[TEMPERATURE DATA]      [PRECIPITATION DATA]       SYMBOLS USED IN COLUMN 16

AVERAGE MONTHLY: 74.8   TOTAL FOR MONTH:      T    1 = FOG OR MIST
DPTR FM NORMAL:   0.9   DPTR FM NORMAL:   -0.18    2 = FOG REDUCING VISIBILITY
HIGHEST:   107 ON 18    GRTST 24HR    T  ON 19-19      TO 1/4 MILE OR LESS
LOWEST:     52 ON 24,23                            3 = THUNDER
                        SNOW, ICE PELLETS, HAIL    4 = ICE PELLETS
                        TOTAL MONTH:   0.0 INCH    5 = HAIL
                        GRTST 24HR     0.0         6 = FREEZING RAIN OR DRIZZLE
                        GRTST DEPTH:   0           7 = DUSTSTORM OR SANDSTORM:
                                                       VSBY 1/2 MILE OR LESS
                                                   8 = SMOKE OR HAZE
[NO. OF DAYS WITH]      [WEATHER - DAYS WITH]      9 = BLOWING SNOW
                                                   X = TORNADO
MAX 32 OR BELOW:   0    0.01 INCH OR MORE:   0
MAX 90 OR ABOVE:  12    0.10 INCH OR MORE:   0
MIN 32 OR BELOW:   0    0.50 INCH OR MORE:   0
MIN  0 OR BELOW:   0    1.00 INCH OR MORE:   0

[HDD (BASE 65) ]
TOTAL THIS MO.     0    CLEAR  (SCALE 0-3)  15
DPTR FM NORMAL     0    PTCLDY (SCALE 4-7)   9
TOTAL FM JUL 1     0    CLOUDY (SCALE 8-10)  0
DPTR FM NORMAL     0

[CDD (BASE 65) ]
TOTAL THIS MO.   250
DPTR FM NORMAL    27    [PRESSURE DATA]
TOTAL FM JAN 1  1738    HIGHEST SLP M ON M
DPTR FM NORMAL   530    LOWEST  SLP 29.70 ON  5

[REMARKS]
