000
CXUS53 KICT 200800
CF6CNU
PRELIMINARY LOCAL CLIMATOLOGICAL DATA (WS FORM: F-6)

                                          STATION:   CHANUTE KS
                                          MONTH:     OCTOBER
                                          YEAR:      2014
                                          LATITUDE:   37 40 N
                                          LONGITUDE:  95 29 W

  TEMPERATURE IN F:       :PCPN:    SNOW:  WIND      :SUNSHINE: SKY     :PK WND
================================================================================
1   2   3   4   5  6A  6B    7    8   9   10  11  12  13   14  15   16   17  18
                                     12Z  AVG MX 2MIN
DY MAX MIN AVG DEP HDD CDD  WTR  SNW DPTH SPD SPD DIR MIN PSBL S-S WX    SPD DR
================================================================================

 1  85  68  77  14   0  12 0.08    M    M 11.7 25 160   M    M   5 13     32 160
 2  75  56  66   3   0   1 0.24    M    M 11.6 26 300   M    M   6 13     34 340
 3  59  43  51 -11  14   0 0.02    M    M 10.8 29 320   M    M   2        39 310
 4  64  38  51 -11  14   0 0.00    M    M  6.6 16 320   M    M   0        22 230
 5  79  45  62   0   3   0 0.00    M    M  6.9 17 310   M    M   1 8      23 300
 6  75  53  64   3   1   0 0.00    M    M  8.4 17 210   M    M   1 8      24 200
 7  85  53  69   8   0   4 0.00    M    M  4.4 15 210   M    M   0 8      20  60
 8  77  54  66   5   0   1 0.00    M    M  7.0 16  80   M    M   4 1      20 120
 9  77  61  69   9   0   4 0.03    M    M 10.9 20 180   M    M   5 13     29 210
10  62  50  56  -4   9   0 1.50    M    M 12.0 25  40   M    M  10 13     32  30
11  61  50  56  -4   9   0 0.00    M    M  8.4 14  60   M    M  10        20  70
12  59  52  56  -3   9   0    T    M    M  8.2 20 160   M    M  10 1      24 160
13  58  53  56  -3   9   0 2.61    M    M 15.9 25 320   M    M  10 13     34 330
14  68  47  58  -1   7   0 0.00    M    M 15.7 32 330   M    M   2        40 330
15  70  41  56  -2   9   0 0.00    M    M  6.2 15 290   M    M   0        18 290
16  80  45  63   5   2   0 0.00    M    M  8.6 18 180   M    M   0        24 190
17  71  47  59   1   6   0 0.00    M    M  7.3 16 330   M    M   0        22 330
18  65  42  54  -4  11   0 0.00    M    M  5.3 13  10   M    M   0        23 150
19  68  41  55  -2  10   0 0.00    M    M  7.1 17 180   M    M   3        21 180
================================================================================
SM 1338  939       113  22  4.48    M    173.0          M       69
================================================================================
AV 70.4 49.4                               9.1 FASTST   M    M   4    MAX(MPH)
                                 MISC ---->  # 32 330               # 40  330
================================================================================
NOTES:
# LAST OF SEVERAL OCCURRENCES

COLUMN 17 PEAK WIND IN M.P.H.

PRELIMINARY LOCAL CLIMATOLOGICAL DATA (WS FORM: F-6) , PAGE 2

                                          STATION:  CHANUTE KS
                                          MONTH:    OCTOBER
                                          YEAR:     2014
                                          LATITUDE:   37 40 N
                                          LONGITUDE:  95 29 W

[TEMPERATURE DATA]      [PRECIPITATION DATA]       SYMBOLS USED IN COLUMN 16

AVERAGE MONTHLY: 59.9   TOTAL FOR MONTH:   4.48    1 = FOG OR MIST
DPTR FM NORMAL:  -0.1   DPTR FM NORMAL:    2.01    2 = FOG REDUCING VISIBILITY
HIGHEST:    85 ON  7, 1 GRTST 24HR  2.61 ON 12-13      TO 1/4 MILE OR LESS
LOWEST:     38 ON  4                               3 = THUNDER
                        SNOW, ICE PELLETS, HAIL    4 = ICE PELLETS
                        TOTAL MONTH:    M          5 = HAIL
                        GRTST 24HR    M  ON   M    6 = FREEZING RAIN OR DRIZZLE
                        GRTST DEPTH:  M  ON   M    7 = DUSTSTORM OR SANDSTORM:
                                                       VSBY 1/2 MILE OR LESS
                                                   8 = SMOKE OR HAZE
[NO. OF DAYS WITH]      [WEATHER - DAYS WITH]      9 = BLOWING SNOW
                                                   X = TORNADO
MAX 32 OR BELOW:   0    0.01 INCH OR MORE:   6
MAX 90 OR ABOVE:   0    0.10 INCH OR MORE:   3
MIN 32 OR BELOW:   0    0.50 INCH OR MORE:   2
MIN  0 OR BELOW:   0    1.00 INCH OR MORE:   2

[HDD (BASE 65) ]
TOTAL THIS MO.   113    CLEAR  (SCALE 0-3)  11
DPTR FM NORMAL    -5    PTCLDY (SCALE 4-7)   4
TOTAL FM JUL 1   144    CLOUDY (SCALE 8-10)  4
DPTR FM NORMAL   -21

[CDD (BASE 65) ]
TOTAL THIS MO.    22
DPTR FM NORMAL    -5    [PRESSURE DATA]
TOTAL FM JAN 1  1496    HIGHEST SLP M ON M
DPTR FM NORMAL   -28    LOWEST  SLP 29.55 ON 13

[REMARKS]
