000
CXUS54 KCRP 221300
CF6COT
PRELIMINARY LOCAL CLIMATOLOGICAL DATA (WS FORM: F-6)

                                          STATION:   COTULLA
                                          MONTH:     MAY
                                          YEAR:      2015
                                          LATITUDE:   28 27 N
                                          LONGITUDE:  99 13 W

  TEMPERATURE IN F:       :PCPN:    SNOW:  WIND      :SUNSHINE: SKY     :PK WND
================================================================================
1   2   3   4   5  6A  6B    7    8   9   10  11  12  13   14  15   16   17  18
                                     12Z  AVG MX 2MIN
DY MAX MIN AVG DEP HDD CDD  WTR  SNW DPTH SPD SPD DIR MIN PSBL S-S WX    SPD DR
================================================================================

 1  86  55  71  -5   0   6 0.00  0.0    0  7.3 17 130   M    M   0        25 160
 2  86  58  72  -5   0   7 0.00  0.0    0  8.3 21 140   M    M   0        26 130
 3  89  63  76  -1   0  11 0.00  0.0    0 12.4 22 140   M    M   4        29 140
 4  85  73  79   2   0  14 0.10  0.0    0 16.0 25 130   M    M   9 8      33 130
 5  77  72  75  -2   0  10    T  0.0    0 13.2 22 130   M    M   9 18     26 140
 6  86  74  80   2   0  15 0.01  0.0    0 12.3 21 130   M    M   9 8      24 130
 7  91  74  83   5   0  18    T  0.0    0 12.0 24 130   M    M   7 8      28 140
 8  86  77  82   4   0  17    T  0.0    0 12.9 24 140   M    M   7 8      31 140
 9  99  75  87   9   0  22 0.00  0.0    0 14.7 25 130   M    M   4 8      31 130
10  90  75  83   5   0  18    T  0.0    0 12.5 20 130   M    M   5 8      25 130
11  92  70  81   2   0  16 0.88  0.0    0 11.7 26  80   M    M   7 138    37  80
12  80  68  74  -5   0   9 0.01  0.0    0  7.5 31  90   M    M   7 138    44  80
13  79  67  73  -6   0   8 0.56  0.0    0 10.7 18 130   M    M  10 38     23 110
14  88  73  81   1   0  16    T  0.0    0  9.6 21  90   M    M   7 138    28  90
15  83  68  76  -4   0  11 2.30  0.0    0 10.1 22 270   M    M   5 3      35 260
16  89  70  80   0   0  15    T  0.0    0 12.6 22 140   M    M   6 1      27 150
17  85  70  78  -2   0  13 0.12  0.0    0  9.6 22 360   M    M   9 13     29  10
18  90  76  83   3   0  18    T  0.0    0 11.1 20 120   M    M   7 18     24 140
19  90  76  83   2   0  18 0.00  0.0    0 13.4 24 140   M    M   5 18     29 140
20  91  74  83   2   0  18 0.00  0.0    0 11.4 18 130   M    M   7 18     24 130
21  79  70  75  -6   0  10 0.28  0.0    0 11.4 41 140   M    M   8 13     49 130
================================================================================
SM 1821 1478         0 290  4.26     0.0 240.7          M      132
================================================================================
AV 86.7 70.4                              11.5 FASTST   M    M   6    MAX(MPH)
                                 MISC ---->  # 41 140               # 49  130
================================================================================
NOTES:
# LAST OF SEVERAL OCCURRENCES

COLUMN 17 PEAK WIND IN M.P.H.

PRELIMINARY LOCAL CLIMATOLOGICAL DATA (WS FORM: F-6) , PAGE 2

                                          STATION:  COTULLA
                                          MONTH:    MAY
                                          YEAR:     2015
                                          LATITUDE:   28 27 N
                                          LONGITUDE:  99 13 W

[TEMPERATURE DATA]      [PRECIPITATION DATA]       SYMBOLS USED IN COLUMN 16

AVERAGE MONTHLY: 78.5   TOTAL FOR MONTH:   4.26    1 = FOG OR MIST
DPTR FM NORMAL:  -0.2   DPTR FM NORMAL:    2.46    2 = FOG REDUCING VISIBILITY
HIGHEST:    99 ON  9    GRTST 24HR  2.30 ON 15-15      TO 1/4 MILE OR LESS
LOWEST:     55 ON  1                               3 = THUNDER
                        SNOW, ICE PELLETS, HAIL    4 = ICE PELLETS
                        TOTAL MONTH:   0.0 INCH    5 = HAIL
                        GRTST 24HR     0.0         6 = FREEZING RAIN OR DRIZZLE
                        GRTST DEPTH:   0           7 = DUSTSTORM OR SANDSTORM:
                                                       VSBY 1/2 MILE OR LESS
                                                   8 = SMOKE OR HAZE
[NO. OF DAYS WITH]      [WEATHER - DAYS WITH]      9 = BLOWING SNOW
                                                   X = TORNADO
MAX 32 OR BELOW:   0    0.01 INCH OR MORE:   8
MAX 90 OR ABOVE:   7    0.10 INCH OR MORE:   6
MIN 32 OR BELOW:   0    0.50 INCH OR MORE:   3
MIN  0 OR BELOW:   0    1.00 INCH OR MORE:   1

[HDD (BASE 65) ]
TOTAL THIS MO.     0    CLEAR  (SCALE 0-3)   2
DPTR FM NORMAL     0    PTCLDY (SCALE 4-7)  13
TOTAL FM JUL 1  1039    CLOUDY (SCALE 8-10)  6
DPTR FM NORMAL   -54

[CDD (BASE 65) ]
TOTAL THIS MO.   290
DPTR FM NORMAL     0    [PRESSURE DATA]
TOTAL FM JAN 1   682    HIGHEST SLP M ON M
DPTR FM NORMAL   -38    LOWEST  SLP 29.62 ON  9

[REMARKS]
