000
CXUS54 KFWD 220730
CF6CPT
PRELIMINARY LOCAL CLIMATOLOGICAL DATA (WS FORM: F-6)

                                          STATION:   CLEBURNE
                                          MONTH:     MAY
                                          YEAR:      2015
                                          LATITUDE:   32 20 N
                                          LONGITUDE:  97 24 W

  TEMPERATURE IN F:       :PCPN:    SNOW:  WIND      :SUNSHINE: SKY     :PK WND
================================================================================
1   2   3   4   5  6A  6B    7    8   9   10  11  12  13   14  15   16   17  18
                                     12Z  AVG MX 2MIN
DY MAX MIN AVG DEP HDD CDD  WTR  SNW DPTH SPD SPD DIR MIN PSBL S-S WX    SPD DR
================================================================================

 1  79  57  68  -1   0   3 0.00  0.0    0  4.8  9 110   M    M   0         M  M
 2  79  57  68  -1   0   3 0.00  0.0    0  6.2 12 170   M    M   0        15 170
 3  79  57  68  -1   0   3 0.00  0.0    0  9.1 14 160   M    M   0        20 160
 4  81  63  72   2   0   7 0.00  0.0    0 11.7 18 120   M    M   2        22 130
 5  81  63  72   2   0   7 0.18  0.0    0 13.6 21 140   M    M   5 1      28 140
 6  82  68  75   5   0  10 0.30  0.0    0 13.0 16 140   M    M   6 1      24 140
 7  82  66  74   4   0   9 0.63  0.0    0 12.1 18 150   M    M   7 13     24 150
 8  82  72  77   6   0  12 0.00  0.0    0 11.7 21 160   M    M   7 18     28 170
 9  84  64  74   3   0   9 1.74  0.0    0 11.4 18 180   M    M   7 13     24 160
10  79  64  72   1   0   7 1.98  0.0    0  9.9 21 280   M    M   6 13     27 280
11  72  63  68  -3   0   3 0.00  0.0    0  8.4 14 350   M    M   5 12     24 360
12  66  57  62 -10   3   0 0.00  0.0    0  7.8 13  60   M    M   7 1       M  M
13  70  63  67  -5   0   2 0.00  0.0    0  9.3 15 150   M    M   9 1      20 250
14  82  66  74   2   0   9 0.00  0.0    0  9.1 17 140   M    M   7 1      25 140
15  77  70  74   2   0   9 0.00  0.0    0 11.2 14 150   M    M   6 1      20 160
16  84  68  76   3   0  11 0.00  0.0    0 12.8 20 150   M    M   6 1      30 170
17  81  63  72  -1   0   7 0.00  0.0    0  7.2 10 280   M    M   3        20 280
18  88  66  77   4   0  12 0.00  0.0    0  6.1 15 130   M    M   2 12      M  M
19  81  72  77   3   0  12 0.05  0.0    0 11.0 18 150   M    M   6 1      24 120
20  86  64  75   1   0  10 0.01  0.0    0  8.4 21 360   M    M   5 1      22 360
21  64  55  60 -14   5   0 0.01  0.0    0 12.7 21  10   M    M  10        29  20
================================================================================
SM 1659 1338         8 145  4.90     0.0 207.5          M      106
================================================================================
AV 79.0 63.7                               9.9 FASTST   M    M   5    MAX(MPH)
                                 MISC ---->    21   M                 30    M
================================================================================
NOTES:
# LAST OF SEVERAL OCCURRENCES

COLUMN 17 PEAK WIND IN M.P.H.

PRELIMINARY LOCAL CLIMATOLOGICAL DATA (WS FORM: F-6) , PAGE 2

                                          STATION:  CLEBURNE
                                          MONTH:    MAY
                                          YEAR:     2015
                                          LATITUDE:   32 20 N
                                          LONGITUDE:  97 24 W

[TEMPERATURE DATA]      [PRECIPITATION DATA]       SYMBOLS USED IN COLUMN 16

AVERAGE MONTHLY: 71.4   TOTAL FOR MONTH:   4.90    1 = FOG OR MIST
DPTR FM NORMAL:  -0.1   DPTR FM NORMAL:    1.72    2 = FOG REDUCING VISIBILITY
HIGHEST:    88 ON 18    GRTST 24HR  1.98 ON 10-10      TO 1/4 MILE OR LESS
LOWEST:     55 ON 21                               3 = THUNDER
                        SNOW, ICE PELLETS, HAIL    4 = ICE PELLETS
                        TOTAL MONTH:   0.0 INCH    5 = HAIL
                        GRTST 24HR     0.0         6 = FREEZING RAIN OR DRIZZLE
                        GRTST DEPTH:   0           7 = DUSTSTORM OR SANDSTORM:
                                                       VSBY 1/2 MILE OR LESS
                                                   8 = SMOKE OR HAZE
[NO. OF DAYS WITH]      [WEATHER - DAYS WITH]      9 = BLOWING SNOW
                                                   X = TORNADO
MAX 32 OR BELOW:   0    0.01 INCH OR MORE:   8
MAX 90 OR ABOVE:   0    0.10 INCH OR MORE:   5
MIN 32 OR BELOW:   0    0.50 INCH OR MORE:   3
MIN  0 OR BELOW:   0    1.00 INCH OR MORE:   2

[HDD (BASE 65) ]
TOTAL THIS MO.     8    CLEAR  (SCALE 0-3)   5
DPTR FM NORMAL     0    PTCLDY (SCALE 4-7)  14
TOTAL FM JUL 1  2374    CLOUDY (SCALE 8-10)  2
DPTR FM NORMAL   -73

[CDD (BASE 65) ]
TOTAL THIS MO.   145
DPTR FM NORMAL     0    [PRESSURE DATA]
TOTAL FM JAN 1   274    HIGHEST SLP M ON M
DPTR FM NORMAL    18    LOWEST  SLP M ON M

[REMARKS]
