000
CXUS54 KFWD 260730
CF6CPT
PRELIMINARY LOCAL CLIMATOLOGICAL DATA (WS FORM: F-6)

                                          STATION:   CLEBURNE
                                          MONTH:     FEBRUARY
                                          YEAR:      2015
                                          LATITUDE:   32 20 N
                                          LONGITUDE:  97 24 W

  TEMPERATURE IN F:       :PCPN:    SNOW:  WIND      :SUNSHINE: SKY     :PK WND
================================================================================
1   2   3   4   5  6A  6B    7    8   9   10  11  12  13   14  15   16   17  18
                                     12Z  AVG MX 2MIN
DY MAX MIN AVG DEP HDD CDD  WTR  SNW DPTH SPD SPD DIR MIN PSBL S-S WX    SPD DR
================================================================================

 1  59  37  48   2  17   0 0.12  0.0    0 11.7 21 330   M    M   5 13     30 330
 2  43  23  33 -14  32   0 0.00  0.0    0  7.5 17 350   M    M   0        24 350
 3  52  32  42  -5  23   0 0.00  0.0    0  9.4 15 150   M    M   3         M  M
 4  55  39  47   0  18   0    T  0.0    0 10.5 23 350   M    M   9 1      31 350
 5  37  30  34 -13  31   0 0.00  0.0    0  9.2 20 360   M    M  10 1      28 360
 6  59  34  47   0  18   0 0.00  0.0    0  7.9 14 160   M    M   4 1      15 190
 7  70  41  56   9   9   0 0.00  0.0    0 14.0 20 160   M    M   1 1      28 160
 8  73  50  62  14   3   0 0.00  0.0    0  7.5 12 170   M    M   0 1      14  99
 9  77  46  62  14   3   0 0.00  0.0    0  7.0 12  20   M    M   0        14  99
10  75  45  60  12   5   0 0.00  0.0    0  9.8 15 160   M    M   0        21 170
11  73  48  61  13   4   0 0.00  0.0    0 11.7 22  20   M    M   2        30 350
12  54  39  47  -1  18   0 0.00  0.0    0 12.1 23 360   M    M   2        32 360
13  66  37  52   4  13   0 0.00  0.0    0  4.5 13 230   M    M   1        17 200
14  79  41  60  12   5   0 0.00  0.0    0  4.1  8 190   M    M   0         M  M
15  72  52  62  13   3   0 0.00  0.0    0  9.8 20 170   M    M   2 1      25 200
16  61  28  45  -4  20   0 0.20    M    0 12.1 25 330   M    M   7 13     32 330
17  54  27  41  -8  24   0 0.00  0.0    0  6.7 16 350   M    M   3 3      25 350
18  59  30  45  -4  20   0 0.00  0.0    0  3.0 12  80   M    M   0 13      M  M
19  63  34  49  -1  16   0 0.00  0.0    0 12.1 17 160   M    M   0 3      22 160
20  72  48  60  10   5   0 0.00  0.0    0 16.4 28 180   M    M   6 3      32 180
21  66  48  57   7   8   0 0.00  0.0    0 11.7 20 300   M    M   6 18     27 180
22  48  28  38 -12  27   0 0.24    M    0 13.9 25 360   M    M   8 13     33 360
23  30  25  28 -22  37   0 0.14    M    M  0.0  M   M   M    M  10 13      M  M
24  36  25  31 -19  34   0 0.00  0.0    0  1.0  6 310   M    M   7 13      M  M
25  54  32  43  -8  22   0 0.73    M    0  3.6  9 290   M    M   5 13     17 290
================================================================================
SM 1487  919       415   0  1.43     0.0 217.2          M       91
================================================================================
AV 59.5 36.8                               8.7 FASTST   M    M   4    MAX(MPH)
                                 MISC ---->    28   M                 33    M
================================================================================
NOTES:
# LAST OF SEVERAL OCCURRENCES

COLUMN 17 PEAK WIND IN M.P.H.

PRELIMINARY LOCAL CLIMATOLOGICAL DATA (WS FORM: F-6) , PAGE 2

                                          STATION:  CLEBURNE
                                          MONTH:    FEBRUARY
                                          YEAR:     2015
                                          LATITUDE:   32 20 N
                                          LONGITUDE:  97 24 W

[TEMPERATURE DATA]      [PRECIPITATION DATA]       SYMBOLS USED IN COLUMN 16

AVERAGE MONTHLY: 48.1   TOTAL FOR MONTH:   1.43    1 = FOG OR MIST
DPTR FM NORMAL:  -0.3   DPTR FM NORMAL:   -0.85    2 = FOG REDUCING VISIBILITY
HIGHEST:    79 ON 14    GRTST 24HR  0.73 ON 25-25      TO 1/4 MILE OR LESS
LOWEST:     23 ON  2                               3 = THUNDER
                        SNOW, ICE PELLETS, HAIL    4 = ICE PELLETS
                        TOTAL MONTH:   0.0 INCH    5 = HAIL
                        GRTST 24HR     0.0         6 = FREEZING RAIN OR DRIZZLE
                        GRTST DEPTH:   0           7 = DUSTSTORM OR SANDSTORM:
                                                       VSBY 1/2 MILE OR LESS
                                                   8 = SMOKE OR HAZE
[NO. OF DAYS WITH]      [WEATHER - DAYS WITH]      9 = BLOWING SNOW
                                                   X = TORNADO
MAX 32 OR BELOW:   1    0.01 INCH OR MORE:   5
MAX 90 OR ABOVE:   0    0.10 INCH OR MORE:   5
MIN 32 OR BELOW:  10    0.50 INCH OR MORE:   1
MIN  0 OR BELOW:   0    1.00 INCH OR MORE:   0

[HDD (BASE 65) ]
TOTAL THIS MO.   415    CLEAR  (SCALE 0-3)  13
DPTR FM NORMAL    -1    PTCLDY (SCALE 4-7)   8
TOTAL FM JUL 1  1904    CLOUDY (SCALE 8-10)  4
DPTR FM NORMAL   -97

[CDD (BASE 65) ]
TOTAL THIS MO.     0
DPTR FM NORMAL     0    [PRESSURE DATA]
TOTAL FM JAN 1     0    HIGHEST SLP M ON M
DPTR FM NORMAL    -1    LOWEST  SLP M ON M

[REMARKS]
