000
CXUS52 KILM 221000
CF6CRE
PRELIMINARY LOCAL CLIMATOLOGICAL DATA (WS FORM: F-6)

                                          STATION:   NORTH MYRTLE BEACH SC
                                          MONTH:     APRIL
                                          YEAR:      2014
                                          LATITUDE:   33 49 N
                                          LONGITUDE:  78 43 W

  TEMPERATURE IN F:       :PCPN:    SNOW:  WIND      :SUNSHINE: SKY     :PK WND
================================================================================
1   2   3   4   5  6A  6B    7    8   9   10  11  12  13   14  15   16   17  18
                                     12Z  AVG MX 2MIN
DY MAX MIN AVG DEP HDD CDD  WTR  SNW DPTH SPD SPD DIR MIN PSBL S-S WX    SPD DR
================================================================================

 1  68  41  55  -3  10   0 0.00    M    M  6.4 20 210   M    M   0 1      25 200
 2  74  48  61   3   4   0 0.00    M    M  9.1 22 220   M    M   0        28 220
 3  73  54  64   6   1   0 0.00    M    M 12.2 25 210   M    M   0        36 210
 4  70  56  63   4   2   0 0.00    M    M 13.9 24 220   M    M   0        32 220
 5  79  58  69  10   0   4 0.00    M    M 10.1 20 220   M    M   0        25 220
 6  63  54  59   0   6   0    T    M    M 11.3 17  40   M    M   7        22  40
 7  73  57  65   6   0   0 0.16    M    M  7.3 17 220   M    M   7 18     26 190
 8  73  60  67   7   0   2 0.05    M    M  8.4 22 200   M    M   6 1      28 210
 9  71  50  61   1   4   0 0.05    M    M  7.3 18 350   M    M   4 1      26 330
10  70  44  57  -3   8   0 0.00    M    M  7.2 17 200   M    M   0 1      22 190
11  77  57  67   7   0   2 0.00    M    M 12.9 24 220   M    M   0        32 200
12  72  56  64   3   1   0 0.00    M    M  6.6 15 170   M    M   1 1      19 170
13  76  58  67   6   0   2 0.00    M    M  6.8 13 160   M    M   0 12     17 190
14  73  66  70   9   0   5 0.02    M    M  8.2 21 200   M    M   8 1      26 210
15  72  46  59  -2   6   0 0.35    M    M 16.5 25 340   M    M   9 1      40 340
16  58  41  50 -12  15   0 0.00    M    M 11.1 18  50   M    M   1        23 350
17  68  39  54  -8  11   0 0.00    M    M 10.4 17  30   M    M   0        24  40
18  68  50  59  -3   6   0 0.72    M    M 12.2 23  40   M    M   9 18     33  40
19  60  52  56  -6   9   0 0.29    M    M 16.2 24  30   M    M  10 1      34  30
20  62  50  56  -7   9   0 0.34    M    M 17.2 26  10   M    M  10 1      38  20
21  76  50  63   0   2   0 0.00    M    M  7.9 20  10   M    M   3 1      26  10
================================================================================
SM 1476 1087        94  15  1.98    M    219.2          M       75
================================================================================
AV 70.3 51.8                              10.4 FASTST   M    M   4    MAX(MPH)
                                 MISC ---->  # 26  10               # 40  340
================================================================================
NOTES:
# LAST OF SEVERAL OCCURRENCES

COLUMN 17 PEAK WIND IN M.P.H.

PRELIMINARY LOCAL CLIMATOLOGICAL DATA (WS FORM: F-6) , PAGE 2

                                          STATION:  NORTH MYRTLE BEACH SC
                                          MONTH:    APRIL
                                          YEAR:     2014
                                          LATITUDE:   33 49 N
                                          LONGITUDE:  78 43 W

[TEMPERATURE DATA]      [PRECIPITATION DATA]       SYMBOLS USED IN COLUMN 16

AVERAGE MONTHLY: 61.0   TOTAL FOR MONTH:   1.98    1 = FOG OR MIST
DPTR FM NORMAL:   0.6   DPTR FM NORMAL:   -0.16    2 = FOG REDUCING VISIBILITY
HIGHEST:    79 ON  5    GRTST 24HR  1.00 ON 18-19      TO 1/4 MILE OR LESS
LOWEST:     39 ON 17                               3 = THUNDER
                        SNOW, ICE PELLETS, HAIL    4 = ICE PELLETS
                        TOTAL MONTH:    M          5 = HAIL
                        GRTST 24HR    M  ON   M    6 = FREEZING RAIN OR DRIZZLE
                        GRTST DEPTH:  M  ON   M    7 = DUSTSTORM OR SANDSTORM:
                                                       VSBY 1/2 MILE OR LESS
                                                   8 = SMOKE OR HAZE
[NO. OF DAYS WITH]      [WEATHER - DAYS WITH]      9 = BLOWING SNOW
                                                   X = TORNADO
MAX 32 OR BELOW:   0    0.01 INCH OR MORE:   8
MAX 90 OR ABOVE:   0    0.10 INCH OR MORE:   5
MIN 32 OR BELOW:   0    0.50 INCH OR MORE:   1
MIN  0 OR BELOW:   0    1.00 INCH OR MORE:   0

[HDD (BASE 65) ]
TOTAL THIS MO.    94    CLEAR  (SCALE 0-3)  11
DPTR FM NORMAL   -23    PTCLDY (SCALE 4-7)   6
TOTAL FM JUL 1  2566    CLOUDY (SCALE 8-10)  4
DPTR FM NORMAL   167

[CDD (BASE 65) ]
TOTAL THIS MO.    15
DPTR FM NORMAL    -4    [PRESSURE DATA]
TOTAL FM JAN 1    15    HIGHEST SLP M ON M
DPTR FM NORMAL    -7    LOWEST  SLP 29.57 ON  8

[REMARKS]
