000
CXUS54 KCRP 251300
CF6CRP
PRELIMINARY LOCAL CLIMATOLOGICAL DATA (WS FORM: F-6)

                                          STATION:   CORPUS CHRISTI
                                          MONTH:     MARCH
                                          YEAR:      2017
                                          LATITUDE:   27 46 N
                                          LONGITUDE:  97 30 W

  TEMPERATURE IN F:       :PCPN:    SNOW:  WIND      :SUNSHINE: SKY     :PK WND
================================================================================
1   2   3   4   5  6A  6B    7    8   9   10  11  12  13   14  15   16   17  18
                                     12Z  AVG MX 2MIN
DY MAX MIN AVG DEP HDD CDD  WTR  SNW DPTH SPD SPD DIR MIN PSBL S-S WX    SPD DR
================================================================================

 1  83  61  72   9   0   7    T  0.0    0 12.8 28  10   M    M   8 18     34  10
 2  71  54  63   0   2   0 0.02  0.0    0 15.8 28  40   M    M   7 3      33  40
 3  70  58  64   0   1   0 0.01  0.0    0 15.8 24  70   M    M   9        29  60
 4  70  64  67   3   0   2 1.37  0.0    0 12.2 26  70   M    M  10 138    34  70
 5  77  63  70   6   0   5    T  0.0    0 10.4 21 150   M    M   7 1      24 210
 6  79  69  74  10   0   9 0.01  0.0    0 20.9 33 160   M    M   8 1      39 150
 7  81  66  74  10   0   9 0.11  0.0    0 14.3 23 170   M    M   9 1      28 170
 8  75  66  71   7   0   6 0.10  0.0    0 11.9 25 130   M    M  10 1      30 120
 9  77  65  71   6   0   6 0.03  0.0    0  8.3 22 150   M    M  10 13     26 140
10  72  65  69   4   0   4 1.84  0.0    0 11.6 26  90   M    M  10 13     30  90
11  77  65  71   6   0   6 1.37  0.0    0  7.8 20 130   M    M   9 13     26 360
12  69  54  62  -3   3   0 0.01  0.0    0 14.4 29  20   M    M  10 1      37  20
13  66  53  60  -6   5   0 0.02  0.0    0  7.0 21 360   M    M   7        25 360
14  71  49  60  -6   5   0 0.00  0.0    0  8.1 15 130   M    M   1        20 130
15  73  56  65  -1   0   0 0.00  0.0    0 11.0 18 120   M    M   6        22 120
16  79  61  70   4   0   5 0.00  0.0    0 15.8 31 160   M    M   4        37 160
17  80  66  73   7   0   8 0.00  0.0    0 19.7 32 150   M    M   3        40 150
18  81  67  74   8   0   9 0.00  0.0    0 13.5 24 140   M    M   3        28 140
19  82  63  73   6   0   8 0.00  0.0    0 13.4 24 150   M    M   2 1      29 150
20  82  61  72   5   0   7 0.00  0.0    0 15.0 26 140   M    M   1 1      31 170
21  83  61  72   5   0   7 0.00  0.0    0 16.1 29 150   M    M   2        33 150
22  82  63  73   6   0   8 0.00  0.0    0 15.1 28 140   M    M   3 1      33 140
23  82  67  75   7   0  10 0.00  0.0    0 21.1 33 140   M    M   4        41 160
24  83  71  77   9   0  12 0.00  0.0    0 23.1 38 150   M    M   7        42 150
================================================================================
SM 1845 1488        16 128  4.89     0.0 335.1          M      150
================================================================================
AV 76.9 62.0                              14.0 FASTST   M    M   6    MAX(MPH)
                                 MISC ---->  # 38 150               # 42  150
================================================================================
NOTES:
# LAST OF SEVERAL OCCURRENCES

COLUMN 17 PEAK WIND IN M.P.H.

PRELIMINARY LOCAL CLIMATOLOGICAL DATA (WS FORM: F-6) , PAGE 2

                                          STATION:  CORPUS CHRISTI
                                          MONTH:    MARCH
                                          YEAR:     2017
                                          LATITUDE:   27 46 N
                                          LONGITUDE:  97 30 W

[TEMPERATURE DATA]      [PRECIPITATION DATA]       SYMBOLS USED IN COLUMN 16

AVERAGE MONTHLY: 69.4   TOTAL FOR MONTH:   4.89    1 = FOG OR MIST
DPTR FM NORMAL:   4.0   DPTR FM NORMAL:    3.39    2 = FOG REDUCING VISIBILITY
HIGHEST:    83 ON 24,21 GRTST 24HR  1.84 ON 10-10      TO 1/4 MILE OR LESS
LOWEST:     49 ON 14                               3 = THUNDER
                        SNOW, ICE PELLETS, HAIL    4 = ICE PELLETS
                        TOTAL MONTH:   0.0 INCH    5 = HAIL
                        GRTST 24HR     0.0         6 = FREEZING RAIN OR DRIZZLE
                        GRTST DEPTH:   0           7 = DUSTSTORM OR SANDSTORM:
                                                       VSBY 1/2 MILE OR LESS
                                                   8 = SMOKE OR HAZE
[NO. OF DAYS WITH]      [WEATHER - DAYS WITH]      9 = BLOWING SNOW
                                                   X = TORNADO
MAX 32 OR BELOW:   0    0.01 INCH OR MORE:  11
MAX 90 OR ABOVE:   0    0.10 INCH OR MORE:   5
MIN 32 OR BELOW:   0    0.50 INCH OR MORE:   3
MIN  0 OR BELOW:   0    1.00 INCH OR MORE:   3

[HDD (BASE 65) ]
TOTAL THIS MO.    16    CLEAR  (SCALE 0-3)   5
DPTR FM NORMAL   -55    PTCLDY (SCALE 4-7)   9
TOTAL FM JUL 1   368    CLOUDY (SCALE 8-10) 10
DPTR FM NORMAL  -503

[CDD (BASE 65) ]
TOTAL THIS MO.   128
DPTR FM NORMAL    48    [PRESSURE DATA]
TOTAL FM JAN 1   397    HIGHEST SLP M ON M
DPTR FM NORMAL   241    LOWEST  SLP 29.84 ON  1

[REMARKS]
