000
CXUS54 KCRP 181300
CF6CRP
PRELIMINARY LOCAL CLIMATOLOGICAL DATA (WS FORM: F-6)

                                          STATION:   CORPUS CHRISTI
                                          MONTH:     APRIL
                                          YEAR:      2014
                                          LATITUDE:   27 46 N
                                          LONGITUDE:  97 30 W

  TEMPERATURE IN F:       :PCPN:    SNOW:  WIND      :SUNSHINE: SKY     :PK WND
================================================================================
1   2   3   4   5  6A  6B    7    8   9   10  11  12  13   14  15   16   17  18
                                     12Z  AVG MX 2MIN
DY MAX MIN AVG DEP HDD CDD  WTR  SNW DPTH SPD SPD DIR MIN PSBL S-S WX    SPD DR
================================================================================

 1  82  70  76   7   0  11    T  0.0    0 13.8 24 160   M    M  10 1      31 150
 2  88  71  80  10   0  15 0.00  0.0    0 18.3 31 160   M    M   8 18     40 160
 3  84  72  78   8   0  13 0.00  0.0    0 16.5 23 170   M    M  10 18     29 180
 4  81  64  73   3   0   8 0.14  0.0    0 14.7 36  30   M    M   8 138    43  30
 5  69  64  67  -3   0   2 0.06  0.0    0 14.9 22  70   M    M  10 18     26  70
 6  75  57  66  -4   0   1 0.06  0.0    0 10.8 24  10   M    M   5 128    28  10
 7  76  49  63  -8   2   0 0.01    M    0  9.3 17  30   M    M   5 138    21  10
 8  86  51  69  -2   0   4 0.00  0.0    0 12.7 29 330   M    M   2        37 340
 9  85  49  67  -4   0   2 0.00  0.0    0 12.2 24 150   M    M   4        33 150
10  85  61  73   2   0   8 0.00  0.0    0 17.2 31 150   M    M   4        40 150
11  85  63  74   3   0   9 0.00  0.0    0 14.5 25 140   M    M   6        33 130
12  84  68  76   4   0  11 0.00  0.0    0 16.0 29 150   M    M   8 1      38 150
13  87  72  80   8   0  15 0.01  0.0    0 16.4 28 160   M    M   9 18     35 160
14  82  55  69  -3   0   4 0.03  0.0    0 17.7 40 360   M    M  10 18     46 360
15  70  46  58 -14   7   0 0.00  0.0    0 12.0 22 360   M    M   3        27 350
16  75  44  60 -12   5   0 0.00  0.0    0 11.6 20 120   M    M   6        28 140
17  75  66  71  -2   0   6 0.12  0.0    0 12.9 22  80   M    M  10 18     29  90
================================================================================
SM 1369 1022        14 109  0.43     0.0 241.5          M      118
================================================================================
AV 80.5 60.1                              14.2 FASTST   M    M   7    MAX(MPH)
                                 MISC ---->  # 40 360               # 46  360
================================================================================
NOTES:
# LAST OF SEVERAL OCCURRENCES

COLUMN 17 PEAK WIND IN M.P.H.

PRELIMINARY LOCAL CLIMATOLOGICAL DATA (WS FORM: F-6) , PAGE 2

                                          STATION:  CORPUS CHRISTI
                                          MONTH:    APRIL
                                          YEAR:     2014
                                          LATITUDE:   27 46 N
                                          LONGITUDE:  97 30 W

[TEMPERATURE DATA]      [PRECIPITATION DATA]       SYMBOLS USED IN COLUMN 16

AVERAGE MONTHLY: 70.3   TOTAL FOR MONTH:   0.43    1 = FOG OR MIST
DPTR FM NORMAL:  -0.7   DPTR FM NORMAL:   -0.53    2 = FOG REDUCING VISIBILITY
HIGHEST:    88 ON  2    GRTST 24HR  0.14 ON  4- 4      TO 1/4 MILE OR LESS
LOWEST:     44 ON 16                               3 = THUNDER
                        SNOW, ICE PELLETS, HAIL    4 = ICE PELLETS
                        TOTAL MONTH:   0.0 INCH    5 = HAIL
                        GRTST 24HR     0.0         6 = FREEZING RAIN OR DRIZZLE
                        GRTST DEPTH:   0           7 = DUSTSTORM OR SANDSTORM:
                                                       VSBY 1/2 MILE OR LESS
                                                   8 = SMOKE OR HAZE
[NO. OF DAYS WITH]      [WEATHER - DAYS WITH]      9 = BLOWING SNOW
                                                   X = TORNADO
MAX 32 OR BELOW:   0    0.01 INCH OR MORE:   7
MAX 90 OR ABOVE:   0    0.10 INCH OR MORE:   2
MIN 32 OR BELOW:   0    0.50 INCH OR MORE:   0
MIN  0 OR BELOW:   0    1.00 INCH OR MORE:   0

[HDD (BASE 65) ]
TOTAL THIS MO.    14    CLEAR  (SCALE 0-3)   2
DPTR FM NORMAL    -1    PTCLDY (SCALE 4-7)   7
TOTAL FM JUL 1  1145    CLOUDY (SCALE 8-10)  8
DPTR FM NORMAL   249

[CDD (BASE 65) ]
TOTAL THIS MO.   109
DPTR FM NORMAL    -8    [PRESSURE DATA]
TOTAL FM JAN 1   270    HIGHEST SLP M ON M
DPTR FM NORMAL   -38    LOWEST  SLP 29.64 ON  6

[REMARKS]
