761
CXUS56 KSGX 191445
CF6CRQ
PRELIMINARY LOCAL CLIMATOLOGICAL DATA (WS FORM: F-6)

                                          STATION:   CARLSBAD PALOMAR AIRPORT CA
                                          MONTH:     SEPTEMBER
                                          YEAR:      2017
                                          LATITUDE:   33  7 N
                                          LONGITUDE: 117 17 W

  TEMPERATURE IN F:       :PCPN:    SNOW:  WIND      :SUNSHINE: SKY     :PK WND
================================================================================
1   2   3   4   5  6A  6B    7    8   9   10  11  12  13   14  15   16   17  18
                                     12Z  AVG MX 2MIN
DY MAX MIN AVG DEP HDD CDD  WTR  SNW DPTH SPD SPD DIR MIN PSBL S-S WX    SPD DR
================================================================================

 1  89  71  80  10   0  15 0.00  0.0    0  3.5 10 270   M    M   0        13 270
 2  91  71  81  11   0  16 0.00  0.0    0  5.1 13  90   M    M   0        16  70
 3  92  71  82  12   0  17    T  0.0    0  7.5 14  90   M    M   3        21  80
 4  75  69  72   2   0   7    T  0.0    0  4.5 13 220   M    M   5 1      15 220
 5  77  67  72   2   0   7 0.00  0.0    0  4.1 12 260   M    M   5 1      17 280
 6  77  68  73   3   0   8 0.00  0.0    0  3.5 14 250   M    M   4        18 260
 7  77  66  72   2   0   7 0.00  0.0    0  2.9 12 250   M    M   4 1      18 250
 8  74  68  71   1   0   6    T  0.0    0  4.0 13 250   M    M   6        16 270
 9  75  68  72   3   0   7 0.00  0.0    0  4.1 14 260   M    M   5        16 270
10  77  66  72   3   0   7 0.00  0.0    0  3.5 13 250   M    M   1 1      15 250
11  82  68  75   6   0  10 0.00  0.0    0  4.3 14 250   M    M   0 8      18 250
12  74  68  71   2   0   6 0.00  0.0    0  3.7 13 260   M    M   7 1      17 260
13  73  65  69   0   0   4 0.00  0.0    0  4.5 14 260   M    M   7        21 250
14  74  66  70   1   0   5 0.00  0.0    0  3.5 12 270   M    M   7        17 260
15  73  66  70   1   0   5 0.00  0.0    0  4.8 14 240   M    M   8        22 260
16  72  66  69   0   0   4 0.00  0.0    0  5.6 13 240   M    M   7        19 260
17  72  66  69   0   0   4 0.00  0.0    0  4.6 14 260   M    M   9        18 290
18  74  65  70   2   0   5 0.00  0.0    0  3.9 15 250   M    M   8        20 250
================================================================================
SM 1398 1215         0 140    T      0.0  77.6          M       86
================================================================================
AV 77.7 67.5                               4.3 FASTST   M    M   5    MAX(MPH)
                                 MISC ---->  # 15 250               # 22  260
================================================================================
NOTES:
# LAST OF SEVERAL OCCURRENCES

COLUMN 17 PEAK WIND IN M.P.H.

PRELIMINARY LOCAL CLIMATOLOGICAL DATA (WS FORM: F-6) , PAGE 2

                                          STATION:  CARLSBAD PALOMAR AIRPORT CA
                                          MONTH:    SEPTEMBER
                                          YEAR:     2017
                                          LATITUDE:   33  7 N
                                          LONGITUDE: 117 17 W

[TEMPERATURE DATA]      [PRECIPITATION DATA]       SYMBOLS USED IN COLUMN 16

AVERAGE MONTHLY: 72.6   TOTAL FOR MONTH:      T    1 = FOG OR MIST
DPTR FM NORMAL:   3.2   DPTR FM NORMAL:   -0.16    2 = FOG REDUCING VISIBILITY
HIGHEST:    92 ON  3    GRTST 24HR    T  ON  8- 8      TO 1/4 MILE OR LESS
LOWEST:     65 ON 18,13                            3 = THUNDER
                        SNOW, ICE PELLETS, HAIL    4 = ICE PELLETS
                        TOTAL MONTH:   0.0 INCH    5 = HAIL
                        GRTST 24HR     0.0         6 = FREEZING RAIN OR DRIZZLE
                        GRTST DEPTH:   0           7 = DUSTSTORM OR SANDSTORM:
                                                       VSBY 1/2 MILE OR LESS
                                                   8 = SMOKE OR HAZE
[NO. OF DAYS WITH]      [WEATHER - DAYS WITH]      9 = BLOWING SNOW
                                                   X = TORNADO
MAX 32 OR BELOW:   0    0.01 INCH OR MORE:   0
MAX 90 OR ABOVE:   2    0.10 INCH OR MORE:   0
MIN 32 OR BELOW:   0    0.50 INCH OR MORE:   0
MIN  0 OR BELOW:   0    1.00 INCH OR MORE:   0

[HDD (BASE 65) ]
TOTAL THIS MO.     0    CLEAR  (SCALE 0-3)   4
DPTR FM NORMAL     0    PTCLDY (SCALE 4-7)  12
TOTAL FM JUL 1     0    CLOUDY (SCALE 8-10)  2
DPTR FM NORMAL    -3

[CDD (BASE 65) ]
TOTAL THIS MO.   140
DPTR FM NORMAL    60    [PRESSURE DATA]
TOTAL FM JAN 1   604    HIGHEST SLP M ON M
DPTR FM NORMAL   218    LOWEST  SLP 29.72 ON  1

[REMARKS]
