041
CXUS56 KSGX 291545
CF6CRQ
PRELIMINARY LOCAL CLIMATOLOGICAL DATA (WS FORM: F-6)

                                          STATION:   CARLSBAD PALOMAR AIRPORT CA
                                          MONTH:     APRIL
                                          YEAR:      2016
                                          LATITUDE:   33  7 N
                                          LONGITUDE: 117 17 W

  TEMPERATURE IN F:       :PCPN:    SNOW:  WIND      :SUNSHINE: SKY     :PK WND
================================================================================
1   2   3   4   5  6A  6B    7    8   9   10  11  12  13   14  15   16   17  18
                                     12Z  AVG MX 2MIN
DY MAX MIN AVG DEP HDD CDD  WTR  SNW DPTH SPD SPD DIR MIN PSBL S-S WX    SPD DR
================================================================================

 1  65  53  59   1   6   0 0.00  0.0    0  4.6 13 250   M    M   2        17 240
 2  68  53  61   3   4   0 0.00  0.0    0  3.3 12 270   M    M   1 1      16 260
 3  64  53  59   1   6   0 0.00  0.0    0  2.8 10 260   M    M   4 128    15 270
 4  68  52  60   2   5   0 0.00  0.0    0  3.6 12 260   M    M   4 128    15 260
 5  74  53  64   6   1   0 0.00  0.0    0  2.8  9 260   M    M   0        12 240
 6  71  55  63   5   2   0 0.00  0.0    0  3.7 16 220   M    M   0        20 220
 7  65  59  62   4   3   0 0.22  0.0    0  2.4 10 260   M    M   8 18     12 260
 8  65  57  61   3   4   0 0.18  0.0    0  4.1 12 260   M    M   9 18     14 260
 9  67  57  62   4   3   0 0.01  0.0    0  3.9 15 220   M    M   7        17 220
10  66  57  62   4   3   0 0.18  0.0    0  4.2 16 220   M    M   6 1      20 200
11  66  55  61   2   4   0 0.00  0.0    0  3.4 12 250   M    M   1        16 260
12  66  56  61   2   4   0 0.00  0.0    0  5.3 14 260   M    M   4 8      20 240
13  65  58  62   3   3   0 0.00  0.0    0  4.1 12 250   M    M   6        18 230
14  66  58  62   3   3   0 0.00  0.0    0  5.9 14 260   M    M   5        20 250
15  68  55  62   3   3   0 0.00  0.0    0  5.1 13 270   M    M   5        19 280
16  80  52  66   7   0   1 0.00  0.0    0  4.9 16 250   M    M   0        22 260
17  83  55  69  10   0   4 0.00  0.0    0  3.9 14 260   M    M   0        18 270
18  81  60  71  12   0   6 0.00  0.0    0  3.5 13 260   M    M   0        16 270
19  82  61  72  12   0   7 0.00  0.0    0  3.5 12 260   M    M   0        16 260
20  78  58  68   8   0   3 0.00  0.0    0  3.8 12 280   M    M   0        16 310
21  72  56  64   4   1   0 0.00  0.0    0  4.0 13 260   M    M   1        19 250
22  68  59  64   4   1   0 0.00  0.0    0  4.5 15 250   M    M   4        21 250
23  67  56  62   2   3   0 0.00  0.0    0  4.2 15 250   M    M   1        19 250
24  69  55  62   2   3   0 0.00  0.0    0  7.0 18 230   M    M   3        23 230
25  62  56  59  -1   6   0 0.00  0.0    0  8.4 20 250   M    M  10        26 240
26  65  51  58  -2   7   0 0.00  0.0    0  5.6 14 260   M    M   3        19 230
27  65  54  60   0   5   0 0.00  0.0    0  8.0 18 260   M    M   5        23 260
28  64  55  60   0   5   0    T  0.0    0  7.8 15 240   M    M   7        20 220
================================================================================
SM 1940 1559        85  21  0.59     0.0 128.3          M       96
================================================================================
AV 69.3 55.7                               4.6 FASTST   M    M   3    MAX(MPH)
                                 MISC ---->  # 20 250               # 26  240
================================================================================
NOTES:
# LAST OF SEVERAL OCCURRENCES

COLUMN 17 PEAK WIND IN M.P.H.

PRELIMINARY LOCAL CLIMATOLOGICAL DATA (WS FORM: F-6) , PAGE 2

                                          STATION:  CARLSBAD PALOMAR AIRPORT CA
                                          MONTH:    APRIL
                                          YEAR:     2016
                                          LATITUDE:   33  7 N
                                          LONGITUDE: 117 17 W

[TEMPERATURE DATA]      [PRECIPITATION DATA]       SYMBOLS USED IN COLUMN 16

AVERAGE MONTHLY: 62.5   TOTAL FOR MONTH:   0.59    1 = FOG OR MIST
DPTR FM NORMAL:   3.5   DPTR FM NORMAL:   -0.41    2 = FOG REDUCING VISIBILITY
HIGHEST:    83 ON 17    GRTST 24HR  0.40 ON  7- 8      TO 1/4 MILE OR LESS
LOWEST:     51 ON 26                               3 = THUNDER
                        SNOW, ICE PELLETS, HAIL    4 = ICE PELLETS
                        TOTAL MONTH:   0.0 INCH    5 = HAIL
                        GRTST 24HR     0.0         6 = FREEZING RAIN OR DRIZZLE
                        GRTST DEPTH:   0           7 = DUSTSTORM OR SANDSTORM:
                                                       VSBY 1/2 MILE OR LESS
                                                   8 = SMOKE OR HAZE
[NO. OF DAYS WITH]      [WEATHER - DAYS WITH]      9 = BLOWING SNOW
                                                   X = TORNADO
MAX 32 OR BELOW:   0    0.01 INCH OR MORE:   4
MAX 90 OR ABOVE:   0    0.10 INCH OR MORE:   3
MIN 32 OR BELOW:   0    0.50 INCH OR MORE:   0
MIN  0 OR BELOW:   0    1.00 INCH OR MORE:   0

[HDD (BASE 65) ]
TOTAL THIS MO.    85    CLEAR  (SCALE 0-3)  13
DPTR FM NORMAL   -87    PTCLDY (SCALE 4-7)  13
TOTAL FM JUL 1  1058    CLOUDY (SCALE 8-10)  2
DPTR FM NORMAL  -462

[CDD (BASE 65) ]
TOTAL THIS MO.    21
DPTR FM NORMAL    21    [PRESSURE DATA]
TOTAL FM JAN 1    63    HIGHEST SLP M ON M
DPTR FM NORMAL    54    LOWEST  SLP 29.71 ON 28

[REMARKS]
