000
CXUS56 KSGX 231445
CF6CRQ
PRELIMINARY LOCAL CLIMATOLOGICAL DATA (WS FORM: F-6)

                                          STATION:   CARLSBAD PALOMAR AIRPORT CA
                                          MONTH:     OCTOBER
                                          YEAR:      2014
                                          LATITUDE:   33  7 N
                                          LONGITUDE: 117 17 W

  TEMPERATURE IN F:       :PCPN:    SNOW:  WIND      :SUNSHINE: SKY     :PK WND
================================================================================
1   2   3   4   5  6A  6B    7    8   9   10  11  12  13   14  15   16   17  18
                                     12Z  AVG MX 2MIN
DY MAX MIN AVG DEP HDD CDD  WTR  SNW DPTH SPD SPD DIR MIN PSBL S-S WX    SPD DR
================================================================================

 1  75  65  70   3   0   5 0.00  0.0    0  4.1 12 260   M    M   5 8      16 260
 2  88  62  75   8   0  10 0.00  0.0    0  2.9 10 260   M    M   0        14 260
 3  92  65  79  12   0  14 0.00  0.0    0  2.8 13 270   M    M   0        16 290
 4  89  64  77  10   0  12 0.00  0.0    0  2.7  9 240   M    M   0        12 240
 5  85  65  75   9   0  10 0.00  0.0    0  3.5 10 220   M    M   0        14 230
 6  86  63  75   9   0  10 0.00  0.0    0  2.1 12 250   M    M   0        14 250
 7  89  67  78  12   0  13 0.00  0.0    0  2.6 13 230   M    M   0        16 240
 8  77  62  70   4   0   5 0.00  0.0    0  4.1 12 250   M    M   2        18 240
 9  73  64  69   3   0   4 0.00  0.0    0  3.7 13 240   M    M   3        18 260
10  74  63  69   3   0   4 0.00  0.0    0  2.1 12 250   M    M   5 18     17 270
11  74  64  69   3   0   4 0.00  0.0    0  3.5  9 250   M    M   5 18     13 250
12  73  64  69   3   0   4 0.00  0.0    0  3.3 12 250   M    M   6 18     14 260
13  73  60  67   1   0   2 0.00  0.0    0  2.7 12 250   M    M   7 128    15 250
14  74  64  69   3   0   4 0.00  0.0    0  4.6 12 250   M    M   7 18     15 250
15  75  66  71   6   0   6    T  0.0    0  4.2 14 250   M    M   5        20 240
16  75  66  71   6   0   6 0.00  0.0    0  3.8 15 250   M    M   5        21 250
17  73  66  70   5   0   5 0.00  0.0    0  4.4 14 250   M    M   7        19 250
18  72  63  68   3   0   3 0.00  0.0    0  3.1 14 250   M    M   4        18 250
19  73  61  67   2   0   2 0.00  0.0    0  3.9 13 260   M    M   3        18 240
20  72  66  69   4   0   4 0.00  0.0    0  2.4 10 260   M    M   9        14 250
21  73  64  69   4   0   4 0.00  0.0    0  3.0 12 280   M    M   6 18     16 260
22  77  59  68   4   0   3 0.00  0.0    0  2.7 10 260   M    M   1 128    14 270
================================================================================
SM 1712 1403         0 134    T      0.0  72.2          M       80
================================================================================
AV 77.8 63.8                               3.3 FASTST   M    M   4    MAX(MPH)
                                 MISC ---->  # 15 250               # 21  250
================================================================================
NOTES:
# LAST OF SEVERAL OCCURRENCES

COLUMN 17 PEAK WIND IN M.P.H.

PRELIMINARY LOCAL CLIMATOLOGICAL DATA (WS FORM: F-6) , PAGE 2

                                          STATION:  CARLSBAD PALOMAR AIRPORT CA
                                          MONTH:    OCTOBER
                                          YEAR:     2014
                                          LATITUDE:   33  7 N
                                          LONGITUDE: 117 17 W

[TEMPERATURE DATA]      [PRECIPITATION DATA]       SYMBOLS USED IN COLUMN 16

AVERAGE MONTHLY: 70.8   TOTAL FOR MONTH:      T    1 = FOG OR MIST
DPTR FM NORMAL:   5.0   DPTR FM NORMAL:   -0.38    2 = FOG REDUCING VISIBILITY
HIGHEST:    92 ON  3    GRTST 24HR    T  ON 15-15      TO 1/4 MILE OR LESS
LOWEST:     59 ON 22                               3 = THUNDER
                        SNOW, ICE PELLETS, HAIL    4 = ICE PELLETS
                        TOTAL MONTH:   0.0 INCH    5 = HAIL
                        GRTST 24HR     0.0         6 = FREEZING RAIN OR DRIZZLE
                        GRTST DEPTH:   0           7 = DUSTSTORM OR SANDSTORM:
                                                       VSBY 1/2 MILE OR LESS
                                                   8 = SMOKE OR HAZE
[NO. OF DAYS WITH]      [WEATHER - DAYS WITH]      9 = BLOWING SNOW
                                                   X = TORNADO
MAX 32 OR BELOW:   0    0.01 INCH OR MORE:   0
MAX 90 OR ABOVE:   1    0.10 INCH OR MORE:   0
MIN 32 OR BELOW:   0    0.50 INCH OR MORE:   0
MIN  0 OR BELOW:   0    1.00 INCH OR MORE:   0

[HDD (BASE 65) ]
TOTAL THIS MO.     0    CLEAR  (SCALE 0-3)   9
DPTR FM NORMAL   -25    PTCLDY (SCALE 4-7)  12
TOTAL FM JUL 1     0    CLOUDY (SCALE 8-10)  1
DPTR FM NORMAL   -32

[CDD (BASE 65) ]
TOTAL THIS MO.   134
DPTR FM NORMAL    98    [PRESSURE DATA]
TOTAL FM JAN 1  1050    HIGHEST SLP M ON M
DPTR FM NORMAL   595    LOWEST  SLP 29.70 ON  1

[REMARKS]
