000
CXUS51 KRLX 011400
CF6CRW
PRELIMINARY LOCAL CLIMATOLOGICAL DATA (WS FORM: F-6)

                                          STATION:   CHARLESTON WV
                                          MONTH:     SEPTEMBER
                                          YEAR:      2014
                                          LATITUDE:   38 22 N
                                          LONGITUDE:  81 36 W

  TEMPERATURE IN F:       :PCPN:    SNOW:  WIND      :SUNSHINE: SKY     :PK WND
================================================================================
1   2   3   4   5  6A  6B    7    8   9   10  11  12  13   14  15   16   17  18
                                     12Z  AVG MX 2MIN
DY MAX MIN AVG DEP HDD CDD  WTR  SNW DPTH SPD SPD DIR MIN PSBL S-S WX    SPD DR
================================================================================

 1  87  71  79   7   0  14 0.01  0.0    0  5.9 18 230   M    M   7 138    31 240
 2  87  68  78   6   0  13 1.60  0.0    0  4.6 22 300   M    M   7 13     39 280
 3  84  66  75   3   0  10 0.00  0.0    0  1.3  7 180   M    M   6 12     10 220
 4  88  65  77   6   0  12    T  0.0    0  3.2 23 170   M    M   5 13     30 170
 5  88  66  77   6   0  12 0.00  0.0    0  2.0  9 190   M    M   4 1      13 220
 6  86  66  76   5   0  11 1.98  0.0    0  3.5 21 340   M    M   6 13     34 350
 7  73  61  67  -3   0   2 0.00  0.0    0  3.8 10  30   M    M   7        13  40
 8  80  63  72   2   0   7 0.00  0.0    0  5.2 13 130   M    M   8        18 150
 9  84  61  73   3   0   8 0.00  0.0    0  2.8  9 240   M    M   4 12     13 140
10  85  63  74   4   0   9 0.00  0.0    0  5.6 16 200   M    M   5 1      19 200
11  78  64  71   2   0   6 0.53  0.0    0  7.1 20 250   M    M   9 1      28 250
12  70  60  65  -4   0   0 0.02  0.0    0  4.4  7  40   M    M   9         M  M
13  69  53  61  -7   4   0 0.34  0.0    0  2.4  9 350   M    M   8 12      M  M
14  66  49  58 -10   7   0 0.00  0.0    0  2.0  5 160   M    M   7 12      M  M
15  73  50  62  -6   3   0    T  0.0    0  2.2  8 250   M    M   9 12      M  M
16  65  55  60  -7   5   0 0.01  0.0    0  2.5  7 360   M    M   9 12      M  M
17  71  54  63  -4   2   0 0.00  0.0    0  1.7  9 250   M    M   9 12     12 280
18  73  54  64  -3   1   0 0.00  0.0    0  1.5  9  50   M    M   7 12     12  30
19  79  49  64  -2   1   0    T  0.0    0  3.1 17 110   M    M   4 12     23 130
20  81  57  69   3   0   4 0.00  0.0    0  3.1 14 240   M    M   3 1      18 240
21  80  60  70   5   0   5    T  0.0    0  7.4 18 250   M    M   4 1      26 220
22  68  48  58  -7   7   0    T  0.0    0  2.9 15 310   M    M   6 2      22 330
23  72  44  58  -7   7   0 0.00  0.0    0  1.4  8  80   M    M   4 12     11  60
24  74  44  59  -5   6   0 0.00  0.0    0  2.0 12  80   M    M   5 12     16  80
25  80  51  66   2   0   1 0.00  0.0    0  1.6 10  40   M    M   2 1      15  80
26  81  51  66   3   0   1 0.00  0.0    0  1.0  7  40   M    M   4 1      10 320
27  81  54  68   5   0   3 0.00  0.0    0  1.7  8 200   M    M   5 1      12 170
28  73  52  63   0   2   0 0.00  0.0    0  0.5  8 250   M    M   7 1      11 260
29  78  60  69   7   0   4 0.00  0.0    0  2.4  9 250   M    M   7 1      12 230
30  82  58  70   8   0   5    T  0.0    0  3.2 10 240   M    M   6 12     13 250
================================================================================
SM 2336 1717        45 127  4.49     0.0  92.0          M      183
================================================================================
AV 77.9 57.2                               3.1 FASTST   M    M   6    MAX(MPH)
                                 MISC ---->  # 23 170               # 39  280
================================================================================
NOTES:
# LAST OF SEVERAL OCCURRENCES

COLUMN 17 PEAK WIND IN M.P.H.

PRELIMINARY LOCAL CLIMATOLOGICAL DATA (WS FORM: F-6) , PAGE 2

                                          STATION:  CHARLESTON WV
                                          MONTH:    SEPTEMBER
                                          YEAR:     2014
                                          LATITUDE:   38 22 N
                                          LONGITUDE:  81 36 W

[TEMPERATURE DATA]      [PRECIPITATION DATA]       SYMBOLS USED IN COLUMN 16

AVERAGE MONTHLY: 67.6   TOTAL FOR MONTH:   4.49    1 = FOG OR MIST
DPTR FM NORMAL:   0.2   DPTR FM NORMAL:    1.24    2 = FOG REDUCING VISIBILITY
HIGHEST:    88 ON  5, 4 GRTST 24HR  1.98 ON  6- 6      TO 1/4 MILE OR LESS
LOWEST:     44 ON 24,23                            3 = THUNDER
                        SNOW, ICE PELLETS, HAIL    4 = ICE PELLETS
                        TOTAL MONTH:   0.0 INCH    5 = HAIL
                        GRTST 24HR     0.0         6 = FREEZING RAIN OR DRIZZLE
                        GRTST DEPTH:   0           7 = DUSTSTORM OR SANDSTORM:
                                                       VSBY 1/2 MILE OR LESS
                                                   8 = SMOKE OR HAZE
[NO. OF DAYS WITH]      [WEATHER - DAYS WITH]      9 = BLOWING SNOW
                                                   X = TORNADO
MAX 32 OR BELOW:   0    0.01 INCH OR MORE:   7
MAX 90 OR ABOVE:   0    0.10 INCH OR MORE:   4
MIN 32 OR BELOW:   0    0.50 INCH OR MORE:   3
MIN  0 OR BELOW:   0    1.00 INCH OR MORE:   2

[HDD (BASE 65) ]
TOTAL THIS MO.    45    CLEAR  (SCALE 0-3)   2
DPTR FM NORMAL   -11    PTCLDY (SCALE 4-7)  23
TOTAL FM JUL 1    45    CLOUDY (SCALE 8-10)  5
DPTR FM NORMAL   -13

[CDD (BASE 65) ]
TOTAL THIS MO.   127
DPTR FM NORMAL     0    [PRESSURE DATA]
TOTAL FM JAN 1  1034    HIGHEST SLP 30.39 ON 24
DPTR FM NORMAL   -39    LOWEST  SLP 29.72 ON 21

[REMARKS]
#FINAL-09-14#
