000
CXUS54 KOUN 310800
CF6CSM
PRELIMINARY LOCAL CLIMATOLOGICAL DATA (WS FORM: F-6)

                                          STATION:   CLINTON
                                          MONTH:     AUGUST
                                          YEAR:      2015
                                          LATITUDE:   35 20 N
                                          LONGITUDE:  99 12 W

  TEMPERATURE IN F:       :PCPN:    SNOW:  WIND      :SUNSHINE: SKY     :PK WND
================================================================================
1   2   3   4   5  6A  6B    7    8   9   10  11  12  13   14  15   16   17  18
                                     12Z  AVG MX 2MIN
DY MAX MIN AVG DEP HDD CDD  WTR  SNW DPTH SPD SPD DIR MIN PSBL S-S WX    SPD DR
================================================================================

 1  92  72  82  -1   0  17 0.01  0.0    0  8.3 20 200   M    M   3        24 170
 2  97  72  85   2   0  20 0.00  0.0    0 12.3 22 160   M    M   1 3      27 180
 3  88  71  80  -3   0  15 0.19  0.0    0 11.4 28 160   M    M   5 3      33 160
 4  92  70  81  -2   0  16 0.58  0.0    0 12.1 21 190   M    M   3 13     25 190
 5 100  75  88   5   0  23 0.00  0.0    0  9.4 17 190   M    M   0        22 200
 6 106  75  91   8   0  26 0.00  0.0    0 12.7 25 190   M    M   0        30 190
 7 105  79  92   9   0  27 0.00  0.0    0 11.1 18 160   M    M   0        23 160
 8 103  76  90   7   0  25 0.00  0.0    0 15.3 24 180   M    M   0        31 180
 9 103  78  91   9   0  26 0.00  0.0    0 13.9 24 200   M    M   0        29 220
10  90  74  82   0   0  17 0.01  0.0    0 10.5 23  50   M    M   4        27  80
11  95  73  84   2   0  19 0.01  0.0    0  9.2 17  40   M    M   4 13     23  30
12  82  67  75  -7   0  10 0.52  0.0    0  7.3 15  20   M    M   3        17  20
13  96  70  83   1   0  18 0.00  0.0    0 10.3 20 170   M    M   1        25 160
14  91  71  81  -1   0  16 0.00  0.0    0 11.6 28 110   M    M   0        34 100
15  96  71  84   2   0  19 0.00  0.0    0  8.8 17 110   M    M   1        20 110
16  96  68  82   1   0  17 0.00  0.0    0 11.1 17 160   M    M   0        28 120
17  96  72  84   3   0  19 0.00  0.0    0  8.6 21 170   M    M   2        25 180
18 100  75  88   7   0  23    T  0.0    0 15.8 29 210   M    M   3 3      40 220
19  77  61  69 -12   0   4 0.37  0.0    0 13.4 31  20   M    M   4 13     37  20
20  82  58  70 -10   0   5 0.00  0.0    0 10.0 18 170   M    M   3        23 160
21  91  67  79  -1   0  14 0.00  0.0    0 15.6 25 150   M    M   5 18     31 150
22  98  71  85   5   0  20 0.00  0.0    0 18.6 28 170   M    M   0        33 190
23  81  63  72  -8   0   7 0.00  0.0    0 15.7 32  30   M    M   6 8      37  30
24  87  62  75  -5   0  10 0.00  0.0    0  6.3 13 110   M    M   3        16  50
25  93  65  79   0   0  14 0.00  0.0    0  7.8 15 130   M    M   1        19 130
26  95  69  82   3   0  17 0.00  0.0    0  9.7 16 190   M    M   0        21 180
27  99  73  86   7   0  21 0.00  0.0    0 14.9 28 160   M    M   0        33 160
28  91  73  82   3   0  17    T  0.0    0 11.4 23 160   M    M   4 3      29 160
29  92  68  80   2   0  15 0.00  0.0    0  8.7 18  40   M    M   0        22  30
30  93  62  78   0   0  13 0.00  0.0    0  5.5 12 150   M    M   0        17  40
================================================================================
SM 2807 2101         0 510  1.69     0.0 337.3          M       56
================================================================================
AV 93.6 70.0                              11.2 FASTST   M    M   2    MAX(MPH)
                                 MISC ---->  # 32  30               # 40  220
================================================================================
NOTES:
# LAST OF SEVERAL OCCURRENCES

COLUMN 17 PEAK WIND IN M.P.H.

PRELIMINARY LOCAL CLIMATOLOGICAL DATA (WS FORM: F-6) , PAGE 2

                                          STATION:  CLINTON
                                          MONTH:    AUGUST
                                          YEAR:     2015
                                          LATITUDE:   35 20 N
                                          LONGITUDE:  99 12 W

[TEMPERATURE DATA]      [PRECIPITATION DATA]       SYMBOLS USED IN COLUMN 16

AVERAGE MONTHLY: 81.8   TOTAL FOR MONTH:   1.69    1 = FOG OR MIST
DPTR FM NORMAL:   0.7   DPTR FM NORMAL:   -1.36    2 = FOG REDUCING VISIBILITY
HIGHEST:   106 ON  6    GRTST 24HR  0.58 ON  4- 4      TO 1/4 MILE OR LESS
LOWEST:     58 ON 20                               3 = THUNDER
                        SNOW, ICE PELLETS, HAIL    4 = ICE PELLETS
                        TOTAL MONTH:   0.0 INCH    5 = HAIL
                        GRTST 24HR     0.0         6 = FREEZING RAIN OR DRIZZLE
                        GRTST DEPTH:   0           7 = DUSTSTORM OR SANDSTORM:
                                                       VSBY 1/2 MILE OR LESS
                                                   8 = SMOKE OR HAZE
[NO. OF DAYS WITH]      [WEATHER - DAYS WITH]      9 = BLOWING SNOW
                                                   X = TORNADO
MAX 32 OR BELOW:   0    0.01 INCH OR MORE:   7
MAX 90 OR ABOVE:  24    0.10 INCH OR MORE:   4
MIN 32 OR BELOW:   0    0.50 INCH OR MORE:   2
MIN  0 OR BELOW:   0    1.00 INCH OR MORE:   0

[HDD (BASE 65) ]
TOTAL THIS MO.     0    CLEAR  (SCALE 0-3)  21
DPTR FM NORMAL     0    PTCLDY (SCALE 4-7)   9
TOTAL FM JUL 1     0    CLOUDY (SCALE 8-10)  0
DPTR FM NORMAL     0

[CDD (BASE 65) ]
TOTAL THIS MO.   510
DPTR FM NORMAL    25    [PRESSURE DATA]
TOTAL FM JAN 1  1701    HIGHEST SLP M ON M
DPTR FM NORMAL    77    LOWEST  SLP 29.62 ON 18

[REMARKS]
