000
CXUS55 KOHX 161010
CF6CSV
PRELIMINARY LOCAL CLIMATOLOGICAL DATA (WS FORM: F-6)

                                          STATION:   CROSSVILLE
                                          MONTH:     DECEMBER
                                          YEAR:      2017
                                          LATITUDE:   35 57 N
                                          LONGITUDE:  85  5 W

  TEMPERATURE IN F:       :PCPN:    SNOW:  WIND      :SUNSHINE: SKY     :PK WND
================================================================================
1   2   3   4   5  6A  6B    7    8   9   10  11  12  13   14  15   16   17  18
                                     12Z  AVG MX 2MIN
DY MAX MIN AVG DEP HDD CDD  WTR  SNW DPTH SPD SPD DIR MIN PSBL S-S WX    SPD DR
================================================================================

 1  58  39  49   7  16   0 0.00    M    M  3.5 12  40   M    M   5 128    14  40
 2  62  38  50   8  15   0 0.00    M    M  2.7 12 270   M    M   0 1      14 230
 3  62  33  48   6  17   0 0.00    M    M  2.5 10  40   M    M   0 1      13 360
 4  61  44  53  12  12   0 0.00    M    M  9.8 20 190   M    M   1        29 160
 5  56  32  44   3  21   0 0.90    M    M  8.1 20 280   M    M   7 1      30 170
 6  44  30  37  -4  28   0 0.00    M    M  3.6 10 270   M    M   0        12 260
 7  43  27  35  -5  30   0 0.00    M    M  5.7 15 280   M    M   2        19 310
 8  30  23  27 -13  38   0 0.00    M    M  5.4 10  20   M    M   8        14 330
 9  34  20  27 -13  38   0    T    M    M  9.2 22 270   M    M   7        27 280
10  40  18  29 -11  36   0 0.00    M    M  5.8 15 260   M    M   1        20 230
11  55  25  40   1  25   0 0.00    M    M  5.9 18 260   M    M   0        29 270
12  47  22  35  -4  30   0 0.00    M    M 12.0 23 280   M    M   5        33 330
13  42  16  29 -10  36   0 0.00    M    M  7.2 17 270   M    M   0        27 260
14  41  27  34  -4  31   0 0.00  0.0    0  5.7 16 270   M    M   4        20 270
15  33  23  28 -10  37   0 0.00    M    M  5.8 14 260   M    M   6 18     18 270
================================================================================
SM  708  417       410   0  0.90     0.0  92.9          M       46
================================================================================
AV 47.2 27.8                               6.2 FASTST   M    M   3    MAX(MPH)
                                 MISC ---->  # 23 280               # 33  330
================================================================================
NOTES:
# LAST OF SEVERAL OCCURRENCES

COLUMN 17 PEAK WIND IN M.P.H.

PRELIMINARY LOCAL CLIMATOLOGICAL DATA (WS FORM: F-6) , PAGE 2

                                          STATION:  CROSSVILLE
                                          MONTH:    DECEMBER
                                          YEAR:     2017
                                          LATITUDE:   35 57 N
                                          LONGITUDE:  85  5 W

[TEMPERATURE DATA]      [PRECIPITATION DATA]       SYMBOLS USED IN COLUMN 16

AVERAGE MONTHLY: 37.5   TOTAL FOR MONTH:   0.90    1 = FOG OR MIST
DPTR FM NORMAL:  -2.6   DPTR FM NORMAL:   -1.70    2 = FOG REDUCING VISIBILITY
HIGHEST:    62 ON  3, 2 GRTST 24HR  0.90 ON  5- 5      TO 1/4 MILE OR LESS
LOWEST:     16 ON 13                               3 = THUNDER
                        SNOW, ICE PELLETS, HAIL    4 = ICE PELLETS
                        TOTAL MONTH:   0.0 INCH    5 = HAIL
                        GRTST 24HR     0.0         6 = FREEZING RAIN OR DRIZZLE
                        GRTST DEPTH:   0           7 = DUSTSTORM OR SANDSTORM:
                                                       VSBY 1/2 MILE OR LESS
                                                   8 = SMOKE OR HAZE
[NO. OF DAYS WITH]      [WEATHER - DAYS WITH]      9 = BLOWING SNOW
                                                   X = TORNADO
MAX 32 OR BELOW:   1    0.01 INCH OR MORE:   1
MAX 90 OR ABOVE:   0    0.10 INCH OR MORE:   1
MIN 32 OR BELOW:  11    0.50 INCH OR MORE:   1
MIN  0 OR BELOW:   0    1.00 INCH OR MORE:   0

[HDD (BASE 65) ]
TOTAL THIS MO.   410    CLEAR  (SCALE 0-3)   8
DPTR FM NORMAL    36    PTCLDY (SCALE 4-7)   7
TOTAL FM JUL 1  1210    CLOUDY (SCALE 8-10)  0
DPTR FM NORMAL   -10

[CDD (BASE 65) ]
TOTAL THIS MO.     0
DPTR FM NORMAL     0    [PRESSURE DATA]
TOTAL FM JAN 1   883    HIGHEST SLP M ON M
DPTR FM NORMAL  -106    LOWEST  SLP 29.74 ON 13

[REMARKS]
