000
CXUS56 KTFX 291205
CF6CTB
PRELIMINARY LOCAL CLIMATOLOGICAL DATA (WS FORM: F-6)

                                          STATION:   CUT BANK MT
                                          MONTH:     MARCH
                                          YEAR:      2015
                                          LATITUDE:   48 37 N
                                          LONGITUDE: 112 23 W

  TEMPERATURE IN F:       :PCPN:    SNOW:  WIND      :SUNSHINE: SKY     :PK WND
================================================================================
1   2   3   4   5  6A  6B    7    8   9   10  11  12  13   14  15   16   17  18
                                     12Z  AVG MX 2MIN
DY MAX MIN AVG DEP HDD CDD  WTR  SNW DPTH SPD SPD DIR MIN PSBL S-S WX    SPD DR
================================================================================

 1  37   6  22  -5  43   0 0.00    M    T  6.6 17 190   M    M   2        20 190
 2  29   4  17 -10  48   0    T    M    T 17.9 38  10   M    M   8 128    45  10
 3  19  -5   7 -20  58   0 0.00    M    T  8.8 18 360   M    M   3        22 340
 4  37  -2  18 -10  47   0 0.00    M    T 13.6 29 260   M    M   0        37 250
 5  48  28  38  10  27   0 0.00    M    T 25.3 35 260   M    M   1        43 260
 6  54  30  42  14  23   0 0.00    M    0 19.6 36 280   M    M   0        42 270
 7  54  23  39  11  26   0 0.00    M    0  8.7 25 290   M    M   5        30 300
 8  53  23  38   9  27   0 0.00    M    0 14.3 31 260   M    M   0        39 260
 9  57  38  48  19  17   0 0.00    M    0 23.0 41 260   M    M   0        47 250
10  63  33  48  18  17   0 0.00    M    0 14.0 30 240   M    M   0        37 240
11  58  40  49  19  16   0 0.00    M    0 13.1 35 260   M    M   0        39 260
12  59  39  49  19  16   0 0.00    M    0 20.7 33 290   M    M   0        44 250
13  66  29  48  18  17   0 0.00    M    0  9.3 21 270   M    M   0        23 270
14  64  37  51  20  14   0 0.00    M    0 22.0 52 240   M    M   0        65 240
15  58  30  44  13  21   0 0.04    M    0 16.7 46 250   M    M   3 1      58 250
16  33  26  30  -2  35   0 0.01    M    1  8.8 25 350   M    M   9 1      29 360
17  32  28  30  -2  35   0 0.14    M    T  6.5 13 140   M    M  10 1      15 130
18  47  28  38   6  27   0 0.06    M    2  9.9 26 270   M    M   6 12     30 270
19  55  32  44  12  21   0 0.00    M    0 17.9 32 250   M    M   0        42 250
20  62  34  48  15  17   0 0.00    M    0 11.6 26 270   M    M   2        33 260
21  64  37  51  18  14   0 0.00    M    0 19.6 51 250   M    M   0        58 250
22  56  30  43   9  22   0 0.00    M    0 11.5 33 260   M    M   2 8      41 260
23  43  27  35   1  30   0    T    M    0  5.8 21 340   M    M   6 18     24 340
24  35  21  28  -6  37   0    T    M    0 10.7 20 280   M    M   8 12     24 290
25  47  18  33  -1  32   0    T    M    T 15.4 35 250   M    M   3 12     40 250
26  64  36  50  15  15   0 0.00    M    0 20.6 35 270   M    M   1        41 270
27  67  46  57  22   8   0 0.00    M    0 20.9 35 260   M    M   0        41 260
28  55  39  47  11  18   0    T    M    0 24.2 56 250   M    M   5        66 260
================================================================================
SM 1416  755       728   0  0.25    M    417.0          M       74
================================================================================
AV 50.6 27.0                              14.9 FASTST   M    M   3    MAX(MPH)
                                 MISC ---->  # 56 250               # 66  260
================================================================================
NOTES:
# LAST OF SEVERAL OCCURRENCES

COLUMN 17 PEAK WIND IN M.P.H.

PRELIMINARY LOCAL CLIMATOLOGICAL DATA (WS FORM: F-6) , PAGE 2

                                          STATION:  CUT BANK MT
                                          MONTH:    MARCH
                                          YEAR:     2015
                                          LATITUDE:   48 37 N
                                          LONGITUDE: 112 23 W

[TEMPERATURE DATA]      [PRECIPITATION DATA]       SYMBOLS USED IN COLUMN 16

AVERAGE MONTHLY: 38.8   TOTAL FOR MONTH:   0.25    1 = FOG OR MIST
DPTR FM NORMAL:   7.7   DPTR FM NORMAL:   -0.19    2 = FOG REDUCING VISIBILITY
HIGHEST:    67 ON 27    GRTST 24HR  0.14 ON 17-17      TO 1/4 MILE OR LESS
LOWEST:     -5 ON  3                               3 = THUNDER
                        SNOW, ICE PELLETS, HAIL    4 = ICE PELLETS
                        TOTAL MONTH:    M          5 = HAIL
                        GRTST 24HR    M  ON   M    6 = FREEZING RAIN OR DRIZZLE
                        GRTST DEPTH:   2 ON 18     7 = DUSTSTORM OR SANDSTORM:
                                                       VSBY 1/2 MILE OR LESS
                                                   8 = SMOKE OR HAZE
[NO. OF DAYS WITH]      [WEATHER - DAYS WITH]      9 = BLOWING SNOW
                                                   X = TORNADO
MAX 32 OR BELOW:   3    0.01 INCH OR MORE:   4
MAX 90 OR ABOVE:   0    0.10 INCH OR MORE:   1
MIN 32 OR BELOW:  18    0.50 INCH OR MORE:   0
MIN  0 OR BELOW:   2    1.00 INCH OR MORE:   0

[HDD (BASE 65) ]
TOTAL THIS MO.   728    CLEAR  (SCALE 0-3)  20
DPTR FM NORMAL  -227    PTCLDY (SCALE 4-7)   5
TOTAL FM JUL 1  6390    CLOUDY (SCALE 8-10)  3
DPTR FM NORMAL  -625

[CDD (BASE 65) ]
TOTAL THIS MO.     0
DPTR FM NORMAL     0    [PRESSURE DATA]
TOTAL FM JAN 1     0    HIGHEST SLP M ON M
DPTR FM NORMAL     0    LOWEST  SLP 29.69 ON 28

[REMARKS]
