000
CXUS52 KTAE 210800
CF6CTY
PRELIMINARY LOCAL CLIMATOLOGICAL DATA (WS FORM: F-6)

                                          STATION:   CROSS CITY
                                          MONTH:     FEBRUARY
                                          YEAR:      2017
                                          LATITUDE:   29 37 N
                                          LONGITUDE:  83  6 W

  TEMPERATURE IN F:       :PCPN:    SNOW:  WIND      :SUNSHINE: SKY     :PK WND
================================================================================
1   2   3   4   5  6A  6B    7    8   9   10  11  12  13   14  15   16   17  18
                                     12Z  AVG MX 2MIN
DY MAX MIN AVG DEP HDD CDD  WTR  SNW DPTH SPD SPD DIR MIN PSBL S-S WX    SPD DR
================================================================================

 1  73  43  58   3   7   0 0.00  0.0    0  3.7 13 240   M    M   4 2       M  M
 2  75  39  57   2   8   0 0.00  0.0    0  2.2  9 320   M    M   1 1       M  M
 3  77  45  61   6   4   0 0.00  0.0    0  3.9 14 270   M    M   6 12      M  M
 4  64  52  58   3   7   0 0.00  0.0    0  7.4 14  60   M    M   9 2       M  M
 5  70  46  58   2   7   0 0.00  0.0    0  3.7  8 360   M    M   5 12      M  M
 6  79  45  62   6   3   0 0.00  0.0    0  2.0 10 220   M    M   2 12      M  M
 7  79  46  63   7   2   0 0.81  0.0    0  7.8 20 210   M    M   5 13     25 210
 8  73  57  65   9   0   0 0.03  0.0    0  8.2 16 230   M    M   9        25 230
 9  75  52  64   8   1   0 0.00  0.0    0 12.4 20 260   M    M   3        28 270
10  70  37  54  -2  11   0 0.00  0.0    0  4.4  9  40   M    M   0         M  M
11  75  39  57   1   8   0 0.00  0.0    0  4.6 15 230   M    M   1 12     17 190
12  75  52  64   8   1   0 0.00  0.0    0  5.0 13 240   M    M   8 12      M  M
13  81  55  68  11   0   3 0.00  0.0    0  5.5 10  40   M    M   4 1       M  M
14  77  50  64   7   1   0 0.00  0.0    0  5.3 14 220   M    M   6 1       M  M
15  77  57  67  10   0   2 0.00  0.0    0 15.1 25 230   M    M   8 1      35 230
16  68  37  53  -4  12   0 0.00  0.0    0  5.8 12 350   M    M   0         M  M
17  73  30  52  -5  13   0 0.00  0.0    0  2.1 10 260   M    M   0         M  M
18  70  43  57   0   8   0 0.16    M    0  3.0 10 220   M    M   4 1       M  M
19  81  55  68  10   0   3 0.00  0.0    0  4.3  9  10   M    M   5 12      M  M
20  82  48  65   7   0   0 0.00  0.0    0  2.7  8 260   M    M   3 12      M  M
================================================================================
SM 1494  928        93   8  1.00     0.0 109.1          M       83
================================================================================
AV 74.7 46.4                               5.5 FASTST   M    M   4    MAX(MPH)
                                 MISC ---->    25   M               # 35  230
================================================================================
NOTES:
# LAST OF SEVERAL OCCURRENCES

COLUMN 17 PEAK WIND IN M.P.H.

PRELIMINARY LOCAL CLIMATOLOGICAL DATA (WS FORM: F-6) , PAGE 2

                                          STATION:  CROSS CITY
                                          MONTH:    FEBRUARY
                                          YEAR:     2017
                                          LATITUDE:   29 37 N
                                          LONGITUDE:  83  6 W

[TEMPERATURE DATA]      [PRECIPITATION DATA]       SYMBOLS USED IN COLUMN 16

AVERAGE MONTHLY: 60.6   TOTAL FOR MONTH:   1.00    1 = FOG OR MIST
DPTR FM NORMAL:   4.2   DPTR FM NORMAL:   -1.04    2 = FOG REDUCING VISIBILITY
HIGHEST:    82 ON 20    GRTST 24HR  0.81 ON  7- 7      TO 1/4 MILE OR LESS
LOWEST:     30 ON 17                               3 = THUNDER
                        SNOW, ICE PELLETS, HAIL    4 = ICE PELLETS
                        TOTAL MONTH:   0.0 INCH    5 = HAIL
                        GRTST 24HR     0.0         6 = FREEZING RAIN OR DRIZZLE
                        GRTST DEPTH:   0           7 = DUSTSTORM OR SANDSTORM:
                                                       VSBY 1/2 MILE OR LESS
                                                   8 = SMOKE OR HAZE
[NO. OF DAYS WITH]      [WEATHER - DAYS WITH]      9 = BLOWING SNOW
                                                   X = TORNADO
MAX 32 OR BELOW:   0    0.01 INCH OR MORE:   3
MAX 90 OR ABOVE:   0    0.10 INCH OR MORE:   2
MIN 32 OR BELOW:   1    0.50 INCH OR MORE:   1
MIN  0 OR BELOW:   0    1.00 INCH OR MORE:   0

[HDD (BASE 65) ]
TOTAL THIS MO.    93    CLEAR  (SCALE 0-3)   6
DPTR FM NORMAL   -90    PTCLDY (SCALE 4-7)  11
TOTAL FM JUL 1   591    CLOUDY (SCALE 8-10)  3
DPTR FM NORMAL  -470

[CDD (BASE 65) ]
TOTAL THIS MO.     8
DPTR FM NORMAL    -6    [PRESSURE DATA]
TOTAL FM JAN 1    42    HIGHEST SLP M ON M
DPTR FM NORMAL    17    LOWEST  SLP 29.67 ON 15

[REMARKS]
