000
CXUS53 KUNR 160945
CF6CUT
PRELIMINARY LOCAL CLIMATOLOGICAL DATA (WS FORM: F-6)

                                          STATION:   CUSTER COUNTY AIRPORT SD
                                          MONTH:     AUGUST
                                          YEAR:      2017
                                          LATITUDE:   43 43 N
                                          LONGITUDE: 103 37 W

  TEMPERATURE IN F:       :PCPN:    SNOW:  WIND      :SUNSHINE: SKY     :PK WND
================================================================================
1   2   3   4   5  6A  6B    7    8   9   10  11  12  13   14  15   16   17  18
                                     12Z  AVG MX 2MIN
DY MAX MIN AVG DEP HDD CDD  WTR  SNW DPTH SPD SPD DIR MIN PSBL S-S WX    SPD DR
================================================================================

 1  79  54  67   1   0   2 1.00    M    M 10.2 31  80   M    M   2 13     40 270
 2  73  49  61  -5   4   0    T    M    M  7.4 18  80   M    M   4 1      27  70
 3  63  42  53 -13  12   0 0.00    M    M  5.4 17  80   M    M   4        24  80
 4  77  41  59  -7   6   0 0.00    M    M  4.7 13 200   M    M   1        18 170
 5  66  52  59  -7   6   0 0.06    M    M  5.4 20  70   M    M   5 3      25  70
 6  67  51  59  -6   6   0 0.00    M    M  7.7 22  70   M    M   7        26  80
 7  67  47  57  -8   8   0    T    M    M  3.8 17  80   M    M   5 1      23  80
 8  75  46  61  -4   4   0    T    M    M  4.6 15  80   M    M   2        18  80
 9  75  50  63  -2   2   0 0.00    M    M  7.1 18 280   M    M   1        23 270
10  64  45  55 -10  10   0 0.00    M    M  4.0 12 200   M    M   3        33 150
11  75  45  60  -5   5   0 0.28    M    M  5.9 16 360   M    M   1 3      24  30
12  74  47  61  -4   4   0 0.00    M    M  7.7 20  80   M    M   1 3      26  80
13  73  48  61  -4   4   0 0.00    M    M  7.4 22  90   M    M   1        26  90
14  75  48  62  -2   3   0 0.70    M    M  6.3 25  70   M    M   1 13     31  80
15  69  55  62  -2   3   0 0.01    M    M  6.9 15  90   M    M   7        23 190
================================================================================
SM 1072  720        77   2  2.05    M     94.5          M       45
================================================================================
AV 71.5 48.0                               6.3 FASTST   M    M   3    MAX(MPH)
                                 MISC ---->  # 31  80               # 40  270
================================================================================
NOTES:
# LAST OF SEVERAL OCCURRENCES

COLUMN 17 PEAK WIND IN M.P.H.

PRELIMINARY LOCAL CLIMATOLOGICAL DATA (WS FORM: F-6) , PAGE 2

                                          STATION:  CUSTER COUNTY AIRPORT SD
                                          MONTH:    AUGUST
                                          YEAR:     2017
                                          LATITUDE:   43 43 N
                                          LONGITUDE: 103 37 W

[TEMPERATURE DATA]      [PRECIPITATION DATA]       SYMBOLS USED IN COLUMN 16

AVERAGE MONTHLY: 59.7   TOTAL FOR MONTH:   2.05    1 = FOG OR MIST
DPTR FM NORMAL:  -5.5   DPTR FM NORMAL:    1.02    2 = FOG REDUCING VISIBILITY
HIGHEST:    79 ON  1    GRTST 24HR  1.00 ON  1- 1      TO 1/4 MILE OR LESS
LOWEST:     41 ON  4                               3 = THUNDER
                        SNOW, ICE PELLETS, HAIL    4 = ICE PELLETS
                        TOTAL MONTH:    M          5 = HAIL
                        GRTST 24HR    M  ON   M    6 = FREEZING RAIN OR DRIZZLE
                        GRTST DEPTH:  M  ON   M    7 = DUSTSTORM OR SANDSTORM:
                                                       VSBY 1/2 MILE OR LESS
                                                   8 = SMOKE OR HAZE
[NO. OF DAYS WITH]      [WEATHER - DAYS WITH]      9 = BLOWING SNOW
                                                   X = TORNADO
MAX 32 OR BELOW:   0    0.01 INCH OR MORE:   5
MAX 90 OR ABOVE:   0    0.10 INCH OR MORE:   3
MIN 32 OR BELOW:   0    0.50 INCH OR MORE:   2
MIN  0 OR BELOW:   0    1.00 INCH OR MORE:   1

[HDD (BASE 65) ]
TOTAL THIS MO.    77    CLEAR  (SCALE 0-3)   9
DPTR FM NORMAL    44    PTCLDY (SCALE 4-7)   6
TOTAL FM JUL 1    85    CLOUDY (SCALE 8-10)  0
DPTR FM NORMAL    -9

[CDD (BASE 65) ]
TOTAL THIS MO.     2
DPTR FM NORMAL   -28    [PRESSURE DATA]
TOTAL FM JAN 1   190    HIGHEST SLP M ON M
DPTR FM NORMAL    53    LOWEST  SLP 29.44 ON 14

[REMARKS]
