000
CXUS51 KILN 280537
CF6CVG
PRELIMINARY LOCAL CLIMATOLOGICAL DATA (WS FORM: F-6)

                                          STATION:   CINCINNATI OH
                                          MONTH:     FEBRUARY
                                          YEAR:      2015
                                          LATITUDE:   39  2 N
                                          LONGITUDE:  84 40 W

  TEMPERATURE IN F:       :PCPN:    SNOW:  WIND      :SUNSHINE: SKY     :PK WND
================================================================================
1   2   3   4   5  6A  6B    7    8   9   10  11  12  13   14  15   16   17  18
                                     12Z  AVG MX 2MIN
DY MAX MIN AVG DEP HDD CDD  WTR  SNW DPTH SPD SPD DIR MIN PSBL S-S WX    SPD DR
================================================================================

 1  47  33  40   8  25   0 0.28  0.0    0 11.5 21 270   M    M  10 1      29 170
 2  42  20  31  -1  34   0    T  0.2    T 13.6 26 310   M    M   9 18     31 310
 3  36  19  28  -4  37   0 0.00  0.0    0  8.2 16 200   M    M   7        21 190
 4  48  25  37   5  28   0 0.07  0.9    0 11.4 24 350   M    M   7 1      30 330
 5  25  11  18 -14  47   0    T    T    1  8.1  5 220   M    M   3 8       6 220
 6  34   9  22 -10  43   0 0.00  0.0    1  6.6 14 230   M    M   6        20 240
 7  57  27  42   9  23   0 0.00  0.0    0 11.1 21 190   M    M   5        28 190
 8  59  47  53  20  12   0 0.01  0.0    0 11.1 23 210   M    M   8 1      32 210
 9  51  26  39   6  26   0 0.01    T    0 13.6 20  10   M    M   9 18     24 360
10  35  23  29  -4  36   0 0.00  0.0    0  8.3 18  20   M    M   7 18     21  20
11  46  23  35   2  30   0    T  0.0    0  8.5 21 280   M    M   9 18     26 290
12  32  20  26  -8  39   0 0.01  0.3    0 16.1 29 340   M    M  10 8      35 340
13  31  11  21 -13  44   0    T  0.4    T  6.5 15 190   M    M   7        21 210
14  35  10  23 -11  42   0    T  0.1    0 19.6 43 290   M    M  10 8      53 280
15  20   6  13 -21  52   0 0.00  0.0    0  9.2 18 350   M    M   4        24 360
16  13   4   9 -26  56   0 0.38  6.3    T 10.1 15  50   M    M  10 8      17  50
17  24  -7   9 -26  56   0 0.00  0.0    6  5.0 14 230   M    M   5 18     20 230
18  19   3  11 -24  54   0 0.19  4.5    8 14.9 26 300   M    M   8 1289   33 300
19   6  -6   0 -35  65   0 0.00  0.0    7  9.9 20 280   M    M   4 8      26 320
20  22 -12   5 -31  60   0 0.00  0.0    6  8.9 17 180   M    M   5 18     21 150
21  34  22  28  -8  37   0 0.85  5.9   10  6.6 14 150   M    M  10 1246   20 160
22  33  19  26 -10  39   0 0.00  0.0    7  6.8 15 330   M    M   9 18     21 340
23  22   4  13 -23  52   0 0.00  0.0    5 10.4 23 360   M    M   5        26  10
24  28  -7  11 -26  54   0 0.00  0.0    5  7.8 18 210   M    M   4 1      25 210
25  36  14  25 -12  40   0 0.00  0.0    4  5.3 15  40   M    M   8        21  30
26  28  11  20 -17  45   0    T    T    4 10.9 17 360   M    M   8        24  10
27  24   4  14 -24  51   0    T    T    4  4.6 13 330   M    M   5 8      15 320
================================================================================
SM  887  359      1127   0  1.80    18.6 264.6          M      192
================================================================================
AV 32.9 13.3                               9.8 FASTST   M    M   7    MAX(MPH)
                                 MISC ---->  # 43 290               # 53  280
================================================================================
NOTES:
# LAST OF SEVERAL OCCURRENCES

COLUMN 17 PEAK WIND IN M.P.H.

PRELIMINARY LOCAL CLIMATOLOGICAL DATA (WS FORM: F-6) , PAGE 2

                                          STATION:  CINCINNATI OH
                                          MONTH:    FEBRUARY
                                          YEAR:     2015
                                          LATITUDE:   39  2 N
                                          LONGITUDE:  84 40 W

[TEMPERATURE DATA]      [PRECIPITATION DATA]       SYMBOLS USED IN COLUMN 16

AVERAGE MONTHLY: 23.1   TOTAL FOR MONTH:   1.80    1 = FOG OR MIST
DPTR FM NORMAL: -11.2   DPTR FM NORMAL:   -0.91    2 = FOG REDUCING VISIBILITY
HIGHEST:    59 ON  8    GRTST 24HR  0.85 ON 21-21      TO 1/4 MILE OR LESS
LOWEST:    -12 ON 20                               3 = THUNDER
                        SNOW, ICE PELLETS, HAIL    4 = ICE PELLETS
                        TOTAL MONTH:  18.6 INCHES  5 = HAIL
                        GRTST 24HR   6.3 ON   M    6 = FREEZING RAIN OR DRIZZLE
                        GRTST DEPTH:  10 ON 21     7 = DUSTSTORM OR SANDSTORM:
                                                       VSBY 1/2 MILE OR LESS
                                                   8 = SMOKE OR HAZE
[NO. OF DAYS WITH]      [WEATHER - DAYS WITH]      9 = BLOWING SNOW
                                                   X = TORNADO
MAX 32 OR BELOW:  13    0.01 INCH OR MORE:   8
MAX 90 OR ABOVE:   0    0.10 INCH OR MORE:   4
MIN 32 OR BELOW:  25    0.50 INCH OR MORE:   1
MIN  0 OR BELOW:   4    1.00 INCH OR MORE:   0

[HDD (BASE 65) ]
TOTAL THIS MO.  1127    CLEAR  (SCALE 0-3)   1
DPTR FM NORMAL   299    PTCLDY (SCALE 4-7)  15
TOTAL FM JUL 1  4182    CLOUDY (SCALE 8-10) 11
DPTR FM NORMAL   382

[CDD (BASE 65) ]
TOTAL THIS MO.     0
DPTR FM NORMAL     0    [PRESSURE DATA]
TOTAL FM JAN 1     0    HIGHEST SLP 30.69 ON 27
DPTR FM NORMAL     0    LOWEST  SLP 29.52 ON  1

[REMARKS]
