000
CXUS52 KCHS 230715
CF6CXM
PRELIMINARY LOCAL CLIMATOLOGICAL DATA (WS FORM: F-6)

                                          STATION:   DOWNTOWN CHARLESTON SC
                                          MONTH:     NOVEMBER
                                          YEAR:      2017
                                          LATITUDE:   32 46 N
                                          LONGITUDE:  79 56 W

  TEMPERATURE IN F:       :PCPN:    SNOW:  WIND      :SUNSHINE: SKY     :PK WND
================================================================================
1   2   3   4   5  6A  6B    7    8   9   10  11  12  13   14  15   16   17  18
                                     12Z  AVG MX 2MIN
DY MAX MIN AVG DEP HDD CDD  WTR  SNW DPTH SPD SPD DIR MIN PSBL S-S WX    SPD DR
================================================================================

 1  71  58  65   1   0   0 0.00    M    M  3.9  9  60   M    M   M        10  60
 2  78  64  71   7   0   6 0.00    M    M  3.4  9 130   M    M   M        10 130
 3  78  63  71   7   0   6 0.00    M    M  3.5 10  20   M    M   M        12  10
 4  77  64  71   7   0   6 0.00    M    M  5.4 14  80   M    M   M        18  80
 5  73  65  69   6   0   4 0.00    M    M  6.8 13 120   M    M   M        15  20
 6  75  65  70   7   0   5 0.00    M    M  3.6  7 190   M    M   M         8 190
 7  79  65  72   9   0   7 0.00    M    M  4.6  9 190   M    M   M        11 200
 8  71  54  63   0   2   0 0.00    M    M  7.3 14  80   M    M   M        18  10
 9  55  53  54  -8  11   0 0.38    M    M  8.4 15  20   M    M   M        20  20
10  65  51  58  -4   7   0 0.00    M    M 10.6 17  10   M    M   M        22  10
11  58  46  52 -10  13   0 0.00    M    M 15.0 22  20   M    M   M        28  30
12  67  46  57  -4   8   0 0.00    M    M  9.8 16  80   M    M   M        22  70
13  63  53  58  -3   7   0 0.00    M    M  8.8 14  10   M    M   M        17 350
14  60  49  55  -6  10   0 0.00    M    M 12.6 17  20   M    M   M        22  20
15  61  46  54  -7  11   0 0.00    M    M  9.3 18  10   M    M   M        22  20
16   M   M   M   M   M   M    M    M    M   M   M   M   M    M   M         M  M
17   M   M   M   M   M   M    M    M    M   M   M   M   M    M   M         M  M
18   M   M   M   M   M   M    M    M    M   M   M   M   M    M   M         M  M
19   M   M   M   M   M   M    M    M    M   M   M   M   M    M   M         M  M
20   M   M   M   M   M   M    M    M    M   M   M   M   M    M   M         M  M
21   M   M   M   M   M   M    M    M    M   M   M   M   M    M   M         M  M
22   M   M   M   M   M   M    M    M    M   M   M   M   M    M   M         M  M
================================================================================
SM 1031  842        69  34  0.38    M    113.0          M        M
================================================================================
AV 68.7 56.1                               7.5 FASTST   M    M   4    MAX(MPH)
                                 MISC ---->  # 22  20               # 28   30
================================================================================
NOTES:
# LAST OF SEVERAL OCCURRENCES

COLUMN 17 PEAK WIND IN M.P.H.

PRELIMINARY LOCAL CLIMATOLOGICAL DATA (WS FORM: F-6) , PAGE 2

                                          STATION:  DOWNTOWN CHARLESTON SC
                                          MONTH:    NOVEMBER
                                          YEAR:     2017
                                          LATITUDE:   32 46 N
                                          LONGITUDE:  79 56 W

[TEMPERATURE DATA]      [PRECIPITATION DATA]       SYMBOLS USED IN COLUMN 16

AVERAGE MONTHLY: 62.4   TOTAL FOR MONTH:   0.38    1 = FOG OR MIST
DPTR FM NORMAL:   0.8   DPTR FM NORMAL:   -1.23    2 = FOG REDUCING VISIBILITY
HIGHEST:    79 ON  7    GRTST 24HR  0.38 ON  9- 9      TO 1/4 MILE OR LESS
LOWEST:     46 ON 15,12                            3 = THUNDER
                        SNOW, ICE PELLETS, HAIL    4 = ICE PELLETS
                        TOTAL MONTH:    M          5 = HAIL
                        GRTST 24HR    M  ON   M    6 = FREEZING RAIN OR DRIZZLE
                        GRTST DEPTH:  M  ON   M    7 = DUSTSTORM OR SANDSTORM:
                                                       VSBY 1/2 MILE OR LESS
                                                   8 = SMOKE OR HAZE
[NO. OF DAYS WITH]      [WEATHER - DAYS WITH]      9 = BLOWING SNOW
                                                   X = TORNADO
MAX 32 OR BELOW:   0    0.01 INCH OR MORE:   1
MAX 90 OR ABOVE:   0    0.10 INCH OR MORE:   1
MIN 32 OR BELOW:   0    0.50 INCH OR MORE:   0
MIN  0 OR BELOW:   0    1.00 INCH OR MORE:   0

[HDD (BASE 65) ]
TOTAL THIS MO.    69    CLEAR  (SCALE 0-3)   0
DPTR FM NORMAL   -39    PTCLDY (SCALE 4-7)   0
TOTAL FM JUL 1   107    CLOUDY (SCALE 8-10)  0
DPTR FM NORMAL   -42

[CDD (BASE 65) ]
TOTAL THIS MO.    34
DPTR FM NORMAL     2    [PRESSURE DATA]
TOTAL FM JAN 1  2694    HIGHEST SLP M ON M
DPTR FM NORMAL   329    LOWEST  SLP 29.84 ON 16

[REMARKS]
