000
CXUS55 KVEF 300940
CF6DAG
PRELIMINARY LOCAL CLIMATOLOGICAL DATA (WS FORM: F-6)

                                          STATION:   BARSTOW-DAGGETT CA
                                          MONTH:     OCTOBER
                                          YEAR:      2014
                                          LATITUDE:   34 51 N
                                          LONGITUDE: 116 47 W

  TEMPERATURE IN F:       :PCPN:    SNOW:  WIND      :SUNSHINE: SKY     :PK WND
================================================================================
1   2   3   4   5  6A  6B    7    8   9   10  11  12  13   14  15   16   17  18
                                     12Z  AVG MX 2MIN
DY MAX MIN AVG DEP HDD CDD  WTR  SNW DPTH SPD SPD DIR MIN PSBL S-S WX    SPD DR
================================================================================

 1  89  61  75   1   0  10 0.00  0.0    0  8.1 16  20   M    M   0        21  10
 2  87  56  72  -2   0   7 0.00  0.0    0  4.8 13  50   M    M   0        31  90
 3  92  56  74   0   0   9 0.00  0.0    0  6.4 14 270   M    M   0        16 270
 4  95  59  77   4   0  12 0.00  0.0    0  7.4 15 270   M    M   0        18 270
 5  96  63  80   7   0  15 0.00  0.0    0  7.5 15 260   M    M   0        17 260
 6  96  62  79   7   0  14 0.00  0.0    0  7.6 13 270   M    M   0        16 280
 7  95  63  79   7   0  14 0.00  0.0    0  7.9 25  90   M    M   0        31  90
 8  89  59  74   3   0   9 0.00  0.0    0  4.6 14 210   M    M   0        16 200
 9  94  58  76   5   0  11 0.00  0.0    0  9.5 22 230   M    M   0        28 260
10  91  62  77   6   0  12 0.00  0.0    0  6.5 22 240   M    M   0        27 240
11  92  61  77   7   0  12 0.00  0.0    0  7.9 16 260   M    M   0        18 260
12  93  61  77   7   0  12 0.00  0.0    0  8.7 23  10   M    M   0        28  20
13  86  51  69  -1   0   4 0.00  0.0    0  4.3 14  80   M    M   0        16  80
14  92  53  73   4   0   8 0.00  0.0    0  7.8 20  80   M    M   0        25  80
15  83  62  73   4   0   8 0.00  0.0    0 12.7 23 280   M    M   0        28 280
16  83  54  69   1   0   4 0.00  0.0    0  8.2 15 280   M    M   0        18 270
17  84  55  70   2   0   5 0.00  0.0    0 10.6 21 270   M    M   0        24 270
18  83  57  70   2   0   5 0.00  0.0    0  7.9 18 290   M    M   1        23 290
19  89  60  75   8   0  10 0.00  0.0    0  8.7 18 270   M    M   0        20 260
20  90  63  77  10   0  12 0.00  0.0    0 10.7 20 280   M    M   0        24 280
21  84  58  71   5   0   6 0.00  0.0    0 12.6 24 250   M    M   0        28 250
22  83  53  68   2   0   3 0.00  0.0    0  7.4 16 260   M    M   0        19 290
23  89  54  72   6   0   7 0.00  0.0    0  5.9 13 260   M    M   0        13 260
24  92  55  74   9   0   9 0.00  0.0    0  8.3 21  90   M    M   0        26  90
25  88  62  75  10   0  10 0.00  0.0    0 13.3 26 250   M    M   0        40 240
26  79  55  67   3   0   2 0.00  0.0    0 15.7 26 260   M    M   0        35 270
27  77  50  64   0   1   0 0.00  0.0    0  8.0 15 290   M    M   0        19 290
28  81  49  65   1   0   0 0.00  0.0    0  6.3 12  50   M    M   0        15  60
29  84  50  67   4   0   2 0.00  0.0    0  6.5 14 280   M    M   0        16 270
================================================================================
SM 2556 1662         1 232  0.00     0.0 241.8          M        1
================================================================================
AV 88.1 57.3                               8.3 FASTST   M    M   0    MAX(MPH)
                                 MISC ---->  # 26 250               # 40  240
================================================================================
NOTES:
# LAST OF SEVERAL OCCURRENCES

COLUMN 17 PEAK WIND IN M.P.H.

PRELIMINARY LOCAL CLIMATOLOGICAL DATA (WS FORM: F-6) , PAGE 2

                                          STATION:  BARSTOW-DAGGETT CA
                                          MONTH:    OCTOBER
                                          YEAR:     2014
                                          LATITUDE:   34 51 N
                                          LONGITUDE: 116 47 W

[TEMPERATURE DATA]      [PRECIPITATION DATA]       SYMBOLS USED IN COLUMN 16

AVERAGE MONTHLY: 72.7   TOTAL FOR MONTH:   0.00    1 = FOG OR MIST
DPTR FM NORMAL:   4.0   DPTR FM NORMAL:   -0.17    2 = FOG REDUCING VISIBILITY
HIGHEST:    96 ON  6, 5 GRTST 24HR  0.00 ON 29-29      TO 1/4 MILE OR LESS
LOWEST:     49 ON 28                               3 = THUNDER
                        SNOW, ICE PELLETS, HAIL    4 = ICE PELLETS
                        TOTAL MONTH:   0.0 INCH    5 = HAIL
                        GRTST 24HR     0.0         6 = FREEZING RAIN OR DRIZZLE
                        GRTST DEPTH:   0           7 = DUSTSTORM OR SANDSTORM:
                                                       VSBY 1/2 MILE OR LESS
                                                   8 = SMOKE OR HAZE
[NO. OF DAYS WITH]      [WEATHER - DAYS WITH]      9 = BLOWING SNOW
                                                   X = TORNADO
MAX 32 OR BELOW:   0    0.01 INCH OR MORE:   0
MAX 90 OR ABOVE:  12    0.10 INCH OR MORE:   0
MIN 32 OR BELOW:   0    0.50 INCH OR MORE:   0
MIN  0 OR BELOW:   0    1.00 INCH OR MORE:   0

[HDD (BASE 65) ]
TOTAL THIS MO.     1    CLEAR  (SCALE 0-3)  29
DPTR FM NORMAL   -39    PTCLDY (SCALE 4-7)   0
TOTAL FM JUL 1     1    CLOUDY (SCALE 8-10)  0
DPTR FM NORMAL   -41

[CDD (BASE 65) ]
TOTAL THIS MO.   232
DPTR FM NORMAL    84    [PRESSURE DATA]
TOTAL FM JAN 1  3446    HIGHEST SLP M ON M
DPTR FM NORMAL   477    LOWEST  SLP 29.71 ON  1

[REMARKS]
