000
CXUS55 KDVN 011100
CF6DBQ
PRELIMINARY LOCAL CLIMATOLOGICAL DATA (WS FORM: F-6)

                                          STATION:   DUBUQUE IA
                                          MONTH:     JULY
                                          YEAR:      2015
                                          LATITUDE:   42 24 N
                                          LONGITUDE:  90 42 W

  TEMPERATURE IN F:       :PCPN:    SNOW:  WIND      :SUNSHINE: SKY     :PK WND
================================================================================
1   2   3   4   5  6A  6B    7    8   9   10  11  12  13   14  15   16   17  18
                                     12Z  AVG MX 2MIN
DY MAX MIN AVG DEP HDD CDD  WTR  SNW DPTH SPD SPD DIR MIN PSBL S-S WX    SPD DR
================================================================================

 1  70  55  63  -9   2   0 0.00  0.0    0  7.5 13  50   M    M   4 1      17  40
 2  71  51  61 -11   4   0 0.00  0.0    0  6.9 16  70   M    M   1 12     21  80
 3  76  51  64  -8   1   0 0.00  0.0    0  2.8  8 280   M    M   0        11  40
 4  79  55  67  -5   0   2 0.00  0.0    0  4.3 12 260   M    M   0        14 250
 5  81  59  70  -2   0   5 0.00  0.0    0  8.6 16 180   M    M   0 18     20 180
 6  78  62  70  -2   0   5 0.17  0.0    0 12.0 23 200   M    M   6 18     28 200
 7  71  55  63  -9   2   0 0.00  0.0    0  9.1 20 360   M    M   5 18     26 360
 8  68  53  61 -11   4   0 0.00  0.0    0  4.3 14  90   M    M   3 8      16  90
 9  77  54  66  -6   0   1 0.00  0.0    0  3.0 10 360   M    M   1 18     12 360
10  79  56  68  -4   0   3 0.00  0.0    0  3.6 10 200   M    M   1        13 200
11  75  62  69  -3   0   4 0.11  0.0    0  7.8 16 140   M    M   6 18     20 150
12  81  66  74   2   0   9 0.00  0.0    0  6.9 13 160   M    M   9 12     16 150
13  90  67  79   7   0  14    T  0.0    0  9.4 29  20   M    M   2 13     36  20
14  83  69  76   4   0  11 0.00  0.0    0  9.5 18 350   M    M   2        25 340
15  77  59  68  -4   0   3 0.00  0.0    0  5.1 12  90   M    M   2        15  90
16  73  60  67  -5   0   2 0.16  0.0    0 10.6 21 160   M    M  10 1      27 160
17  92  67  80   8   0  15 0.00  0.0    0  5.8 15 250   M    M   1 1      17 250
18  89  70  80   8   0  15    T  0.0    0  8.1 17 250   M    M   3 1      22 260
19  82  62  72   0   0   7 0.00  0.0    0  6.2 16 350   M    M   0        21 340
20  83  60  72   0   0   7 0.11  0.0    0  9.4 20 250   M    M   1 1      25 320
21  81  59  70  -2   0   5 0.00  0.0    0  6.1 15 330   M    M   1        19 320
22  82  58  70  -2   0   5 0.00  0.0    0  2.1  8 260   M    M   3        12 200
23  82  59  71  -1   0   6 0.00  0.0    0  3.0  9 210   M    M   1        12 210
24  80  61  71  -1   0   6 0.09  0.0    0  7.1 28 180   M    M   3 138    36 180
25  89  67  78   6   0  13 0.00  0.0    0  6.7 15  30   M    M   2 18     18  30
26  80  69  75   3   0  10 0.30  0.0    0  8.4 17 130   M    M   5 13     22 120
27  84  66  75   3   0  10 0.00  0.0    0  5.7 14 150   M    M   0 1      22 270
28  82  69  76   4   0  11 0.26  0.0    0  6.9 21 150   M    M   2 13     26 150
29  82  64  73   1   0   8    T  0.0    0 11.4 22 290   M    M   2 1      29 210
30  86  62  74   2   0   9 0.00  0.0    0  9.1 20 290   M    M   0        27 320
31  83  61  72   0   0   7 0.00  0.0    0 10.5 23 320   M    M   1        29 300
================================================================================
SM 2486 1888        13 193  1.20     0.0 217.9          M       77
================================================================================
AV 80.2 60.9                               7.0 FASTST   M    M   2    MAX(MPH)
                                 MISC ---->  # 29  20               # 36   20
================================================================================
NOTES:
# LAST OF SEVERAL OCCURRENCES

COLUMN 17 PEAK WIND IN M.P.H.

PRELIMINARY LOCAL CLIMATOLOGICAL DATA (WS FORM: F-6) , PAGE 2

                                          STATION:  DUBUQUE IA
                                          MONTH:    JULY
                                          YEAR:     2015
                                          LATITUDE:   42 24 N
                                          LONGITUDE:  90 42 W

[TEMPERATURE DATA]      [PRECIPITATION DATA]       SYMBOLS USED IN COLUMN 16

AVERAGE MONTHLY: 70.5   TOTAL FOR MONTH:   1.20    1 = FOG OR MIST
DPTR FM NORMAL:  -1.5   DPTR FM NORMAL:   -3.11    2 = FOG REDUCING VISIBILITY
HIGHEST:    92 ON 17    GRTST 24HR  0.30 ON 26-26      TO 1/4 MILE OR LESS
LOWEST:     51 ON  3, 2                            3 = THUNDER
                        SNOW, ICE PELLETS, HAIL    4 = ICE PELLETS
                        TOTAL MONTH:   0.0 INCH    5 = HAIL
                        GRTST 24HR     0.0         6 = FREEZING RAIN OR DRIZZLE
                        GRTST DEPTH:   0           7 = DUSTSTORM OR SANDSTORM:
                                                       VSBY 1/2 MILE OR LESS
                                                   8 = SMOKE OR HAZE
[NO. OF DAYS WITH]      [WEATHER - DAYS WITH]      9 = BLOWING SNOW
                                                   X = TORNADO
MAX 32 OR BELOW:   0    0.01 INCH OR MORE:   7
MAX 90 OR ABOVE:   2    0.10 INCH OR MORE:   6
MIN 32 OR BELOW:   0    0.50 INCH OR MORE:   0
MIN  0 OR BELOW:   0    1.00 INCH OR MORE:   0

[HDD (BASE 65) ]
TOTAL THIS MO.    13    CLEAR  (SCALE 0-3)  23
DPTR FM NORMAL     5    PTCLDY (SCALE 4-7)   6
TOTAL FM JUL 1    13    CLOUDY (SCALE 8-10)  2
DPTR FM NORMAL     5

[CDD (BASE 65) ]
TOTAL THIS MO.   193
DPTR FM NORMAL   -31    [PRESSURE DATA]
TOTAL FM JAN 1   348    HIGHEST SLP 30.13 ON 10
DPTR FM NORMAL   -52    LOWEST  SLP 29.59 ON 13

[REMARKS]
#FINAL-07-15#
