000
CXUS53 KARX 250930
CF6DEH
PRELIMINARY LOCAL CLIMATOLOGICAL DATA (WS FORM: F-6)

                                          STATION:   DECORAH IA
                                          MONTH:     DECEMBER
                                          YEAR:      2014
                                          LATITUDE:   43 16 N
                                          LONGITUDE:  91 44 W

  TEMPERATURE IN F:       :PCPN:    SNOW:  WIND      :SUNSHINE: SKY     :PK WND
================================================================================
1   2   3   4   5  6A  6B    7    8   9   10  11  12  13   14  15   16   17  18
                                     12Z  AVG MX 2MIN
DY MAX MIN AVG DEP HDD CDD  WTR  SNW DPTH SPD SPD DIR MIN PSBL S-S WX    SPD DR
================================================================================

 1  12   5   9   M  56   0 0.00  0.0    M  8.3 14 350   M    M   0        20 320
 2  28  10  19   M  46   0 0.00  0.0    M  9.0 15 170   M    M   5        25 180
 3  28  16  22   M  43   0 0.00  0.0    M  6.2 13 300   M    M   0        20 300
 4  32  14  23   M  42   0 0.00  0.0    M  6.7 14 160   M    M   6        22 160
 5  34  30  32   M  33   0 0.00  0.0    M  4.7  9 360   M    M  10 1       M  M
 6  37  25  31   M  34   0 0.00  0.0    M  6.8 13 350   M    M   1 1      17 360
 7  36  25  31   M  34   0 0.07    M    M 10.9 18 150   M    M   4 1      24 150
 8  34  27  31   M  34   0 0.00  0.0    M 10.9 16 320   M    M  10 12     25 300
 9  32  25  29   M  36   0 0.00  0.0    M  8.2 15 330   M    M  10        20 340
10  30  27  29   M  36   0 0.00  0.0    M  1.4  6 190   M    M  10         M  M
11  28  25  27   M  38   0 0.00  0.0    M  2.8  7 290   M    M  10 18      M  M
12  36  28  32   M  33   0 0.00  0.0    M  5.4  9 220   M    M  10 1      16 220
13  46  34  40   M  25   0 0.00  0.0    M  6.4 10 220   M    M   9 12     16 220
14  48  45  47   M  18   0 0.00  0.0    0  7.1 12 160   M    M  10 12     12 190
15  46  43  45   M  20   0 0.19  0.0    M  7.4 13 130   M    M  10 12     16 140
16  43  19  31   M  34   0 0.07    M    M 14.9 21 330   M    M  10 1      30 340
17  23  14  19   M  46   0    M    M    M  7.6 14 330   M    M   7        23 330
18  23  14  19   M  46   0    M    M    M  0.6  5 350   M    M   7         M  M
19  28  21  25   M  40   0    M    M    M  3.9  7 150   M    M  10         M  M
20  30  27  29   M  36   0    M    M    M  6.7  9 170   M    M  10 1      14 160
21  37  30  34   M  31   0 0.00  0.0    M 11.3 15 160   M    M  10 12     24 180
22  37  34  36   M  29   0    M    M    M 11.7 14 100   M    M   9 1      23 130
23  34  32  33   M  32   0    M    M    M  6.6 10  70   M    M  10 1      14  60
24  36  32  34   M  31   0 0.00  0.0    M  9.6 14 320   M    M  10 1      22 330
================================================================================
SM  798  602       853   0  0.33     0.0 175.1          M      188
================================================================================
AV 33.2 25.1                               7.3 FASTST   M    M   8    MAX(MPH)
                                 MISC ---->    21   M                 30    M
================================================================================
NOTES:
# LAST OF SEVERAL OCCURRENCES

COLUMN 17 PEAK WIND IN M.P.H.

PRELIMINARY LOCAL CLIMATOLOGICAL DATA (WS FORM: F-6) , PAGE 2

                                          STATION:  DECORAH IA
                                          MONTH:    DECEMBER
                                          YEAR:     2014
                                          LATITUDE:   43 16 N
                                          LONGITUDE:  91 44 W

[TEMPERATURE DATA]      [PRECIPITATION DATA]       SYMBOLS USED IN COLUMN 16

AVERAGE MONTHLY: 29.2   TOTAL FOR MONTH:   0.33    1 = FOG OR MIST
DPTR FM NORMAL:     M   DPTR FM NORMAL:       M    2 = FOG REDUCING VISIBILITY
HIGHEST:    48 ON 14    GRTST 24HR  0.19 ON 15-15      TO 1/4 MILE OR LESS
LOWEST:      5 ON  1                               3 = THUNDER
                        SNOW, ICE PELLETS, HAIL    4 = ICE PELLETS
                        TOTAL MONTH:   0.0 INCH    5 = HAIL
                        GRTST 24HR     0.0         6 = FREEZING RAIN OR DRIZZLE
                        GRTST DEPTH:   0           7 = DUSTSTORM OR SANDSTORM:
                                                       VSBY 1/2 MILE OR LESS
                                                   8 = SMOKE OR HAZE
[NO. OF DAYS WITH]      [WEATHER - DAYS WITH]      9 = BLOWING SNOW
                                                   X = TORNADO
MAX 32 OR BELOW:  11    0.01 INCH OR MORE:   3
MAX 90 OR ABOVE:   0    0.10 INCH OR MORE:   1
MIN 32 OR BELOW:  20    0.50 INCH OR MORE:   0
MIN  0 OR BELOW:   0    1.00 INCH OR MORE:   0

[HDD (BASE 65) ]
TOTAL THIS MO.   853    CLEAR  (SCALE 0-3)   3
DPTR FM NORMAL     M    PTCLDY (SCALE 4-7)   5
TOTAL FM JUL 1  2660    CLOUDY (SCALE 8-10) 16
DPTR FM NORMAL     M

[CDD (BASE 65) ]
TOTAL THIS MO.     0
DPTR FM NORMAL     M    [PRESSURE DATA]
TOTAL FM JAN 1   444    HIGHEST SLP M ON M
DPTR FM NORMAL     M    LOWEST  SLP M ON M

[REMARKS]
