000
CXUS53 KARX 270930
CF6DEH
PRELIMINARY LOCAL CLIMATOLOGICAL DATA (WS FORM: F-6)

                                          STATION:   DECORAH IA
                                          MONTH:     FEBRUARY
                                          YEAR:      2015
                                          LATITUDE:   43 16 N
                                          LONGITUDE:  91 44 W

  TEMPERATURE IN F:       :PCPN:    SNOW:  WIND      :SUNSHINE: SKY     :PK WND
================================================================================
1   2   3   4   5  6A  6B    7    8   9   10  11  12  13   14  15   16   17  18
                                     12Z  AVG MX 2MIN
DY MAX MIN AVG DEP HDD CDD  WTR  SNW DPTH SPD SPD DIR MIN PSBL S-S WX    SPD DR
================================================================================

 1  27   7  17   M  48   0    M    M    5 14.5 22  70   M    M   6        33  70
 2  10  -4   3   M  62   0 0.00  0.0    5  5.5  9 330   M    M   2         M  M
 3  14   1   8   M  57   0    M    M    7  2.7  6 170   M    M   6 1       M  M
 4  16  -4   6   M  59   0    M    M    7  9.8 20 320   M    M   5        27 320
 5  12 -11   1   M  64   0 0.00  0.0    7  6.5 13 190   M    M   1        22 190
 6  28   9  19   M  46   0 0.00  0.0    6  6.2  9 170   M    M   2        16 210
 7  39  19  29   M  36   0 0.00  0.0    4  5.1  8 140   M    M   2 12     16  99
 8  34  27  31   M  34   0 0.01  0.0    3  7.0 12  20   M    M   9 168    18  30
 9  27  16  22   M  43   0 0.00  0.0    3  4.1  8  10   M    M   7         M  M
10  30  14  22   M  43   0    M    M    3  9.6 18 150   M    M   5 146    30 150
11  34   5  20   M  45   0    M    M    3 14.9 22 310   M    M   9 169    31 300
12   9  -2   4   M  61   0 0.00  0.0    3  9.4 25 330   M    M   1        32 330
13  30   1  16   M  49   0    M    M    3  8.5 16 310   M    M   9        27 310
14  16  -4   6   M  59   0 0.00  0.0    3 16.6 29 330   M    M   3        38 330
15   9  -4   3   M  62   0 0.00  0.0    3  6.4 10 150   M    M   8        14 150
16  19   7  13   M  52   0    M    M    3  5.8 16 330   M    M  10        16 320
17  14   3   9   M  56   0    M    M    3  9.0 14 310   M    M   8        23 310
18   3  -8  -2   M  67   0 0.00  0.0    3 13.4 18 320   M    M   5        32 340
19   5 -11  -3   M  68   0 0.00  0.0    4  3.8  8 320   M    M   0         M  M
20  23   0  12   M  53   0    M  0.0    0  9.8 15 180   M    M  10 8      27 180
21  27   9  18   M  47   0    T  0.0    0  8.4 15 330   M    M  10 1      22 330
22   9  -8   1   M  64   0 0.00  0.0    0 10.9 20 350   M    M   0        24 340
23  12 -13   0   M  65   0 0.00  0.0    M  7.6 15 210   M    M   0        27 210
24  34  12  23   M  42   0    M    M    M 13.5 22 320   M    M   5        36 300
25  16   7  12   M  53   0    M    M    M  7.0 10  10   M    M   8        17  20
26   7  -6   1   M  64   0 0.00  0.0    M  9.5 16 320   M    M   1        23 320
================================================================================
SM  504   62      1399   0  0.01     0.0 225.5          M      132
================================================================================
AV 19.4  2.4                               8.7 FASTST   M    M   5    MAX(MPH)
                                 MISC ---->    29   M               # 38  330
================================================================================
NOTES:
# LAST OF SEVERAL OCCURRENCES

COLUMN 17 PEAK WIND IN M.P.H.

PRELIMINARY LOCAL CLIMATOLOGICAL DATA (WS FORM: F-6) , PAGE 2

                                          STATION:  DECORAH IA
                                          MONTH:    FEBRUARY
                                          YEAR:     2015
                                          LATITUDE:   43 16 N
                                          LONGITUDE:  91 44 W

[TEMPERATURE DATA]      [PRECIPITATION DATA]       SYMBOLS USED IN COLUMN 16

AVERAGE MONTHLY: 10.9   TOTAL FOR MONTH:   0.01    1 = FOG OR MIST
DPTR FM NORMAL:     M   DPTR FM NORMAL:       M    2 = FOG REDUCING VISIBILITY
HIGHEST:    39 ON  7    GRTST 24HR  0.01 ON  8- 8      TO 1/4 MILE OR LESS
LOWEST:    -13 ON 23                               3 = THUNDER
                        SNOW, ICE PELLETS, HAIL    4 = ICE PELLETS
                        TOTAL MONTH:   0.0 INCH    5 = HAIL
                        GRTST 24HR     0.0         6 = FREEZING RAIN OR DRIZZLE
                        GRTST DEPTH:   7 ON  5, 4  7 = DUSTSTORM OR SANDSTORM:
                                                       VSBY 1/2 MILE OR LESS
                                                   8 = SMOKE OR HAZE
[NO. OF DAYS WITH]      [WEATHER - DAYS WITH]      9 = BLOWING SNOW
                                                   X = TORNADO
MAX 32 OR BELOW:  22    0.01 INCH OR MORE:   1
MAX 90 OR ABOVE:   0    0.10 INCH OR MORE:   0
MIN 32 OR BELOW:  26    0.50 INCH OR MORE:   0
MIN  0 OR BELOW:  12    1.00 INCH OR MORE:   0

[HDD (BASE 65) ]
TOTAL THIS MO.  1399    CLEAR  (SCALE 0-3)  10
DPTR FM NORMAL     M    PTCLDY (SCALE 4-7)   9
TOTAL FM JUL 1  5771    CLOUDY (SCALE 8-10)  7
DPTR FM NORMAL     M

[CDD (BASE 65) ]
TOTAL THIS MO.     0
DPTR FM NORMAL     M    [PRESSURE DATA]
TOTAL FM JAN 1     0    HIGHEST SLP M ON M
DPTR FM NORMAL     M    LOWEST  SLP M ON M

[REMARKS]
