000
CXUS55 KBOU 290813
CF6DEN
PRELIMINARY LOCAL CLIMATOLOGICAL DATA (WS FORM: F-6)

                                          STATION:   DENVER CO
                                          MONTH:     AUGUST
                                          YEAR:      2016
                                          LATITUDE:   39 52 N
                                          LONGITUDE: 104 40 W

  TEMPERATURE IN F:       :PCPN:    SNOW:  WIND      :SUNSHINE: SKY     :PK WND
================================================================================
1   2   3   4   5  6A  6B    7    8   9   10  11  12  13   14  15   16   17  18
                                     12Z  AVG MX 2MIN
DY MAX MIN AVG DEP HDD CDD  WTR  SNW DPTH SPD SPD DIR MIN PSBL S-S WX    SPD DR
================================================================================

 1  96  59  78   3   0  13 0.00  0.0    0  9.6 23 350   M    M   4        29  10
 2  94  63  79   4   0  14    T  0.0    0 12.2 29  90   M    M   5 3      34  90
 3  96  60  78   4   0  13 0.00  0.0    0 10.3 21  80   M    M   4 3      26 120
 4  75  63  69  -5   0   4 0.00  0.0    0  9.7 21 360   M    M   8        33  10
 5  76  61  69  -5   0   4    T  0.0    0 10.2 23 140   M    M   9        28 130
 6  83  61  72  -2   0   7 0.00  0.0    0  7.6 16  10   M    M   8        23  20
 7  90  58  74   0   0   9 0.00  0.0    0  8.7 26 180   M    M   6 1238   31 170
 8  91  64  78   4   0  13 0.00  0.0    0  9.9 23 180   M    M   6        27 170
 9  97  62  80   6   0  15    T  0.0    0 10.7 37 220   M    M   4 3      47 220
10  95  59  77   3   0  12    T  0.0    0  9.4 33 180   M    M   6        41 180
11  90  59  75   1   0  10 0.03  0.0    0 10.4 28 320   M    M   6 3      39 330
12  83  52  68  -6   0   3 0.00  0.0    0  7.6 14  30   M    M   3        20  40
13  89  53  71  -2   0   6 0.00    M    M 12.9 28 140   M    M   2        34 120
14  90  57  74   1   0   9 0.00  0.0    0 13.3 26 140   M    M   4        33 130
15  92  60  76   3   0  11 0.00  0.0    0 11.5 35 360   M    M   6        43 340
16  91  52  72  -1   0   7 0.00  0.0    0 10.0 35 250   M    M   5        42 250
17  90  57  74   1   0   9 0.00  0.0    0  9.9 21 200   M    M   5        27  90
18  90  59  75   3   0  10    T  0.0    0 13.0 37 310   M    M   5        45 310
19  81  50  66  -6   0   1 0.02  0.0    0  8.0 43  10   M    M   8 3      55  20
20  76  47  62 -10   3   0 0.00  0.0    0  7.7 15  50   M    M   4        19  50
21  91  51  71  -1   0   6 0.00  0.0    0 10.1 18 190   M    M   3        24 180
22  93  58  76   4   0  11    T  0.0    0  9.5 32  10   M    M   6 3      44 360
23  87  61  74   3   0   9    T  0.0    0 12.2 25 300   M    M   6        31 300
24  68  49  59 -12   6   0 0.12  0.0    0  8.9 20 150   M    M   9 1      24 180
25  71  47  59 -12   6   0 0.05  0.0    0  8.7 31 300   M    M   6 1238   38 290
26  80  50  65  -6   0   0 0.00  0.0    0  7.3 24  80   M    M   7 18     30  80
27  85  48  67  -3   0   2 0.00  0.0    0  8.5 18 190   M    M   5        23 190
28  86  60  73   3   0   8    T  0.0    0  9.2 23 270   M    M   7 3      29 260
================================================================================
SM 2426 1580        15 206  0.22   M     277.0            M    157
================================================================================
AV 86.6 56.4                               9.9 FASTST            6    MAX(MPH)
                                 MISC ---->  # 43  10     M   M     # 55   20
================================================================================
NOTES: SUNSHINE DATA WILL NO LONGER BE AVAILABLE EFFECTIVE OCTOBER 1ST 2009.

# LAST OF SEVERAL OCCURRENCES

COLUMN 17 PEAK WIND IN M.P.H.

PRELIMINARY LOCAL CLIMATOLOGICAL DATA (WS FORM: F-6) , PAGE 2

                                          STATION:  DENVER CO
                                          MONTH:    AUGUST
                                          YEAR:     2016
                                          LATITUDE:   39 52 N
                                          LONGITUDE: 104 40 W

[TEMPERATURE DATA]      [PRECIPITATION DATA]       SYMBOLS USED IN COLUMN 16

AVERAGE MONTHLY: 71.5   TOTAL FOR MONTH:   0.22    1 = FOG OR MIST
DPTR FM NORMAL:  -1.3   DPTR FM NORMAL:   -1.35    2 = FOG REDUCING VISIBILITY
HIGHEST:    97 ON  9    GRTST 24HR  0.12 ON 24-24      TO 1/4 MILE OR LESS
LOWEST:     47 ON 25,20                            3 = THUNDER
                        SNOW, ICE PELLETS, HAIL    4 = ICE PELLETS
                        TOTAL MONTH:    M          5 = HAIL
                        GRTST 24HR     0.0         6 = FREEZING RAIN OR DRIZZLE
                        GRTST DEPTH:   0           7 = DUSTSTORM OR SANDSTORM:
                                                       VSBY 1/2 MILE OR LESS
                                                   8 = SMOKE OR HAZE
[NO. OF DAYS WITH]      [WEATHER - DAYS WITH]      9 = BLOWING SNOW
                                                   X = TORNADO
MAX 32 OR BELOW:   0    0.01 INCH OR MORE:   4
MAX 90 OR ABOVE:  15    0.10 INCH OR MORE:   1
MIN 32 OR BELOW:   0    0.50 INCH OR MORE:   0
MIN  0 OR BELOW:   0    1.00 INCH OR MORE:   0

[HDD (BASE 65) ]
TOTAL THIS MO.    15    CLEAR  (SCALE 0-3)   2
DPTR FM NORMAL    13    PTCLDY (SCALE 4-7)  22
TOTAL FM JUL 1    15    CLOUDY (SCALE 8-10)  4
DPTR FM NORMAL     7

[CDD (BASE 65) ]
TOTAL THIS MO.   206
DPTR FM NORMAL   -22    [PRESSURE DATA]
TOTAL FM JAN 1   750    HIGHEST SLP M ON M
DPTR FM NORMAL    78    LOWEST  SLP 29.62 ON  9

[REMARKS]
