000
CXUS54 KSHV 241300
CF6DEQ
PRELIMINARY LOCAL CLIMATOLOGICAL DATA (WS FORM: F-6)

                                          STATION:   DE QUEEN
                                          MONTH:     JUNE
                                          YEAR:      2017
                                          LATITUDE:   34  2 N
                                          LONGITUDE:  94 24 W

  TEMPERATURE IN F:       :PCPN:    SNOW:  WIND      :SUNSHINE: SKY     :PK WND
================================================================================
1   2   3   4   5  6A  6B    7    8   9   10  11  12  13   14  15   16   17  18
                                     12Z  AVG MX 2MIN
DY MAX MIN AVG DEP HDD CDD  WTR  SNW DPTH SPD SPD DIR MIN PSBL S-S WX    SPD DR
================================================================================

 1  76  66  71  -3   0   6 0.55  0.0    0  3.1 20 200   M    M   1 13     26 200
 2  83  67  75   1   0  10 0.00  0.0    0  3.5 10 100   M    M   5 1      15 150
 3  87  69  78   3   0  13 0.02  0.0    0  2.7 16 130   M    M   4 1      21 120
 4  82  70  76   1   0  11 0.62  0.0    0  2.8 10 160   M    M   5 13     14 160
 5  83  68  76   1   0  11 0.11  0.0    0  1.1 12  10   M    M   6 13     19  10
 6  90  65  78   3   0  13 0.00  0.0    0  3.6 12  30   M    M   1 12     20  50
 7  86  61  74  -2   0   9 0.00  0.0    0  3.7 10  40   M    M   0 1      16  30
 8  85  56  71  -5   0   6 0.00  0.0    0  0.6  9 230   M    M   0 1      11 100
 9  84  58  71  -5   0   6 0.00  0.0    0  2.5 12 170   M    M   1 1      16 190
10  86  61  74  -2   0   9 0.00  0.0    0  4.1 14 160   M    M   4 1      22 190
11  89  65  77   0   0  12 0.00  0.0    0  5.0 14 210   M    M   1 1      20 180
12  91  74  83   6   0  18 0.00  0.0    0  6.2 14 180   M    M   6 1      19 190
13  90  73  82   5   0  17    T  0.0    0  5.7 16 160   M    M   5        23 160
14  91  73  82   4   0  17    T  0.0    0  5.4 14 200   M    M   3 1      19 170
15  91  72  82   4   0  17 0.00  0.0    0  3.4 13 200   M    M   2 1      17 190
16  94  71  83   5   0  18 0.00  0.0    0  5.0 16  30   M    M   1 1      26  20
17  87  72  80   2   0  15 0.00  0.0    0  4.1 22 190   M    M   3 1      29 200
18  85  73  79   1   0  14 0.11  0.0    0  3.5 18 120   M    M   4 13     24 120
19  88  68  78  -1   0  13 0.20  0.0    0  3.8 14  90   M    M   6 123    16  80
20  91  66  79   0   0  14 0.00  0.0    0  3.4 12 120   M    M   2 12     15 100
21  89  64  77  -2   0  12    T  0.0    0  6.8 17  80   M    M   3 1      22  80
22  88  74  81   2   0  16 0.05  0.0    0  5.6 16  80   M    M   7 138    21  80
23  95  72  84   5   0  19 0.09  0.0    0  3.4 18 280   M    M   2 13     30 290
================================================================================
SM 2011 1558         0 296  1.75     0.0  89.0          M       72
================================================================================
AV 87.4 67.7                               3.9 FASTST   M    M   3    MAX(MPH)
                                 MISC ---->  # 22 190               # 30  290
================================================================================
NOTES:
# LAST OF SEVERAL OCCURRENCES

COLUMN 17 PEAK WIND IN M.P.H.

PRELIMINARY LOCAL CLIMATOLOGICAL DATA (WS FORM: F-6) , PAGE 2

                                          STATION:  DE QUEEN
                                          MONTH:    JUNE
                                          YEAR:     2017
                                          LATITUDE:   34  2 N
                                          LONGITUDE:  94 24 W

[TEMPERATURE DATA]      [PRECIPITATION DATA]       SYMBOLS USED IN COLUMN 16

AVERAGE MONTHLY: 77.6   TOTAL FOR MONTH:   1.75    1 = FOG OR MIST
DPTR FM NORMAL:   0.7   DPTR FM NORMAL:   -1.77    2 = FOG REDUCING VISIBILITY
HIGHEST:    95 ON 23    GRTST 24HR  0.62 ON  4- 4      TO 1/4 MILE OR LESS
LOWEST:     56 ON  8                               3 = THUNDER
                        SNOW, ICE PELLETS, HAIL    4 = ICE PELLETS
                        TOTAL MONTH:   0.0 INCH    5 = HAIL
                        GRTST 24HR     0.0         6 = FREEZING RAIN OR DRIZZLE
                        GRTST DEPTH:   0           7 = DUSTSTORM OR SANDSTORM:
                                                       VSBY 1/2 MILE OR LESS
                                                   8 = SMOKE OR HAZE
[NO. OF DAYS WITH]      [WEATHER - DAYS WITH]      9 = BLOWING SNOW
                                                   X = TORNADO
MAX 32 OR BELOW:   0    0.01 INCH OR MORE:   8
MAX 90 OR ABOVE:   8    0.10 INCH OR MORE:   5
MIN 32 OR BELOW:   0    0.50 INCH OR MORE:   2
MIN  0 OR BELOW:   0    1.00 INCH OR MORE:   0

[HDD (BASE 65) ]
TOTAL THIS MO.     0    CLEAR  (SCALE 0-3)  13
DPTR FM NORMAL     0    PTCLDY (SCALE 4-7)  10
TOTAL FM JUL 1  2101    CLOUDY (SCALE 8-10)  0
DPTR FM NORMAL  -941

[CDD (BASE 65) ]
TOTAL THIS MO.   296
DPTR FM NORMAL    24    [PRESSURE DATA]
TOTAL FM JAN 1   576    HIGHEST SLP M ON M
DPTR FM NORMAL    87    LOWEST  SLP 29.49 ON 22

[REMARKS]
