000
CXUS53 KIWX 180800
CF6DFI
PRELIMINARY LOCAL CLIMATOLOGICAL DATA (WS FORM: F-6)

                                          STATION:   DEFIANCE MEMORIAL
                                          MONTH:     FEBRUARY
                                          YEAR:      2018
                                          LATITUDE:   41 20 N
                                          LONGITUDE:  84 26 W

  TEMPERATURE IN F:       :PCPN:    SNOW:  WIND      :SUNSHINE: SKY     :PK WND
================================================================================
1   2   3   4   5  6A  6B    7    8   9   10  11  12  13   14  15   16   17  18
                                     12Z  AVG MX 2MIN
DY MAX MIN AVG DEP HDD CDD  WTR  SNW DPTH SPD SPD DIR MIN PSBL S-S WX    SPD DR
================================================================================

 1  38  11  25   0  40   0    T    M    M 12.3 25 310   M    M   5 8      34 290
 2  20   9  15 -10  50   0    T    M    M  6.3 16 300   M    M   5        21 300
 3  36  15  26   0  39   0    T    M    M 12.9 25 220   M    M   9        35 210
 4  34  10  22  -4  43   0 0.11    M    M 10.3 24 320   M    M  10 1      34 230
 5  18   5  12 -14  53   0 0.06    M    M  5.2 15 210   M    M   5 1      19 220
 6  22   2  12 -14  53   0 0.02    M    M  2.8  8 200   M    M   4 18      9 200
 7  25  12  19  -7  46   0 0.02    M    M  6.8 14 340   M    M   8 18     18 290
 8  20   7  14 -12  51   0 0.00  0.0    M  5.0 13 230   M    M   6 18     18 240
 9  37  16  27   1  38   0 0.15    M    M  5.9 13 110   M    M  10 18     16 130
10  27  21  24  -3  41   0    T    M    M  8.9 16 350   M    M  10 18     20  10
11  29  22  26  -1  39   0 0.06    M    M  7.6 16 290   M    M   9 16     21 290
12  29   7  18  -9  47   0 0.00  0.0    M  3.2  8  10   M    M   0 18     11  40
13  30   4  17 -10  48   0    T    M    M  5.7 13  90   M    M   2 18     17 120
14  42  23  33   5  32   0 0.00  0.0    M  6.7 13 210   M    M   6 128    17 210
15  56  41  49  21  16   0 0.31    M    M  7.8 15 210   M    M  10 12     20 210
16  44  22  33   5  32   0 0.00  0.0    M  8.9 22 320   M    M   6 1      28 320
17  34  20  27  -1  38   0 0.05    M    M  4.8  9 210   M    M   5 1      14 260
================================================================================
SM  541  247       706   0  0.78     0.0 121.1          M      110
================================================================================
AV 31.8 14.5                               7.1 FASTST   M    M   6    MAX(MPH)
                                 MISC ---->  # 25 310               # 35  210
================================================================================
NOTES:
# LAST OF SEVERAL OCCURRENCES

COLUMN 17 PEAK WIND IN M.P.H.

PRELIMINARY LOCAL CLIMATOLOGICAL DATA (WS FORM: F-6) , PAGE 2

                                          STATION:  DEFIANCE MEMORIAL
                                          MONTH:    FEBRUARY
                                          YEAR:     2018
                                          LATITUDE:   41 20 N
                                          LONGITUDE:  84 26 W

[TEMPERATURE DATA]      [PRECIPITATION DATA]       SYMBOLS USED IN COLUMN 16

AVERAGE MONTHLY: 23.2   TOTAL FOR MONTH:   0.78    1 = FOG OR MIST
DPTR FM NORMAL:  -3.4   DPTR FM NORMAL:   -0.29    2 = FOG REDUCING VISIBILITY
HIGHEST:    56 ON 15    GRTST 24HR  0.31 ON 15-15      TO 1/4 MILE OR LESS
LOWEST:      2 ON  6                               3 = THUNDER
                        SNOW, ICE PELLETS, HAIL    4 = ICE PELLETS
                        TOTAL MONTH:   0.0 INCH    5 = HAIL
                        GRTST 24HR     0.0         6 = FREEZING RAIN OR DRIZZLE
                        GRTST DEPTH:  M  ON   M    7 = DUSTSTORM OR SANDSTORM:
                                                       VSBY 1/2 MILE OR LESS
                                                   8 = SMOKE OR HAZE
[NO. OF DAYS WITH]      [WEATHER - DAYS WITH]      9 = BLOWING SNOW
                                                   X = TORNADO
MAX 32 OR BELOW:   9    0.01 INCH OR MORE:   8
MAX 90 OR ABOVE:   0    0.10 INCH OR MORE:   3
MIN 32 OR BELOW:  16    0.50 INCH OR MORE:   0
MIN  0 OR BELOW:   0    1.00 INCH OR MORE:   0

[HDD (BASE 65) ]
TOTAL THIS MO.   706    CLEAR  (SCALE 0-3)   2
DPTR FM NORMAL    52    PTCLDY (SCALE 4-7)   9
TOTAL FM JUL 1  4244    CLOUDY (SCALE 8-10)  6
DPTR FM NORMAL   -24

[CDD (BASE 65) ]
TOTAL THIS MO.     0
DPTR FM NORMAL     0    [PRESSURE DATA]
TOTAL FM JAN 1     0    HIGHEST SLP M ON M
DPTR FM NORMAL     0    LOWEST  SLP 29.65 ON 15

[REMARKS]
