000
CXUS53 KIWX 280800
CF6DFI
PRELIMINARY LOCAL CLIMATOLOGICAL DATA (WS FORM: F-6)

                                          STATION:   DEFIANCE MEMORIAL
                                          MONTH:     JULY
                                          YEAR:      2017
                                          LATITUDE:   41 20 N
                                          LONGITUDE:  84 26 W

  TEMPERATURE IN F:       :PCPN:    SNOW:  WIND      :SUNSHINE: SKY     :PK WND
================================================================================
1   2   3   4   5  6A  6B    7    8   9   10  11  12  13   14  15   16   17  18
                                     12Z  AVG MX 2MIN
DY MAX MIN AVG DEP HDD CDD  WTR  SNW DPTH SPD SPD DIR MIN PSBL S-S WX    SPD DR
================================================================================

 1  81  67  74   2   0   9 0.00  0.0    0  5.8 15 310   M    M   5 1      20 300
 2  81  59  70  -2   0   5 0.00  0.0    0  4.7 15 300   M    M   1 1      22 220
 3  83  65  74   2   0   9 0.78  0.0    0  4.6 36 300   M    M   5 13     48 300
 4  80  61  71  -1   0   6    T  0.0    0  6.6 15  80   M    M   2        19  70
 5  83  56  70  -3   0   5 0.00  0.0    0  3.5 10 100   M    M   0        13 100
 6  83  63  73   0   0   8 0.00  0.0    0  3.3 12 200   M    M   1        26 260
 7  73  65  69  -4   0   4 0.22  0.0    0  6.5 28 190   M    M   4 13     41 310
 8  77  60  69  -4   0   4 0.00  0.0    0  7.4 16 320   M    M   1        23 290
 9  79  51  65  -8   0   0 0.00  0.0    0  3.7 13 220   M    M   1        18 230
10  80  65  73   0   0   8 1.94  0.0    0  5.7 14 200   M    M   7 1238   26 190
11  82  67  75   2   0  10    T  0.0    0  7.6 20 210   M    M   5        29 200
12  83  71  77   4   0  12 0.12  0.0    0  7.1 18 190   M    M   3 13     27 190
13  84  70  77   4   0  12 0.03  0.0    0  6.3 14 230   M    M   4 3      20 240
14  82  63  73   0   0   8 0.00  0.0    0  5.6 15 320   M    M   4 1      20 330
15  78  59  69  -4   0   4 0.00  0.0    0  3.7 10 340   M    M   2        14 230
16  84  60  72  -1   0   7 0.00  0.0    0  6.2 15 310   M    M   3 3      19 330
17  81  62  72  -1   0   7 0.00  0.0    0  5.3 10 100   M    M   3 1      13  80
18  87  61  74   1   0   9 0.00  0.0    0  1.8  9 130   M    M   1        11 100
19  89  65  77   4   0  12 0.00  0.0    0  2.5 10 220   M    M   1 1      15 230
20  77  72  75   2   0  10    T  0.0    0  4.7  9 230   M    M   4        16 250
21   M   M   M   M   M   M 0.00  0.0    0  3.6  8  60   M    M   1 8       M  M
22   M   M   M   M   M   M 1.30  0.0    0  6.7 13 210   M    M   5 3       M  M
23   M   M   M   M   M   M 0.25    M    0  2.5  8 290   M    M   2 38      M  M
24   M   M   M   M   M   M 0.00  0.0    0  6.6 13 350   M    M   6         M  M
25   M   M   M   M   M   M 0.00  0.0    0  4.0 10  80   M    M   0         M  M
26   M   M   M   M   M   M 0.00  0.0    0  3.5  8 180   M    M   0         M  M
27  85  67  76   4   0  11 0.01  0.0    0  3.5 12  60   M    M   4        15  20
================================================================================
SM 1712 1329         0 160  4.65     0.0 133.0          M       75
================================================================================
AV 81.5 63.3                               4.9 FASTST   M    M   3    MAX(MPH)
                                 MISC ---->  # 36 300               # 48  300
================================================================================
NOTES:
# LAST OF SEVERAL OCCURRENCES

COLUMN 17 PEAK WIND IN M.P.H.

PRELIMINARY LOCAL CLIMATOLOGICAL DATA (WS FORM: F-6) , PAGE 2

                                          STATION:  DEFIANCE MEMORIAL
                                          MONTH:    JULY
                                          YEAR:     2017
                                          LATITUDE:   41 20 N
                                          LONGITUDE:  84 26 W

[TEMPERATURE DATA]      [PRECIPITATION DATA]       SYMBOLS USED IN COLUMN 16

AVERAGE MONTHLY: 72.4   TOTAL FOR MONTH:   4.65    1 = FOG OR MIST
DPTR FM NORMAL:  -0.4   DPTR FM NORMAL:    1.42    2 = FOG REDUCING VISIBILITY
HIGHEST:    89 ON 19    GRTST 24HR  1.94 ON 10-10      TO 1/4 MILE OR LESS
LOWEST:     51 ON  9                               3 = THUNDER
                        SNOW, ICE PELLETS, HAIL    4 = ICE PELLETS
                        TOTAL MONTH:   0.0 INCH    5 = HAIL
                        GRTST 24HR     0.0         6 = FREEZING RAIN OR DRIZZLE
                        GRTST DEPTH:   0           7 = DUSTSTORM OR SANDSTORM:
                                                       VSBY 1/2 MILE OR LESS
                                                   8 = SMOKE OR HAZE
[NO. OF DAYS WITH]      [WEATHER - DAYS WITH]      9 = BLOWING SNOW
                                                   X = TORNADO
MAX 32 OR BELOW:   0    0.01 INCH OR MORE:   8
MAX 90 OR ABOVE:   0    0.10 INCH OR MORE:   6
MIN 32 OR BELOW:   0    0.50 INCH OR MORE:   3
MIN  0 OR BELOW:   0    1.00 INCH OR MORE:   2

[HDD (BASE 65) ]
TOTAL THIS MO.     0    CLEAR  (SCALE 0-3)  16
DPTR FM NORMAL     0    PTCLDY (SCALE 4-7)  11
TOTAL FM JUL 1     0    CLOUDY (SCALE 8-10)  0
DPTR FM NORMAL     0

[CDD (BASE 65) ]
TOTAL THIS MO.   160
DPTR FM NORMAL   -54    [PRESSURE DATA]
TOTAL FM JAN 1   355    HIGHEST SLP M ON M
DPTR FM NORMAL   -51    LOWEST  SLP 29.70 ON 22

[REMARKS]
