000
CXUS53 KIWX 300800
CF6DFI
PRELIMINARY LOCAL CLIMATOLOGICAL DATA (WS FORM: F-6)

                                          STATION:   DEFIANCE MEMORIAL
                                          MONTH:     JUNE
                                          YEAR:      2015
                                          LATITUDE:   41 20 N
                                          LONGITUDE:  84 26 W

  TEMPERATURE IN F:       :PCPN:    SNOW:  WIND      :SUNSHINE: SKY     :PK WND
================================================================================
1   2   3   4   5  6A  6B    7    8   9   10  11  12  13   14  15   16   17  18
                                     12Z  AVG MX 2MIN
DY MAX MIN AVG DEP HDD CDD  WTR  SNW DPTH SPD SPD DIR MIN PSBL S-S WX    SPD DR
================================================================================

 1  61  47  54 -10  11   0    T  0.0    0  6.8 13  50   M    M   6 1      17  20
 2  69  45  57  -8   8   0 0.00  0.0    0  7.0 17  80   M    M   2 1      23  80
 3  75  49  62  -3   3   0 0.00  0.0    0  4.9 10 100   M    M   5 1      16 110
 4  81  56  69   4   0   4 0.00  0.0    0  3.5 12 200   M    M   4        16 200
 5  84  58  71   5   0   6    T  0.0    0  8.2 18  20   M    M   4 18     24  10
 6  75  56  66   0   0   1 0.00  0.0    0  8.7 17  30   M    M   5        22  80
 7  81  53  67   1   0   2 0.16  0.0    0  8.7 24 220   M    M   3 8      37 230
 8  79  60  70   4   0   5 0.46  0.0    0  8.6 24 310   M    M   7 13     36 230
 9  78  58  68   1   0   3 0.00  0.0    0  4.4 10 250   M    M   1 18     17 240
10  89  64  77  10   0  12 0.92  0.0    0  9.6 25 210   M    M   4 38     38 190
11  80  66  73   6   0   8    T  0.0    0  7.1 14  70   M    M   3 128    18  80
12  82  64  73   5   0   8 0.15  0.0    0  6.1 17 230   M    M   6 138    25 230
13  89  64  77   9   0  12 0.61  0.0    0  5.5 16  90   M    M   9 138    21 100
14  86  70  78  10   0  13 0.08  0.0    0  9.7 23 210   M    M   5 13     32 210
15  85  72  79  10   0  14 1.07  0.0    0  7.7 23 320   M    M   5 13     32 320
16   M   M   M   M   M   M 0.03    M    0  5.8 12 340   M    M   4 1       M  M
17  75  65  70   1   0   5 0.02  0.0    0  5.4 12 140   M    M   9 1      15 150
18  86  69  78   9   0  13 0.55  0.0    0  6.4 32 240   M    M   7 138    48 220
19  74  64  69  -1   0   4 0.00  0.0    0  7.0 14  80   M    M   7        19 100
20  80  65  73   3   0   8    T  0.0    0  5.8 12  70   M    M   8 18     15  50
21  84  68  76   6   0  11 0.07  0.0    0  6.1 14 200   M    M   4 1      21 230
22  87  64  76   6   0  11 0.00  0.0    0  9.3 24 210   M    M   4 138    32 210
23  82  61  72   1   0   7    T  0.0    0  9.5 20 210   M    M   4 3      28 190
24  79  57  68  -3   0   3 0.00  0.0    0  2.0 10 350   M    M   0        13 350
25  78  64  71   0   0   6 0.37  0.0    0  5.1 14 180   M    M   8 18     17 180
26  75  64  70  -1   0   5 0.22  0.0    0  8.4 15  80   M    M   8 1      21  70
27  64  58  61 -10   4   0 3.78  0.0    0 20.5 32 340   M    M  10 1      44 350
28  78  58  68  -4   0   3 0.00  0.0    0  8.0 18 320   M    M   1        24 320
29  68  62  65  -7   0   0 0.01  0.0    0  6.0 17 140   M    M   8 18     24 150
================================================================================
SM 2204 1701        26 164  8.50     0.0 211.8          M      151
================================================================================
AV 78.7 60.8                               7.3 FASTST   M    M   5    MAX(MPH)
                                 MISC ---->  # 32 240               # 48  220
================================================================================
NOTES:
# LAST OF SEVERAL OCCURRENCES

COLUMN 17 PEAK WIND IN M.P.H.

PRELIMINARY LOCAL CLIMATOLOGICAL DATA (WS FORM: F-6) , PAGE 2

                                          STATION:  DEFIANCE MEMORIAL
                                          MONTH:    JUNE
                                          YEAR:     2015
                                          LATITUDE:   41 20 N
                                          LONGITUDE:  84 26 W

[TEMPERATURE DATA]      [PRECIPITATION DATA]       SYMBOLS USED IN COLUMN 16

AVERAGE MONTHLY: 69.7   TOTAL FOR MONTH:   8.50    1 = FOG OR MIST
DPTR FM NORMAL:   1.4   DPTR FM NORMAL:    5.14    2 = FOG REDUCING VISIBILITY
HIGHEST:    89 ON 13,10 GRTST 24HR  3.99 ON 26-27      TO 1/4 MILE OR LESS
LOWEST:     45 ON  2                               3 = THUNDER
                        SNOW, ICE PELLETS, HAIL    4 = ICE PELLETS
                        TOTAL MONTH:   0.0 INCH    5 = HAIL
                        GRTST 24HR     0.0         6 = FREEZING RAIN OR DRIZZLE
                        GRTST DEPTH:   0           7 = DUSTSTORM OR SANDSTORM:
                                                       VSBY 1/2 MILE OR LESS
                                                   8 = SMOKE OR HAZE
[NO. OF DAYS WITH]      [WEATHER - DAYS WITH]      9 = BLOWING SNOW
                                                   X = TORNADO
MAX 32 OR BELOW:   0    0.01 INCH OR MORE:  15
MAX 90 OR ABOVE:   0    0.10 INCH OR MORE:  10
MIN 32 OR BELOW:   0    0.50 INCH OR MORE:   5
MIN  0 OR BELOW:   0    1.00 INCH OR MORE:   2

[HDD (BASE 65) ]
TOTAL THIS MO.    26    CLEAR  (SCALE 0-3)   6
DPTR FM NORMAL   -15    PTCLDY (SCALE 4-7)  19
TOTAL FM JUL 1  6486    CLOUDY (SCALE 8-10)  4
DPTR FM NORMAL   251

[CDD (BASE 65) ]
TOTAL THIS MO.   164
DPTR FM NORMAL    24    [PRESSURE DATA]
TOTAL FM JAN 1   273    HIGHEST SLP M ON M
DPTR FM NORMAL    88    LOWEST  SLP 29.62 ON  8

[REMARKS]
