000
CXUS56 KTFX 261205
CF6DLN
PRELIMINARY LOCAL CLIMATOLOGICAL DATA (WS FORM: F-6)

                                          STATION:   DILLON AIRPORT MT
                                          MONTH:     MARCH
                                          YEAR:      2015
                                          LATITUDE:   45 15 N
                                          LONGITUDE: 112 33 W

  TEMPERATURE IN F:       :PCPN:    SNOW:  WIND      :SUNSHINE: SKY     :PK WND
================================================================================
1   2   3   4   5  6A  6B    7    8   9   10  11  12  13   14  15   16   17  18
                                     12Z  AVG MX 2MIN
DY MAX MIN AVG DEP HDD CDD  WTR  SNW DPTH SPD SPD DIR MIN PSBL S-S WX    SPD DR
================================================================================

 1  36   1  19 -11  46   0 0.00    M    0  4.0  9 170   M    M   0        11 200
 2  43  12  28  -2  37   0    T    M    0 11.9 30  40   M    M   2 1      36  40
 3  23   3  13 -18  52   0    T    M    1  9.5 26  30   M    M   4 18     34  10
 4  37  -1  18 -13  47   0 0.00    M    T  9.4 24 250   M    M   0        30 240
 5  48  22  35   4  30   0 0.00    M    0 13.5 25 220   M    M   0        29 220
 6  59  31  45  13  20   0 0.00    M    0 11.7 22 220   M    M   1 8      26 220
 7  57  26  42  10  23   0 0.00    M    0 10.6 23 250   M    M   0 8      27 250
 8  55  21  38   6  27   0 0.00    M    0 11.7 24 240   M    M   0        30 260
 9  60  22  41   8  24   0 0.00    M    0 12.6 25 260   M    M   0 8      31 230
10  64  26  45  12  20   0 0.00    M    0 10.7 20 220   M    M   0        25 240
11  60  34  47  14  18   0 0.00    M    0 10.4 23 180   M    M   4        29 180
12  59  34  47  13  18   0 0.00    M    0  8.6 17 250   M    M   6        20 280
13  65  24  45  11  20   0 0.00    M    0  6.2 15 130   M    M   0        17 130
14  65  40  53  19  12   0 0.00    M    0 13.1 31 260   M    M   4        41 250
15  63  45  54  20  11   0    T    M    0 11.3 24 200   M    M   7        33 200
16  56  35  46  11  19   0    T    M    0 13.6 24  40   M    M   5        30  50
17  41  32  37   2  28   0 0.08    M    0  5.5 14  30   M    M   9 12     17  30
18  52  31  42   7  23   0 0.01    M    0 13.0 29 270   M    M   4 1      34 270
19  60  23  42   7  23   0 0.00    M    0  9.0 20 280   M    M   0        22 280
20  67  33  50  14  15   0 0.00    M    0 10.8 25 210   M    M   0        31 210
21  61  36  49  13  16   0 0.00    M    0 11.4 35 260   M    M   3 8      40 260
22  59  25  42   6  23   0 0.00    M    0  9.1 22 220   M    M   1 8      25 220
23  52  33  43   7  22   0    T    M    0 12.6 33 230   M    M   4 8      40 220
24  47  24  36   0  29   0 0.05    M    0  9.9 26 250   M    M   6        34 250
25  51  24  38   1  27   0 0.00    M    0 13.8 26 260   M    M   5        31 250
================================================================================
SM 1340  636       630   0  0.14    M    263.9          M       65
================================================================================
AV 53.6 25.4                              10.6 FASTST   M    M   3    MAX(MPH)
                                 MISC ---->  # 35 260               # 41  250
================================================================================
NOTES:
# LAST OF SEVERAL OCCURRENCES

COLUMN 17 PEAK WIND IN M.P.H.

PRELIMINARY LOCAL CLIMATOLOGICAL DATA (WS FORM: F-6) , PAGE 2

                                          STATION:  DILLON AIRPORT MT
                                          MONTH:    MARCH
                                          YEAR:     2015
                                          LATITUDE:   45 15 N
                                          LONGITUDE: 112 33 W

[TEMPERATURE DATA]      [PRECIPITATION DATA]       SYMBOLS USED IN COLUMN 16

AVERAGE MONTHLY: 39.5   TOTAL FOR MONTH:   0.14    1 = FOG OR MIST
DPTR FM NORMAL:   5.9   DPTR FM NORMAL:   -0.27    2 = FOG REDUCING VISIBILITY
HIGHEST:    67 ON 20    GRTST 24HR  0.08 ON 17-17      TO 1/4 MILE OR LESS
LOWEST:     -1 ON  4                               3 = THUNDER
                        SNOW, ICE PELLETS, HAIL    4 = ICE PELLETS
                        TOTAL MONTH:    M          5 = HAIL
                        GRTST 24HR    M  ON   M    6 = FREEZING RAIN OR DRIZZLE
                        GRTST DEPTH:   1 ON  3     7 = DUSTSTORM OR SANDSTORM:
                                                       VSBY 1/2 MILE OR LESS
                                                   8 = SMOKE OR HAZE
[NO. OF DAYS WITH]      [WEATHER - DAYS WITH]      9 = BLOWING SNOW
                                                   X = TORNADO
MAX 32 OR BELOW:   1    0.01 INCH OR MORE:   3
MAX 90 OR ABOVE:   0    0.10 INCH OR MORE:   0
MIN 32 OR BELOW:  17    0.50 INCH OR MORE:   0
MIN  0 OR BELOW:   1    1.00 INCH OR MORE:   0

[HDD (BASE 65) ]
TOTAL THIS MO.   630    CLEAR  (SCALE 0-3)  14
DPTR FM NORMAL  -154    PTCLDY (SCALE 4-7)  10
TOTAL FM JUL 1  5742    CLOUDY (SCALE 8-10)  1
DPTR FM NORMAL  -959

[CDD (BASE 65) ]
TOTAL THIS MO.     0
DPTR FM NORMAL     0    [PRESSURE DATA]
TOTAL FM JAN 1     0    HIGHEST SLP M ON M
DPTR FM NORMAL     0    LOWEST  SLP 29.75 ON 23

[REMARKS]
