000
CXUS51 KLWX 230620
CF6DMH
PRELIMINARY LOCAL CLIMATOLOGICAL DATA (WS FORM: F-6)

                                          STATION:   BALTIMORE INNER HARBOR MD
                                          MONTH:     MAY
                                          YEAR:      2017
                                          LATITUDE:   39 16 N
                                          LONGITUDE:  76 37 W

  TEMPERATURE IN F:       :PCPN:    SNOW:  WIND      :SUNSHINE: SKY     :PK WND
================================================================================
1   2   3   4   5  6A  6B    7    8   9   10  11  12  13   14  15   16   17  18
                                     12Z  AVG MX 2MIN
DY MAX MIN AVG DEP HDD CDD  WTR  SNW DPTH SPD SPD DIR MIN PSBL S-S WX    SPD DR
================================================================================

 1  84  60  72  10   0   7 0.00    M    M   M   M   M   M    M   M         M  M
 2  78  65  72  10   0   7 0.00    M    M   M   M   M   M    M   M         M  M
 3  67  57  62   0   3   0 0.00    M    M   M   M   M   M    M   M         M  M
 4  66  55  61  -1   4   0 0.08    M    M   M   M   M   M    M   M         M  M
 5  71  57  64   1   1   0 1.42    M    M   M   M   M   M    M   M         M  M
 6  68  51  60  -3   5   0 0.00    M    M   M   M   M   M    M   M         M  M
 7  64  48  56  -7   9   0 0.00    M    M   M   M   M   M    M   M         M  M
 8  64  46  55  -9  10   0 0.00    M    M   M   M   M   M    M   M         M  M
 9  67  49  58  -6   7   0 0.00    M    M   M   M   M   M    M   M         M  M
10  74  53  64   0   1   0 0.00    M    M   M   M   M   M    M   M         M  M
11  63  52  58  -6   7   0 0.28    M    M   M   M   M   M    M   M         M  M
12  60  50  55 -10  10   0 0.07    M    M   M   M   M   M    M   M         M  M
13  58  50  54 -11  11   0 0.84    M    M   M   M   M   M    M   M         M  M
14  79  49  64  -1   1   0 0.00    M    M   M   M   M   M    M   M         M  M
15  76  53  65  -1   0   0 0.00    M    M   M   M   M   M    M   M         M  M
16  81  57  69   3   0   4 0.00    M    M   M   M   M   M    M   M         M  M
17  92  64  78  12   0  13 0.00    M    M   M   M   M   M    M   M         M  M
18  94  75  85  18   0  20 0.00    M    M   M   M   M   M    M   M         M  M
19  93  70  82  15   0  17 0.43    M    M   M   M   M   M    M   M         M  M
20  72  61  67   0   0   2 0.00    M    M   M   M   M   M    M   M         M  M
21  68  59  64  -4   1   0 0.00    M    M   M   M   M   M    M   M         M  M
22  69  58  64  -4   1   0 0.10    M    M   M   M   M   M    M   0         M  M
================================================================================
SM 1608 1239        71  70  3.22    M        M          M        0
================================================================================
AV 73.1 56.3                                 M FASTST   M    M   0    MAX(MPH)
                                 MISC ---->     M   M                  M    M
================================================================================
NOTES:
# LAST OF SEVERAL OCCURRENCES

COLUMN 17 PEAK WIND IN M.P.H.

PRELIMINARY LOCAL CLIMATOLOGICAL DATA (WS FORM: F-6) , PAGE 2

                                          STATION:  BALTIMORE INNER HARBOR MD
                                          MONTH:    MAY
                                          YEAR:     2017
                                          LATITUDE:   39 16 N
                                          LONGITUDE:  76 37 W

[TEMPERATURE DATA]      [PRECIPITATION DATA]       SYMBOLS USED IN COLUMN 16

AVERAGE MONTHLY: 64.7   TOTAL FOR MONTH:   3.22    1 = FOG OR MIST
DPTR FM NORMAL:   0.0   DPTR FM NORMAL:    0.89    2 = FOG REDUCING VISIBILITY
HIGHEST:    94 ON 18    GRTST 24HR  1.42 ON  5- 5      TO 1/4 MILE OR LESS
LOWEST:     46 ON  8                               3 = THUNDER
                        SNOW, ICE PELLETS, HAIL    4 = ICE PELLETS
                        TOTAL MONTH:    M          5 = HAIL
                        GRTST 24HR    M  ON   M    6 = FREEZING RAIN OR DRIZZLE
                        GRTST DEPTH:  M  ON   M    7 = DUSTSTORM OR SANDSTORM:
                                                       VSBY 1/2 MILE OR LESS
                                                   8 = SMOKE OR HAZE
[NO. OF DAYS WITH]      [WEATHER - DAYS WITH]      9 = BLOWING SNOW
                                                   X = TORNADO
MAX 32 OR BELOW:   0    0.01 INCH OR MORE:   7
MAX 90 OR ABOVE:   3    0.10 INCH OR MORE:   5
MIN 32 OR BELOW:   0    0.50 INCH OR MORE:   2
MIN  0 OR BELOW:   0    1.00 INCH OR MORE:   1

[HDD (BASE 65) ]
TOTAL THIS MO.    71    CLEAR  (SCALE 0-3)   1
DPTR FM NORMAL     1    PTCLDY (SCALE 4-7)   0
TOTAL FM JUL 1  3241    CLOUDY (SCALE 8-10)  0
DPTR FM NORMAL  -774

[CDD (BASE 65) ]
TOTAL THIS MO.    70
DPTR FM NORMAL     7    [PRESSURE DATA]
TOTAL FM JAN 1   152    HIGHEST SLP M ON M
DPTR FM NORMAL    64    LOWEST  SLP 29.33 ON  6

[REMARKS]
