000
CXUS55 KEAX 280736
CF6DMO
PRELIMINARY LOCAL CLIMATOLOGICAL DATA (WS FORM: F-6)

                                          STATION:   SEDALIA MO
                                          MONTH:     JULY
                                          YEAR:      2015
                                          LATITUDE:   38 42 N
                                          LONGITUDE:  93  6 W

  TEMPERATURE IN F:       :PCPN:    SNOW:  WIND      :SUNSHINE: SKY     :PK WND
================================================================================
1   2   3   4   5  6A  6B    7    8   9   10  11  12  13   14  15   16   17  18
                                     12Z  AVG MX 2MIN
DY MAX MIN AVG DEP HDD CDD  WTR  SNW DPTH SPD SPD DIR MIN PSBL S-S WX    SPD DR
================================================================================

 1  84  69  77  -1   0  12 4.25    M    M  7.3 23 190   M    M   8 18     32 210
 2  77  69  73  -5   0   8 0.01    M    M  6.5 14  50   M    M  10 1      19  60
 3  81  65  73  -5   0   8 0.00    M    M  4.4 12  60   M    M   4        17  40
 4  84  61  73  -5   0   8 0.00    M    M  3.6  9 150   M    M   0 18     16 160
 5  89  67  78  -1   0  13 0.00    M    M  8.4 17 180   M    M   1 18     22 170
 6  90  73  82   3   0  17 0.12    M    M 10.9 20 180   M    M   1 1      27 210
 7  73  64  69 -10   0   4 0.89    M    M  7.8 16  20   M    M  10 18     22 340
 8  72  61  67 -12   0   2    M    M    M  8.0 22 100   M    M  10 1      28 100
 9  77  61  69 -10   0   4    T    M    M  4.4  9 110   M    M   6        13 130
10  84  67  76  -3   0  11 0.00    M    M  3.5 10 160   M    M   7 18     13 190
11  91  75  83   4   0  18 0.00    M    M 11.8 22 220   M    M   1        28 210
12  93  75  84   5   0  19 0.00    M    M  9.6 17 230   M    M   1        24 210
13  95  78  87   8   0  22    T    M    M 11.0 18 220   M    M   0        25 210
14  96  78  87   8   0  22 0.00    M    M  5.5 17 230   M    M   0        23 250
15  88  75  82   3   0  17 0.00    M    M  7.2 18  70   M    M   1        23  70
16  93  75  84   5   0  19 0.00    M    M 11.5 21 190   M    M   0        27 190
17  94  79  87   8   0  22 0.00    M    M 11.4 20 220   M    M   0        25 230
18  93  79  86   7   0  21    T    M    M 10.4 21 210   M    M   1        29 210
19  87  72  80   1   0  15 0.01    M    M  7.5 24  50   M    M   5 3      35  40
20  87  74  81   2   0  16 0.72    M    M  5.3 17 200   M    M   3 13     25 230
21  83  67  75  -4   0  10 0.00    M    M  4.0 12  30   M    M   1        14  50
22  84  66  75  -4   0  10 0.00    M    M  5.7 14 100   M    M   5        17 130
23  88  69  79   0   0  14 0.00    M    M  5.2 10 120   M    M   1 18     14  90
24  93  71  82   3   0  17 0.01    M    M  6.5 26  40   M    M   0 138    37  40
25  92  70  81   2   0  16 0.12    M    M  6.8 26  20   M    M   3 13     38 360
26  94  78  86   6   0  21    T    M    M  5.7 13 220   M    M   2 13     16 220
27  95  76  86   6   0  21 0.00    M    M  6.2 13  60   M    M   0 18     17  60
================================================================================
SM 2357 1914         0 387  6.13    M    196.1          M       81
================================================================================
AV 87.3 70.9                               7.3 FASTST   M    M   3    MAX(MPH)
                                 MISC ---->  # 26  40               # 38  360
================================================================================
NOTES:
# LAST OF SEVERAL OCCURRENCES

COLUMN 17 PEAK WIND IN M.P.H.

PRELIMINARY LOCAL CLIMATOLOGICAL DATA (WS FORM: F-6) , PAGE 2

                                          STATION:  SEDALIA MO
                                          MONTH:    JULY
                                          YEAR:     2015
                                          LATITUDE:   38 42 N
                                          LONGITUDE:  93  6 W

[TEMPERATURE DATA]      [PRECIPITATION DATA]       SYMBOLS USED IN COLUMN 16

AVERAGE MONTHLY: 79.1   TOTAL FOR MONTH:   6.13    1 = FOG OR MIST
DPTR FM NORMAL:   0.2   DPTR FM NORMAL:    2.33    2 = FOG REDUCING VISIBILITY
HIGHEST:    96 ON 14    GRTST 24HR  4.25 ON  1- 1      TO 1/4 MILE OR LESS
LOWEST:     61 ON  9, 8                            3 = THUNDER
                        SNOW, ICE PELLETS, HAIL    4 = ICE PELLETS
                        TOTAL MONTH:    M          5 = HAIL
                        GRTST 24HR    M  ON   M    6 = FREEZING RAIN OR DRIZZLE
                        GRTST DEPTH:  M  ON   M    7 = DUSTSTORM OR SANDSTORM:
                                                       VSBY 1/2 MILE OR LESS
                                                   8 = SMOKE OR HAZE
[NO. OF DAYS WITH]      [WEATHER - DAYS WITH]      9 = BLOWING SNOW
                                                   X = TORNADO
MAX 32 OR BELOW:   0    0.01 INCH OR MORE:   8
MAX 90 OR ABOVE:  12    0.10 INCH OR MORE:   5
MIN 32 OR BELOW:   0    0.50 INCH OR MORE:   3
MIN  0 OR BELOW:   0    1.00 INCH OR MORE:   1

[HDD (BASE 65) ]
TOTAL THIS MO.     0    CLEAR  (SCALE 0-3)  18
DPTR FM NORMAL     0    PTCLDY (SCALE 4-7)   6
TOTAL FM JUL 1     0    CLOUDY (SCALE 8-10)  3
DPTR FM NORMAL     0

[CDD (BASE 65) ]
TOTAL THIS MO.   387
DPTR FM NORMAL    12    [PRESSURE DATA]
TOTAL FM JAN 1   853    HIGHEST SLP  0.00 ON M
DPTR FM NORMAL    35    LOWEST  SLP  0.00 ON M

[REMARKS]
