000
CXUS55 KCAE 251400
CF6DNL
PRELIMINARY LOCAL CLIMATOLOGICAL DATA (WS FORM: F-6)

                                          STATION:   AUGUSTA DANIEL FIELD GA
                                          MONTH:     OCTOBER
                                          YEAR:      2014
                                          LATITUDE:   33 28 N
                                          LONGITUDE:  82  2 W

  TEMPERATURE IN F:       :PCPN:    SNOW:  WIND      :SUNSHINE: SKY     :PK WND
================================================================================
1   2   3   4   5  6A  6B    7    8   9   10  11  12  13   14  15   16   17  18
                                     12Z  AVG MX 2MIN
DY MAX MIN AVG DEP HDD CDD  WTR  SNW DPTH SPD SPD DIR MIN PSBL S-S WX    SPD DR
================================================================================

 1  87  65  76   5   0  11 0.00    M    M  3.1  9 120   M    M   1 1      12 340
 2  87  66  77   6   0  12 0.00    M    M  3.6 10 140   M    M   1        14 150
 3  83  65  74   4   0   9 0.61    M    M  6.1 17 180   M    M   6 12     22 180
 4  72  54  63  -7   2   0 0.00    M    M  9.0 20 320   M    M   0        27 280
 5  71  47  59 -11   6   0 0.00    M    M  2.4 12 270   M    M   0        17 250
 6  80  50  65  -4   0   0 0.00    M    M  5.7 17 200   M    M   0        20 200
 7  83  57  70   1   0   5 0.00    M    M  5.4 16 160   M    M   0        21 180
 8  90  67  79  11   0  14 0.00    M    M  6.0 15 300   M    M   0        21 300
 9  87  66  77   9   0  12    T    M    M  5.3 10 130   M    M   0 1      14 140
10  90  66  78  10   0  13    T    M    M  5.2 14 200   M    M   2        17 200
11  90  71  81  13   0  16 0.00    M    M  5.7 14 230   M    M   2        22 220
12  88  68  78  11   0  13 0.00    M    M  5.7 17  40   M    M   5 8      21  30
13  88  70  79  12   0  14 0.00    M    M  7.6 15 140   M    M   6 18     23 130
14  79  68  74   8   0   9 0.38    M    M 10.0 20 170   M    M   8 1      29 160
15  74  59  67   1   0   2 0.00    M    M  3.7 13 220   M    M   5        19 280
16  69  58  64  -2   1   0 0.00    M    M  6.5 15 300   M    M   6        24 290
17  80  52  66   0   0   1 0.00    M    M  4.0 12 220   M    M   0        16 260
18  82  62  72   7   0   7 0.00    M    M  7.3 16 300   M    M   0        21 270
19  74  51  63  -2   2   0 0.00  0.0    0  3.3  9 360   M    M   0        17  80
20  77  51  64  -1   1   0 0.00  0.0    0  2.4 10 210   M    M   0        16 210
21  79  56  68   4   0   3 0.00    M    M  5.3 15 310   M    M   0        21 280
22  71  50  61  -3   4   0 0.00    M    M  6.4 14 330   M    M   0        19  20
23  72  46  59  -5   6   0 0.00    M    M  4.7 12 330   M    M   0        16 340
24  75  51  63   0   2   0 0.00    M    M  3.3  9 100   M    M   0        12 100
================================================================================
SM 1928 1416        24 141  0.99     0.0 127.7          M       42
================================================================================
AV 80.3 59.0                               5.3 FASTST   M    M   2    MAX(MPH)
                                 MISC ---->  # 20 320               # 29  160
================================================================================
NOTES:
# LAST OF SEVERAL OCCURRENCES

COLUMN 17 PEAK WIND IN M.P.H.

PRELIMINARY LOCAL CLIMATOLOGICAL DATA (WS FORM: F-6) , PAGE 2

                                          STATION:  AUGUSTA DANIEL FIELD GA
                                          MONTH:    OCTOBER
                                          YEAR:     2014
                                          LATITUDE:   33 28 N
                                          LONGITUDE:  82  2 W

[TEMPERATURE DATA]      [PRECIPITATION DATA]       SYMBOLS USED IN COLUMN 16

AVERAGE MONTHLY: 69.7   TOTAL FOR MONTH:   0.99    1 = FOG OR MIST
DPTR FM NORMAL:   2.6   DPTR FM NORMAL:   -1.71    2 = FOG REDUCING VISIBILITY
HIGHEST:    90 ON 11,10 GRTST 24HR  0.61 ON  3- 3      TO 1/4 MILE OR LESS
LOWEST:     46 ON 23                               3 = THUNDER
                        SNOW, ICE PELLETS, HAIL    4 = ICE PELLETS
                        TOTAL MONTH:   0.0 INCH    5 = HAIL
                        GRTST 24HR     0.0         6 = FREEZING RAIN OR DRIZZLE
                        GRTST DEPTH:   0           7 = DUSTSTORM OR SANDSTORM:
                                                       VSBY 1/2 MILE OR LESS
                                                   8 = SMOKE OR HAZE
[NO. OF DAYS WITH]      [WEATHER - DAYS WITH]      9 = BLOWING SNOW
                                                   X = TORNADO
MAX 32 OR BELOW:   0    0.01 INCH OR MORE:   2
MAX 90 OR ABOVE:   3    0.10 INCH OR MORE:   2
MIN 32 OR BELOW:   0    0.50 INCH OR MORE:   1
MIN  0 OR BELOW:   0    1.00 INCH OR MORE:   0

[HDD (BASE 65) ]
TOTAL THIS MO.    24    CLEAR  (SCALE 0-3)  18
DPTR FM NORMAL   -21    PTCLDY (SCALE 4-7)   6
TOTAL FM JUL 1    27    CLOUDY (SCALE 8-10)  0
DPTR FM NORMAL   -21

[CDD (BASE 65) ]
TOTAL THIS MO.   141
DPTR FM NORMAL    47    [PRESSURE DATA]
TOTAL FM JAN 1  2594    HIGHEST SLP M ON M
DPTR FM NORMAL   369    LOWEST  SLP 29.76 ON  4

[REMARKS]
