000
CXUS55 KVEF 250940
CF6DRA
PRELIMINARY LOCAL CLIMATOLOGICAL DATA (WS FORM: F-6)

                                          STATION:   DESERT ROCK-MERCURY NV
                                          MONTH:     FEBRUARY
                                          YEAR:      2017
                                          LATITUDE:   36 37 N
                                          LONGITUDE: 116  1 W

  TEMPERATURE IN F:       :PCPN:    SNOW:  WIND      :SUNSHINE: SKY     :PK WND
================================================================================
1   2   3   4   5  6A  6B    7    8   9   10  11  12  13   14  15   16   17  18
                                     12Z  AVG MX 2MIN
DY MAX MIN AVG DEP HDD CDD  WTR  SNW DPTH SPD SPD DIR MIN PSBL S-S WX    SPD DR
================================================================================

 1  61  33  47   2  18   0 0.00  0.0    0  7.1 18 120   M    M   0        24 120
 2  64  39  52   7  13   0 0.00  0.0    0  6.9 21 220   M    M   2        26 220
 3  64  44  54   8  11   0 0.00  0.0    0 14.5 31 190   M    M   3        39 200
 4  60  36  48   2  17   0 0.00  0.0    0  4.2 12 250   M    M   0        17 240
 5  59  35  47   1  18   0 0.00  0.0    0  5.6 25 180   M    M   0        32 190
 6  60  45  53   7  12   0 0.00  0.0    0 14.6 32 200   M    M   3        41 210
 7  69  44  57  11   8   0 0.00  0.0    0 10.2 30 210   M    M   5        39 210
 8  66  43  55   9  10   0 0.00  0.0    0  4.3 17 230   M    M   1        20 240
 9  76  45  61  15   4   0 0.00  0.0    0 15.8 35 200   M    M   0        46 200
10  68  54  61  15   4   0 0.05  0.0    0 25.3 39 190   M    M   5        49 180
11  57  46  52   5  13   0 0.03    M    0 11.0 25 190   M    M   8        31 200
12  60  45  53   6  12   0 0.00  0.0    0 13.3 22  30   M    M   5        26  40
13  66  45  56   9   9   0 0.00  0.0    0 11.5 21  40   M    M   0        25  40
14  66  45  56   9   9   0 0.00  0.0    0 11.2 21  30   M    M   0        25  50
15  67  38  53   6  12   0 0.00  0.0    0  5.1 13 110   M    M   0        15 150
16  69  39  54   6  11   0 0.00  0.0    0  8.9 24 210   M    M   4        33 210
17  60  47  54   6  11   0 0.13    M    0 10.0 28 170   M    M  10 1      35 190
18  53  45  49   1  16   0 0.37    M    0  4.7 24  90   M    M   9 1      31  90
19  56  45  51   3  14   0 0.00  0.0    0  9.0 22 230   M    M   9 1      27 220
20  64  47  56   8   9   0 0.00  0.0    0 12.8 29 190   M    M   7        38 210
21  64  55  60  12   5   0 0.00  0.0    0 25.9 38 200   M    M   0        49 200
22  57  38  48  -1  17   0    T    M    0 15.4 33 200   M    M   3        41 190
23  49  29  39 -10  26   0 0.00  0.0    0  7.1 22 280   M    M   2        28 290
24  48  26  37 -12  28   0 0.00  0.0    0  4.9 15 250   M    M   0        19 280
================================================================================
SM 1483 1008       307   0  0.58     0.0 259.3          M       76
================================================================================
AV 61.8 42.0                              10.8 FASTST   M    M   3    MAX(MPH)
                                 MISC ---->  # 39 190               # 49  180
================================================================================
NOTES:
# LAST OF SEVERAL OCCURRENCES

COLUMN 17 PEAK WIND IN M.P.H.

PRELIMINARY LOCAL CLIMATOLOGICAL DATA (WS FORM: F-6) , PAGE 2

                                          STATION:  DESERT ROCK-MERCURY NV
                                          MONTH:    FEBRUARY
                                          YEAR:     2017
                                          LATITUDE:   36 37 N
                                          LONGITUDE: 116  1 W

[TEMPERATURE DATA]      [PRECIPITATION DATA]       SYMBOLS USED IN COLUMN 16

AVERAGE MONTHLY: 51.9   TOTAL FOR MONTH:   0.58    1 = FOG OR MIST
DPTR FM NORMAL:   4.9   DPTR FM NORMAL:   -0.18    2 = FOG REDUCING VISIBILITY
HIGHEST:    76 ON  9    GRTST 24HR  0.37 ON 18-18      TO 1/4 MILE OR LESS
LOWEST:     26 ON 24                               3 = THUNDER
                        SNOW, ICE PELLETS, HAIL    4 = ICE PELLETS
                        TOTAL MONTH:   0.0 INCH    5 = HAIL
                        GRTST 24HR     0.0         6 = FREEZING RAIN OR DRIZZLE
                        GRTST DEPTH:   0           7 = DUSTSTORM OR SANDSTORM:
                                                       VSBY 1/2 MILE OR LESS
                                                   8 = SMOKE OR HAZE
[NO. OF DAYS WITH]      [WEATHER - DAYS WITH]      9 = BLOWING SNOW
                                                   X = TORNADO
MAX 32 OR BELOW:   0    0.01 INCH OR MORE:   4
MAX 90 OR ABOVE:   0    0.10 INCH OR MORE:   2
MIN 32 OR BELOW:   2    0.50 INCH OR MORE:   0
MIN  0 OR BELOW:   0    1.00 INCH OR MORE:   0

[HDD (BASE 65) ]
TOTAL THIS MO.   307    CLEAR  (SCALE 0-3)  13
DPTR FM NORMAL  -127    PTCLDY (SCALE 4-7)   8
TOTAL FM JUL 1  1975    CLOUDY (SCALE 8-10)  3
DPTR FM NORMAL  -347

[CDD (BASE 65) ]
TOTAL THIS MO.     0
DPTR FM NORMAL     0    [PRESSURE DATA]
TOTAL FM JAN 1     0    HIGHEST SLP M ON M
DPTR FM NORMAL     0    LOWEST  SLP 29.42 ON 18

[REMARKS]
