000
CXUS53 KDMX 300920
CF6DSM
PRELIMINARY LOCAL CLIMATOLOGICAL DATA (WS FORM: F-6)

                                          STATION:   DES MOINES IA
                                          MONTH:     SEPTEMBER
                                          YEAR:      2014
                                          LATITUDE:   41 31 N
                                          LONGITUDE:  93 39 W

  TEMPERATURE IN F:       :PCPN:    SNOW:  WIND      :SUNSHINE: SKY     :PK WND
================================================================================
1   2   3   4   5  6A  6B    7    8   9   10  11  12  13   14  15   16   17  18
                                     12Z  AVG MX 2MIN
DY MAX MIN AVG DEP HDD CDD  WTR  SNW DPTH SPD SPD DIR MIN PSBL S-S WX    SPD DR
================================================================================

 1  81  66  74   3   0   9    T  0.0    0 10.6 29 310   M    M   7 3      35 310
 2  81  61  71   0   0   6 0.00  0.0    0  4.5 21 310   M    M   2        27 310
 3  86  63  75   4   0  10 0.00  0.0    0 10.6 20 190   M    M   3 3      26 220
 4  93  76  85  15   0  20 0.00  0.0    0 13.2 25 200   M    M   3        31 220
 5  77  57  67  -3   0   2 0.09  0.0    0  9.7 21 330   M    M   9 13     29 320
 6  76  51  64  -6   1   0 0.00  0.0    0  5.1 13 250   M    M   1        17 260
 7  77  55  66  -3   0   1 0.00  0.0    0  6.1 17 170   M    M   1        22 160
 8  77  56  67  -2   0   2 0.03  0.0    0 10.2 35 150   M    M   6 3      42 150
 9  78  67  73   4   0   8 3.00  0.0    0 10.8 22 130   M    M   8 13     30 130
10  71  53  62  -6   3   0 0.06  0.0    0 13.7 23 330   M    M  10 13     31 120
11  56  50  53 -15  12   0 0.02  0.0    0  9.9 17  30   M    M  10        21  10
12  54  44  49 -18  16   0 0.27  0.0    0  8.1 20  10   M    M   8 1      24 360
13  62  39  51 -16  14   0 0.00  0.0    0  4.6 15 170   M    M   3 1      21 170
14  71  49  60  -6   5   0 0.00  0.0    0  7.8 14 220   M    M   8        17 230
15  65  49  57  -9   8   0 0.02  0.0    0  7.4 20  10   M    M   7 3      27  10
16  68  43  56 -10   9   0 0.00  0.0    0  4.3 13 220   M    M   1        16 180
17  76  54  65   0   0   0 0.00  0.0    0  4.9 10 160   M    M   6        13 140
18  74  56  65   0   0   0    T  0.0    0  6.8 15 140   M    M   3 128    22 150
19  81  56  69   5   0   4 0.00  0.0    0 14.5 23 180   M    M   5 1      29 160
20  85  62  74  10   0   9 0.06  0.0    0 10.4 28 220   M    M   6 13     36 360
21  73  55  64   1   1   0 0.00  0.0    0 10.9 23 340   M    M   2        29 360
22  74  49  62  -1   3   0 0.00  0.0    0  3.7 10 150   M    M   2        14 190
23  72  54  63   1   2   0 0.00  0.0    0  9.0 17 140   M    M   7        21 170
24  66  58  62   0   3   0 0.38  0.0    0  9.0 20 180   M    M   9 1      24 180
25  79  61  70   8   0   5 0.00  0.0    0  6.0 12 160   M    M   7        13 170
26  83  61  72  11   0   7 0.00  0.0    0  9.0 18 180   M    M   3 8      22 180
27  82  64  73  12   0   8 0.30  0.0    0  6.8 24 250   M    M   6 13     28 250
28  83  61  72  12   0   7 0.00  0.0    0  3.5  9 210   M    M   2 18     12 190
29  85  59  72  12   0   7 0.00  0.0    0  4.2 15  50   M    M   4 18     19  50
================================================================================
SM 2186 1629        77 105  4.23     0.0 235.3          M      149
================================================================================
AV 75.4 56.2                               8.1 FASTST   M    M   5    MAX(MPH)
                                 MISC ---->  # 35 150               # 42  150
================================================================================
NOTES:
# LAST OF SEVERAL OCCURRENCES

COLUMN 17 PEAK WIND IN M.P.H.

PRELIMINARY LOCAL CLIMATOLOGICAL DATA (WS FORM: F-6) , PAGE 2

                                          STATION:  DES MOINES IA
                                          MONTH:    SEPTEMBER
                                          YEAR:     2014
                                          LATITUDE:   41 31 N
                                          LONGITUDE:  93 39 W

[TEMPERATURE DATA]      [PRECIPITATION DATA]       SYMBOLS USED IN COLUMN 16

AVERAGE MONTHLY: 65.8   TOTAL FOR MONTH:   4.23    1 = FOG OR MIST
DPTR FM NORMAL:  -0.1   DPTR FM NORMAL:    1.27    2 = FOG REDUCING VISIBILITY
HIGHEST:    93 ON  4    GRTST 24HR  3.06 ON  9-10      TO 1/4 MILE OR LESS
LOWEST:     39 ON 13                               3 = THUNDER
                        SNOW, ICE PELLETS, HAIL    4 = ICE PELLETS
                        TOTAL MONTH:   0.0 INCH    5 = HAIL
                        GRTST 24HR     0.0         6 = FREEZING RAIN OR DRIZZLE
                        GRTST DEPTH:   0           7 = DUSTSTORM OR SANDSTORM:
                                                       VSBY 1/2 MILE OR LESS
                                                   8 = SMOKE OR HAZE
[NO. OF DAYS WITH]      [WEATHER - DAYS WITH]      9 = BLOWING SNOW
                                                   X = TORNADO
MAX 32 OR BELOW:   0    0.01 INCH OR MORE:  10
MAX 90 OR ABOVE:   1    0.10 INCH OR MORE:   4
MIN 32 OR BELOW:   0    0.50 INCH OR MORE:   1
MIN  0 OR BELOW:   0    1.00 INCH OR MORE:   1

[HDD (BASE 65) ]
TOTAL THIS MO.    77    CLEAR  (SCALE 0-3)  11
DPTR FM NORMAL   -10    PTCLDY (SCALE 4-7)  14
TOTAL FM JUL 1    79    CLOUDY (SCALE 8-10)  4
DPTR FM NORMAL   -14

[CDD (BASE 65) ]
TOTAL THIS MO.   105
DPTR FM NORMAL    -6    [PRESSURE DATA]
TOTAL FM JAN 1  1074    HIGHEST SLP M ON M
DPTR FM NORMAL    24    LOWEST  SLP 29.51 ON 10

[REMARKS]
