000
CXUS53 KDTX 310800
CF6DTW
PRELIMINARY LOCAL CLIMATOLOGICAL DATA (WS FORM: F-6)

                                          STATION:   DETROIT MI
                                          MONTH:     AUGUST
                                          YEAR:      2015
                                          LATITUDE:   42 13 N
                                          LONGITUDE:  83 20 W

  TEMPERATURE IN F:       :PCPN:    SNOW:  WIND      :SUNSHINE: SKY     :PK WND
================================================================================
1   2   3   4   5  6A  6B    7    8   9   10  11  12  13   14  15   16   17  18
                                     12Z  AVG MX 2MIN
DY MAX MIN AVG DEP HDD CDD  WTR  SNW DPTH SPD SPD DIR MIN PSBL S-S WX    SPD DR
================================================================================

 1  85  63  74   1   0   9 0.00  0.0    0  9.3 23 250   M    M   3        30 260
 2  92  62  77   4   0  12 0.50  0.0    0 12.7 30 350   M    M   5 13     35 210
 3  84  63  74   1   0   9 0.32  0.0    0 11.4 13 260   M    M   6 13     17 260
 4  82  60  71  -2   0   6 0.00  0.0    0  8.1 18 280   M    M   5        26 250
 5  81  58  70  -3   0   5 0.00  0.0    0  5.6 14 320   M    M   5        18 340
 6  77  60  69  -4   0   4 0.00  0.0    0  5.9 14  90   M    M   8        20  20
 7  79  59  69  -4   0   4    T  0.0    0  4.8 12 120   M    M   7        16 130
 8  78  66  72  -1   0   7 0.01  0.0    0  4.5 13 360   M    M   9        15  10
 9  80  68  74   1   0   9    T  0.0    0  4.3 12 120   M    M   8        15 110
10  78  69  74   1   0   9 0.41  0.0    0  3.6 14 340   M    M  10 138    17 340
11  82  65  74   1   0   9    T  0.0    0  8.5 17 280   M    M   6        23 300
12  78  59  69  -4   0   4 0.00  0.0    0  7.8 14 320   M    M   4        20 320
13  86  60  73   1   0   8 0.00  0.0    0 10.2 21 210   M    M   6        26 250
14  87  69  78   6   0  13    T  0.0    0 11.1 17  20   M    M   9 3      24  50
15  85  65  75   3   0  10 0.00  0.0    0  4.9 12 180   M    M   6        16 360
16  89  68  79   7   0  14 0.00  0.0    0  7.0 15 200   M    M   2 18     25 210
17  89  70  80   8   0  15    T  0.0    0  7.7 15 180   M    M   5         M  M
18  83  69  76   4   0  11 0.14  0.0    0  5.7 13 170   M    M   9 1      17 340
19  87  71  79   7   0  14 0.43  0.0    0  9.2 21 140   M    M   8 13     29 140
20  77  64  71  -1   0   6 0.60  0.0    0 14.0 24 230   M    M   7 13     35 220
21  79  57  68  -4   0   3 0.00  0.0    0  5.3 16 240   M    M   4        21 240
22  80  60  70  -2   0   5 0.00  0.0    0  3.5 13 140   M    M   4        16 130
23  82  60  71   0   0   6 0.56  0.0    0  6.3 20 290   M    M   7 1      24 290
24  76  56  66  -5   0   1    T  0.0    0 11.0 23 220   M    M   5        29 210
25  66  58  62  -9   3   0 0.01  0.0    0  9.0 16 220   M    M  10        21 290
26  69  58  64  -7   1   0 0.00  0.0    0  6.3 12 280   M    M  10        16 280
27  69  54  62  -9   3   0 0.00  0.0    0  4.6 13 320   M    M   7        16 300
28  76  54  65  -5   0   0 0.00  0.0    0  2.7 10 140   M    M   6 18     14 140
29  78  64  71   1   0   6 0.01  0.0    0  2.1 10 140   M    M  10 18     14 150
30  85  68  77   7   0  12 0.17  0.0    0  3.7  8 190   M    M   8 1238    M  M
================================================================================
SM 2419 1877         7 211  3.16     0.0 210.8          M      199
================================================================================
AV 80.6 62.6                               7.0 FASTST   M    M   7    MAX(MPH)
                                 MISC ---->  # 30 350               # 35  210
================================================================================
NOTES:
# LAST OF SEVERAL OCCURRENCES

COLUMN 17 PEAK WIND IN M.P.H.

PRELIMINARY LOCAL CLIMATOLOGICAL DATA (WS FORM: F-6) , PAGE 2

                                          STATION:  DETROIT MI
                                          MONTH:    AUGUST
                                          YEAR:     2015
                                          LATITUDE:   42 13 N
                                          LONGITUDE:  83 20 W

[TEMPERATURE DATA]      [PRECIPITATION DATA]       SYMBOLS USED IN COLUMN 16

AVERAGE MONTHLY: 71.6   TOTAL FOR MONTH:   3.16    1 = FOG OR MIST
DPTR FM NORMAL:  -0.4   DPTR FM NORMAL:    0.26    2 = FOG REDUCING VISIBILITY
HIGHEST:    92 ON  2    GRTST 24HR  1.03 ON 19-20      TO 1/4 MILE OR LESS
LOWEST:     54 ON 28,27                            3 = THUNDER
                        SNOW, ICE PELLETS, HAIL    4 = ICE PELLETS
                        TOTAL MONTH:   0.0 INCH    5 = HAIL
                        GRTST 24HR     0.0         6 = FREEZING RAIN OR DRIZZLE
                        GRTST DEPTH:   0           7 = DUSTSTORM OR SANDSTORM:
                                                       VSBY 1/2 MILE OR LESS
                                                   8 = SMOKE OR HAZE
[NO. OF DAYS WITH]      [WEATHER - DAYS WITH]      9 = BLOWING SNOW
                                                   X = TORNADO
MAX 32 OR BELOW:   0    0.01 INCH OR MORE:  11
MAX 90 OR ABOVE:   1    0.10 INCH OR MORE:   8
MIN 32 OR BELOW:   0    0.50 INCH OR MORE:   3
MIN  0 OR BELOW:   0    1.00 INCH OR MORE:   0

[HDD (BASE 65) ]
TOTAL THIS MO.     7    CLEAR  (SCALE 0-3)   2
DPTR FM NORMAL     5    PTCLDY (SCALE 4-7)  20
TOTAL FM JUL 1    10    CLOUDY (SCALE 8-10)  8
DPTR FM NORMAL     6

[CDD (BASE 65) ]
TOTAL THIS MO.   211
DPTR FM NORMAL    -8    [PRESSURE DATA]
TOTAL FM JAN 1   709    HIGHEST SLP M ON M
DPTR FM NORMAL     4    LOWEST  SLP 29.61 ON  2

[REMARKS]
