000
CXUS51 KPBZ 250804
CF6DUJ
PRELIMINARY LOCAL CLIMATOLOGICAL DATA (WS FORM: F-6)

                                          STATION:   DUBOIS
                                          MONTH:     SEPTEMBER
                                          YEAR:      2016
                                          LATITUDE:   41 10 N
                                          LONGITUDE:  78 54 W

  TEMPERATURE IN F:       :PCPN:    SNOW:  WIND      :SUNSHINE: SKY     :PK WND
================================================================================
1   2   3   4   5  6A  6B    7    8   9   10  11  12  13   14  15   16   17  18
                                     12Z  AVG MX 2MIN
DY MAX MIN AVG DEP HDD CDD  WTR  SNW DPTH SPD SPD DIR MIN PSBL S-S WX    SPD DR
================================================================================

 1  75  57  66   1   0   1 0.00    M    M  8.4 18  10   M    M   7 1      23  10
 2  75  52  64  -1   1   0 0.00    M    M  6.1 15  10   M    M   4        22  10
 3  77  51  64   0   1   0 0.00    M    M  4.6  9  60   M    M   1        13  60
 4  80  51  66   2   0   1 0.00    M    M  3.6  9 340   M    M   0        13  60
 5  81  53  67   3   0   2 0.00    M    M  2.6 10 310   M    M   0        13 280
 6  85  56  71   8   0   6 0.00    M    M  3.9 14 360   M    M   2        20 270
 7  87  65  76  13   0  11 0.12    M    M  4.9 15 270   M    M   4 1      21 260
 8  85  70  78  15   0  13 0.55    M    M  9.0 24 310   M    M   6 1      33 310
 9  79  68  74  12   0   9 0.09    M    M  4.7 10 320   M    M   9 1      15 220
10  85  68  77  15   0  12 0.00    M    M  8.9 23 230   M    M   7 12     32 200
11  72  53  63   1   2   0 0.08    M    M  7.5 23 260   M    M   6 1      34 270
12  74  47  61   0   4   0 0.00    M    M  4.0 10 220   M    M   1 1      13 240
13  80  55  68   7   0   3 0.00    M    M  5.7 16 210   M    M   2        22 230
14  73  54  64   3   1   0 0.05    M    M  5.1 14 350   M    M   4 1      18 350
15  72  47  60   0   5   0 0.00    M    M  6.0 14  80   M    M   0 1      18  70
16  70  47  59  -1   6   0 0.00    M    M  8.5 17 130   M    M   3        23 130
17  73  61  67   8   0   2 0.20    M    M  7.3 12 180   M    M   8 1      17 180
18  73  66  70  11   0   5 0.33    M    M  4.7 14 260   M    M  10 13     17 260
19  80  65  73  14   0   8 0.00    M    M  3.3  8 230   M    M   5 12      M  M
20  82  55  69  11   0   4 0.00    M    M  2.3  8 270   M    M   0 28     12 320
21  81  57  69  11   0   4 0.00    M    M  4.7 10 110   M    M   0        15 100
22  81  52  67  10   0   2 0.00    M    M  3.9  8 260   M    M   0        12 220
23  84  60  72  15   0   7 0.00    M    M  4.8 13 270   M    M   3        19 270
24  69  47  58   1   7   0 0.00    M    M  7.6 16  60   M    M   5        22  60
================================================================================
SM 1873 1357        27  90  1.42    M    132.1          M       87
================================================================================
AV 78.0 56.5                               5.5 FASTST   M    M   4    MAX(MPH)
                                 MISC ---->  # 24 310               # 34  270
================================================================================
NOTES:
# LAST OF SEVERAL OCCURRENCES

COLUMN 17 PEAK WIND IN M.P.H.

PRELIMINARY LOCAL CLIMATOLOGICAL DATA (WS FORM: F-6) , PAGE 2

                                          STATION:  DUBOIS
                                          MONTH:    SEPTEMBER
                                          YEAR:     2016
                                          LATITUDE:   41 10 N
                                          LONGITUDE:  78 54 W

[TEMPERATURE DATA]      [PRECIPITATION DATA]       SYMBOLS USED IN COLUMN 16

AVERAGE MONTHLY: 67.3   TOTAL FOR MONTH:   1.42    1 = FOG OR MIST
DPTR FM NORMAL:   6.3   DPTR FM NORMAL:   -1.56    2 = FOG REDUCING VISIBILITY
HIGHEST:    87 ON  7    GRTST 24HR  0.64 ON  8- 9      TO 1/4 MILE OR LESS
LOWEST:     47 ON 24,16                            3 = THUNDER
                        SNOW, ICE PELLETS, HAIL    4 = ICE PELLETS
                        TOTAL MONTH:    M          5 = HAIL
                        GRTST 24HR    M  ON   M    6 = FREEZING RAIN OR DRIZZLE
                        GRTST DEPTH:  M  ON   M    7 = DUSTSTORM OR SANDSTORM:
                                                       VSBY 1/2 MILE OR LESS
                                                   8 = SMOKE OR HAZE
[NO. OF DAYS WITH]      [WEATHER - DAYS WITH]      9 = BLOWING SNOW
                                                   X = TORNADO
MAX 32 OR BELOW:   0    0.01 INCH OR MORE:   7
MAX 90 OR ABOVE:   0    0.10 INCH OR MORE:   4
MIN 32 OR BELOW:   0    0.50 INCH OR MORE:   1
MIN  0 OR BELOW:   0    1.00 INCH OR MORE:   0

[HDD (BASE 65) ]
TOTAL THIS MO.    27    CLEAR  (SCALE 0-3)  12
DPTR FM NORMAL   -95    PTCLDY (SCALE 4-7)  10
TOTAL FM JUL 1    40    CLOUDY (SCALE 8-10)  2
DPTR FM NORMAL  -144

[CDD (BASE 65) ]
TOTAL THIS MO.    90
DPTR FM NORMAL    62    [PRESSURE DATA]
TOTAL FM JAN 1   672    HIGHEST SLP M ON M
DPTR FM NORMAL   313    LOWEST  SLP 29.83 ON 10

[REMARKS]
