000
CXUS51 KPBZ 270901
CF6DUJ
PRELIMINARY LOCAL CLIMATOLOGICAL DATA (WS FORM: F-6)

                                          STATION:   DUBOIS
                                          MONTH:     FEBRUARY
                                          YEAR:      2015
                                          LATITUDE:   41 10 N
                                          LONGITUDE:  78 54 W

  TEMPERATURE IN F:       :PCPN:    SNOW:  WIND      :SUNSHINE: SKY     :PK WND
================================================================================
1   2   3   4   5  6A  6B    7    8   9   10  11  12  13   14  15   16   17  18
                                     12Z  AVG MX 2MIN
DY MAX MIN AVG DEP HDD CDD  WTR  SNW DPTH SPD SPD DIR MIN PSBL S-S WX    SPD DR
================================================================================

 1  29  18  24   0  41   0 0.28    M    M  7.9 18 120   M    M  10 1268   25 120
 2  35   6  21  -3  44   0 0.44    M    M 13.8 32 260   M    M   9 168    43 250
 3  21   1  11 -13  54   0    T    M    M 10.4 20 230   0    0   0        30 250
 4  37  22  30   6  35   0 0.07    M    M 10.4 20 340   M    M  10 18     26 330
 5  23  -2  11 -14  54   0    T    M    M 10.3 18 330   M    M   7 18     26 340
 6  21  -2  10 -15  55   0 0.00    M    M 12.4 22 260   M    M   5        31 240
 7  39  20  30   5  35   0 0.00    M    M  7.8 21 240   M    M   7        28 250
 8  45  38  42  17  23   0 0.04    M    M  8.3 17 230   M    M   8 12     23 240
 9  41  21  31   6  34   0 0.03    M    M  6.4 12  20   M    M  10 12     15 360
10  26  18  22  -3  43   0 0.00    M    M  7.4 12  70   M    M  10 1      15 360
11  33  19  26   0  39   0    T    M    M  6.4 16 250   M    M  10 18     20 250
12  30   2  16 -10  49   0 0.01    M    M 15.4 28 300   M    M  10 18     40 300
13  14  -3   6 -20  59   0 0.00    M    M 10.0 17 250   M    M   4 18     23 280
14  24  -1  12 -14  53   0 0.02    M    M 14.6 30 310   M    M  10 128    40 300
15   3 -10  -3 -29  68   0 0.00    M    M 14.5 26 310   M    M   4 8      37 290
16   8 -17  -4 -30  69   0    T    M    M  4.2 12 280   M    M   4 18     15 300
17  18   0   9 -18  56   0    T    M    M  7.0 20 250   M    M   5 18     25 250
18  19   4  12 -15  53   0 0.03    M    M 10.5 24 270   M    M   9 128    32 280
19   4 -10  -3 -30  68   0    T    M    M 13.6 26 280   M    M   7 18     35 280
20   6 -14  -4 -31  69   0 0.00    M    M  8.4 16 240   M    M   1        22 220
21  24   2  13 -15  52   0 0.25    M    M  9.1 18 120   M    M  10 128    24 130
22  29  18  24  -4  41   0    T    M    M  8.5 22 320   M    M  10 18     27 320
23  18  -7   6 -22  59   0    T    M    M  9.9 20 320   M    M   2 8      25 290
24  23 -12   6 -22  59   0 0.00    M    M  8.6 31 240   M    M   3        38 240
25  25  15  20  -9  45   0    T    M    M 13.1 24 240   M    M   6 18     30 250
26  22   9  16 -13  49   0    T    M    M  6.9 14 330   M    M  10 18     17 320
================================================================================
SM  617  135      1306   0  1.17    M    255.8            0    181
================================================================================
AV 23.7  5.2                               9.8 FASTST    0   0   7    MAX(MPH)
                                 MISC ---->  # 32 260               # 43  250
================================================================================
NOTES:
# LAST OF SEVERAL OCCURRENCES

COLUMN 17 PEAK WIND IN M.P.H.

PRELIMINARY LOCAL CLIMATOLOGICAL DATA (WS FORM: F-6) , PAGE 2

                                          STATION:  DUBOIS
                                          MONTH:    FEBRUARY
                                          YEAR:     2015
                                          LATITUDE:   41 10 N
                                          LONGITUDE:  78 54 W

[TEMPERATURE DATA]      [PRECIPITATION DATA]       SYMBOLS USED IN COLUMN 16

AVERAGE MONTHLY: 14.5   TOTAL FOR MONTH:   1.17    1 = FOG OR MIST
DPTR FM NORMAL: -11.7   DPTR FM NORMAL:   -1.00    2 = FOG REDUCING VISIBILITY
HIGHEST:    45 ON  8    GRTST 24HR  0.71 ON  1- 2      TO 1/4 MILE OR LESS
LOWEST:    -17 ON 16                               3 = THUNDER
                        SNOW, ICE PELLETS, HAIL    4 = ICE PELLETS
                        TOTAL MONTH:    M          5 = HAIL
                        GRTST 24HR    M  ON   M    6 = FREEZING RAIN OR DRIZZLE
                        GRTST DEPTH:  M  ON   M    7 = DUSTSTORM OR SANDSTORM:
                                                       VSBY 1/2 MILE OR LESS
                                                   8 = SMOKE OR HAZE
[NO. OF DAYS WITH]      [WEATHER - DAYS WITH]      9 = BLOWING SNOW
                                                   X = TORNADO
MAX 32 OR BELOW:  20    0.01 INCH OR MORE:   9
MAX 90 OR ABOVE:   0    0.10 INCH OR MORE:   3
MIN 32 OR BELOW:  25    0.50 INCH OR MORE:   0
MIN  0 OR BELOW:  11    1.00 INCH OR MORE:   0

[HDD (BASE 65) ]
TOTAL THIS MO.  1306    CLEAR  (SCALE 0-3)   4
DPTR FM NORMAL   298    PTCLDY (SCALE 4-7)  10
TOTAL FM JUL 1  5224    CLOUDY (SCALE 8-10) 12
DPTR FM NORMAL   272

[CDD (BASE 65) ]
TOTAL THIS MO.     0
DPTR FM NORMAL     0    [PRESSURE DATA]
TOTAL FM JAN 1     0    HIGHEST SLP  0.00 ON  3
DPTR FM NORMAL     0    LOWEST  SLP 29.43 ON  2

[REMARKS]
