885
CXUS53 KFGF 160915
CF6DVL
PRELIMINARY LOCAL CLIMATOLOGICAL DATA (WS FORM: F-6)

                                          STATION:   DEVILS LAKE ND
                                          MONTH:     JANUARY
                                          YEAR:      2018
                                          LATITUDE:   48  7 N
                                          LONGITUDE:  98 54 W

  TEMPERATURE IN F:       :PCPN:    SNOW:  WIND      :SUNSHINE: SKY     :PK WND
================================================================================
1   2   3   4   5  6A  6B    7    8   9   10  11  12  13   14  15   16   17  18
                                     12Z  AVG MX 2MIN
DY MAX MIN AVG DEP HDD CDD  WTR  SNW DPTH SPD SPD DIR MIN PSBL S-S WX    SPD DR
================================================================================

 1  -6 -20 -13   M  78   0    M    M    M  9.0 15 230   M    M   0         M  M
 2  14 -10   2   M  63   0    T    M    0 18.4 28 290   M    M   3 18     33 260
 3   1 -14  -6   M  71   0    M    M    0  6.9 13 360   M    M   5         M  M
 4   2  -6  -2   M  67   0    M    M    M 10.9 15 110   M    M   9 1       M  M
 5   4  -6  -1   M  66   0 0.00  0.0    0 11.5 17 150   M    M  10        20 150
 6  22   2  12   M  53   0    M    M    M 16.7 22 160   M    M   7 1      27 180
 7  32  21  27   M  38   0    M    M    M 14.4 21 280   M    M   4 1       M  M
 8  28  22  25   M  40   0    M    M    M  9.2 17 280   M    M   5         M  M
 9  33  20  27   M  38   0    M    M    M 11.9 20 150   M    M   3 1       M  M
10  32  -4  14   M  51   0    M    M    M 16.1 25 350   M    M   9 12     33 360
11  -3 -22 -12   M  77   0    T    M    0 17.7 27 340   M    M   4 18     37 340
12  -9 -27 -18   M  83   0    M    M    M  7.7 14 300   M    M   0         M  M
13   2 -28 -13   M  78   0    T    M    0  6.2 13 190   M    M   1         M  M
14  10  -8   1   M  64   0    M    M    M 17.3 22 320   M    M   9 128    32 340
15  -9 -19 -14   M  79   0    T    M    0 16.6 23 350   M    M   4 8      30 360
================================================================================
SM  153  -99       946   0    T      0.0 190.5          M       73
================================================================================
AV 10.2 -6.6                              12.7 FASTST   M    M   5    MAX(MPH)
                                 MISC ---->    28   M                 37    M
================================================================================
NOTES:
# LAST OF SEVERAL OCCURRENCES

COLUMN 17 PEAK WIND IN M.P.H.

PRELIMINARY LOCAL CLIMATOLOGICAL DATA (WS FORM: F-6) , PAGE 2

                                          STATION:  DEVILS LAKE ND
                                          MONTH:    JANUARY
                                          YEAR:     2018
                                          LATITUDE:   48  7 N
                                          LONGITUDE:  98 54 W

[TEMPERATURE DATA]      [PRECIPITATION DATA]       SYMBOLS USED IN COLUMN 16

AVERAGE MONTHLY:  1.8   TOTAL FOR MONTH:      T    1 = FOG OR MIST
DPTR FM NORMAL:     M   DPTR FM NORMAL:       M    2 = FOG REDUCING VISIBILITY
HIGHEST:    33 ON  9    GRTST 24HR    T  ON 15-15      TO 1/4 MILE OR LESS
LOWEST:    -28 ON 13                               3 = THUNDER
                        SNOW, ICE PELLETS, HAIL    4 = ICE PELLETS
                        TOTAL MONTH:   0.0 INCH    5 = HAIL
                        GRTST 24HR     0.0         6 = FREEZING RAIN OR DRIZZLE
                        GRTST DEPTH:   0           7 = DUSTSTORM OR SANDSTORM:
                                                       VSBY 1/2 MILE OR LESS
                                                   8 = SMOKE OR HAZE
[NO. OF DAYS WITH]      [WEATHER - DAYS WITH]      9 = BLOWING SNOW
                                                   X = TORNADO
MAX 32 OR BELOW:  14    0.01 INCH OR MORE:   0
MAX 90 OR ABOVE:   0    0.10 INCH OR MORE:   0
MIN 32 OR BELOW:  15    0.50 INCH OR MORE:   0
MIN  0 OR BELOW:  11    1.00 INCH OR MORE:   0

[HDD (BASE 65) ]
TOTAL THIS MO.   946    CLEAR  (SCALE 0-3)   4
DPTR FM NORMAL     M    PTCLDY (SCALE 4-7)   7
TOTAL FM JUL 1  4672    CLOUDY (SCALE 8-10)  4
DPTR FM NORMAL  1216

[CDD (BASE 65) ]
TOTAL THIS MO.     0
DPTR FM NORMAL     M    [PRESSURE DATA]
TOTAL FM JAN 1     0    HIGHEST SLP M ON M
DPTR FM NORMAL     M    LOWEST  SLP M ON M

[REMARKS]
