000
CXUS55 KDVN 251100
CF6DVN
PRELIMINARY LOCAL CLIMATOLOGICAL DATA (WS FORM: F-6)

                                          STATION:   DAVENPORT IA
                                          MONTH:     DECEMBER
                                          YEAR:      2014
                                          LATITUDE:   41 37 N
                                          LONGITUDE:  90 35 W

  TEMPERATURE IN F:       :PCPN:    SNOW:  WIND      :SUNSHINE: SKY     :PK WND
================================================================================
1   2   3   4   5  6A  6B    7    8   9   10  11  12  13   14  15   16   17  18
                                     12Z  AVG MX 2MIN
DY MAX MIN AVG DEP HDD CDD  WTR  SNW DPTH SPD SPD DIR MIN PSBL S-S WX    SPD DR
================================================================================

 1  19  10  15 -16  50   0 0.00  0.0    0 11.0 23 350   M    M   0        27 340
 2  31  10  21  -9  44   0 0.00  0.0    0  8.7 15 180   M    M   3        19 180
 3  36  18  27  -3  38   0 0.00  0.0    0  9.1 18 300   M    M   0        23 300
 4  33  20  27  -2  38   0 0.00  0.0    0  9.6 16 130   M    M   7        19 120
 5  38  32  35   6  30   0 0.00  0.0    0  7.0 12  10   M    M  10 128    13  10
 6  41  26  34   6  31   0 0.00  0.0    0  9.9 16  50   M    M   5 18     19  30
 7  36  24  30   2  35   0    T  0.0    0 10.9 20 130   M    M   1 18     22 140
 8  39  30  35   7  30   0 0.01  0.0    0 14.3 26 300   M    M  10 1      34 300
 9  37  25  31   4  34   0    T    T    0  8.9 22 330   M    M   9        26 330
10  33  26  30   3  35   0 0.00  0.0    0  4.8  9  50   M    M  10        11  70
11  33  19  26   0  39   0 0.00  0.0    0  4.9 10 300   M    M   5 18     13 290
12  37  23  30   4  35   0 0.01  0.0    0  5.8 10 190   M    M   8 18     13 210
13  49  30  40  14  25   0    T  0.0    0  8.0 15 200   M    M   7 18     20 200
14  52  45  49  24  16   0    T  0.0    0 11.0 20 150   M    M  10 1      24 160
15  49  45  47  22  18   0 0.28  0.0    0 13.2 23 160   M    M  10 1      30 120
16  45  20  33   8  32   0 0.14    T    0 19.0 30 300   M    M  10 1      36 300
17  27  14  21  -3  44   0    T    T    0 10.2 21 300   M    M   6        26 300
18  26  14  20  -4  45   0 0.00  0.0    0  1.8  7 350   M    M   3        10 310
19  31  13  22  -2  43   0    T    T    0  4.0  9  70   M    M   5 18     10  70
20  33  28  31   7  34   0    T    T    0  7.6 13 140   M    M  10 18     14 150
21  40  33  37  14  28   0    T  0.0    0 14.1 23 150   M    M  10 18     28 160
22  41  35  38  15  27   0 0.16  0.0    0 12.6 21 150   M    M  10 18     25 130
23  44  37  41  18  24   0 0.15  0.0    0 11.4 23 240   M    M  10 1      29 220
24  37  33  35  12  30   0    T    T    0 10.7 18 280   M    M  10 1      23 300
================================================================================
SM  887  610       805   0  0.75    T    228.5          M      169
================================================================================
AV 37.0 25.4                               9.5 FASTST   M    M   7    MAX(MPH)
                                 MISC ---->  # 30 300               # 36  300
================================================================================
NOTES:
# LAST OF SEVERAL OCCURRENCES

COLUMN 17 PEAK WIND IN M.P.H.

PRELIMINARY LOCAL CLIMATOLOGICAL DATA (WS FORM: F-6) , PAGE 2

                                          STATION:  DAVENPORT IA
                                          MONTH:    DECEMBER
                                          YEAR:     2014
                                          LATITUDE:   41 37 N
                                          LONGITUDE:  90 35 W

[TEMPERATURE DATA]      [PRECIPITATION DATA]       SYMBOLS USED IN COLUMN 16

AVERAGE MONTHLY: 31.2   TOTAL FOR MONTH:   0.75    1 = FOG OR MIST
DPTR FM NORMAL:   5.0   DPTR FM NORMAL:   -0.76    2 = FOG REDUCING VISIBILITY
HIGHEST:    52 ON 14    GRTST 24HR  0.42 ON 15-16      TO 1/4 MILE OR LESS
LOWEST:     10 ON  2, 1                            3 = THUNDER
                        SNOW, ICE PELLETS, HAIL    4 = ICE PELLETS
                        TOTAL MONTH:    T          5 = HAIL
                        GRTST 24HR    T  ON 24-24  6 = FREEZING RAIN OR DRIZZLE
                        GRTST DEPTH:   0           7 = DUSTSTORM OR SANDSTORM:
                                                       VSBY 1/2 MILE OR LESS
                                                   8 = SMOKE OR HAZE
[NO. OF DAYS WITH]      [WEATHER - DAYS WITH]      9 = BLOWING SNOW
                                                   X = TORNADO
MAX 32 OR BELOW:   5    0.01 INCH OR MORE:   6
MAX 90 OR ABOVE:   0    0.10 INCH OR MORE:   4
MIN 32 OR BELOW:  18    0.50 INCH OR MORE:   0
MIN  0 OR BELOW:   0    1.00 INCH OR MORE:   0

[HDD (BASE 65) ]
TOTAL THIS MO.   805    CLEAR  (SCALE 0-3)   5
DPTR FM NORMAL  -127    PTCLDY (SCALE 4-7)   6
TOTAL FM JUL 1  2410    CLOUDY (SCALE 8-10) 13
DPTR FM NORMAL   130

[CDD (BASE 65) ]
TOTAL THIS MO.     0
DPTR FM NORMAL     0    [PRESSURE DATA]
TOTAL FM JAN 1   728    HIGHEST SLP M ON M
DPTR FM NORMAL   -58    LOWEST  SLP 29.45 ON 23

[REMARKS]
