000
CXUS55 KPSR 191005
CF6DVT
PRELIMINARY LOCAL CLIMATOLOGICAL DATA (WS FORM: F-6)

                                          STATION:   DEER VLY/PHOENIX AZ
                                          MONTH:     OCTOBER
                                          YEAR:      2014
                                          LATITUDE:   33 41 N
                                          LONGITUDE: 112  4 W

  TEMPERATURE IN F:       :PCPN:    SNOW:  WIND      :SUNSHINE: SKY     :PK WND
================================================================================
1   2   3   4   5  6A  6B    7    8   9   10  11  12  13   14  15   16   17  18
                                     12Z  AVG MX 2MIN
DY MAX MIN AVG DEP HDD CDD  WTR  SNW DPTH SPD SPD DIR MIN PSBL S-S WX    SPD DR
================================================================================

 1  87  63  75  -5   0  10 0.00  0.0    0  3.3 12  30   M    M   0 8      15 240
 2  90  67  79  -1   0  14 0.00  0.0    0  3.6 12  50   M    M   0 8      14  50
 3  97  63  80   1   0  15 0.00  0.0    0  3.7 13  30   M    M   0        14  30
 4  96  68  82   3   0  17 0.00  0.0    0  4.6 13  20   M    M   0        15 220
 5  93  63  78   0   0  13 0.00  0.0    0  2.8 13  30   M    M   0        15  30
 6  90  64  77  -1   0  12 0.00  0.0    0  2.2 14  30   M    M   0        18  30
 7  87  69  78   0   0  13    T  0.0    0  2.8 10 280   M    M   2        13 290
 8  77  69  73  -4   0   8 0.01  0.0    0  5.8 16  30   M    M   8        22  30
 9  80  64  72  -5   0   7 0.20  0.0    0  3.2 12 260   M    M   5 13     13 190
10  86  65  76   0   0  11 0.00  0.0    0  3.4  9 220   M    M   0        18 210
11  89  68  79   3   0  14 0.00  0.0    0  1.7 10  40   M    M   0        15 160
12  91  65  78   2   0  13 0.00  0.0    0  7.0 20 360   M    M   0        25 360
13  87  61  74  -1   0   9 0.00  0.0    0  6.0 15  80   M    M   0        23  90
14  90  63  77   2   0  12 0.00  0.0    0  4.7 15  40   M    M   0        17  30
15  87  65  76   2   0  11 0.00  0.0    0  2.8 10 190   M    M   0        14 160
16  88  63  76   2   0  11 0.00  0.0    0  3.4 12  30   M    M   0        14  30
17  85  66  76   2   0  11    T  0.0    0  3.9 24  60   M    M   0        28  60
18  89  62  76   3   0  11 0.00  0.0    0  1.3  8 300   M    M   0        12 280
================================================================================
SM 1589 1168         0 212  0.21     0.0  66.2          M       15
================================================================================
AV 88.3 64.9                               3.7 FASTST   M    M   1    MAX(MPH)
                                 MISC ---->  # 24  60               # 28   60
================================================================================
NOTES:
# LAST OF SEVERAL OCCURRENCES

COLUMN 17 PEAK WIND IN M.P.H.

PRELIMINARY LOCAL CLIMATOLOGICAL DATA (WS FORM: F-6) , PAGE 2

                                          STATION:  DEER VLY/PHOENIX AZ
                                          MONTH:    OCTOBER
                                          YEAR:     2014
                                          LATITUDE:   33 41 N
                                          LONGITUDE: 112  4 W

[TEMPERATURE DATA]      [PRECIPITATION DATA]       SYMBOLS USED IN COLUMN 16

AVERAGE MONTHLY: 76.6   TOTAL FOR MONTH:   0.21    1 = FOG OR MIST
DPTR FM NORMAL:  -0.0   DPTR FM NORMAL:   -0.22    2 = FOG REDUCING VISIBILITY
HIGHEST:    97 ON  3    GRTST 24HR  0.21 ON  8- 9      TO 1/4 MILE OR LESS
LOWEST:     61 ON 13                               3 = THUNDER
                        SNOW, ICE PELLETS, HAIL    4 = ICE PELLETS
                        TOTAL MONTH:   0.0 INCH    5 = HAIL
                        GRTST 24HR     0.0         6 = FREEZING RAIN OR DRIZZLE
                        GRTST DEPTH:   0           7 = DUSTSTORM OR SANDSTORM:
                                                       VSBY 1/2 MILE OR LESS
                                                   8 = SMOKE OR HAZE
[NO. OF DAYS WITH]      [WEATHER - DAYS WITH]      9 = BLOWING SNOW
                                                   X = TORNADO
MAX 32 OR BELOW:   0    0.01 INCH OR MORE:   2
MAX 90 OR ABOVE:   7    0.10 INCH OR MORE:   1
MIN 32 OR BELOW:   0    0.50 INCH OR MORE:   0
MIN  0 OR BELOW:   0    1.00 INCH OR MORE:   0

[HDD (BASE 65) ]
TOTAL THIS MO.     0    CLEAR  (SCALE 0-3)  16
DPTR FM NORMAL     0    PTCLDY (SCALE 4-7)   1
TOTAL FM JUL 1     0    CLOUDY (SCALE 8-10)  1
DPTR FM NORMAL     0

[CDD (BASE 65) ]
TOTAL THIS MO.   212
DPTR FM NORMAL     0    [PRESSURE DATA]
TOTAL FM JAN 1  3816    HIGHEST SLP M ON M
DPTR FM NORMAL    56    LOWEST  SLP 29.68 ON 18

[REMARKS]
