000
CXUS54 KHGX 291415
CF6DWH
PRELIMINARY LOCAL CLIMATOLOGICAL DATA (WS FORM: F-6)

                                          STATION:   HOUSTON/D.W._HOOKS
                                          MONTH:     AUGUST
                                          YEAR:      2016
                                          LATITUDE:   30  4 N
                                          LONGITUDE:  95 33 W

  TEMPERATURE IN F:       :PCPN:    SNOW:  WIND      :SUNSHINE: SKY     :PK WND
================================================================================
1   2   3   4   5  6A  6B    7    8   9   10  11  12  13   14  15   16   17  18
                                     12Z  AVG MX 2MIN
DY MAX MIN AVG DEP HDD CDD  WTR  SNW DPTH SPD SPD DIR MIN PSBL S-S WX    SPD DR
================================================================================

 1  97  73  85   2   0  20 0.00  0.0    0  4.1 12 150   M    M   0 1      17 140
 2  98  75  87   4   0  22 0.00  0.0    0  4.0 12 130   M    M   2 1      16 130
 3  98  75  87   4   0  22 0.00  0.0    0  3.4  9 200   M    M   2 1      14 180
 4  98  74  86   3   0  21 0.00  0.0    0  3.1 12 140   M    M   1 1      16 140
 5  99  75  87   4   0  22    T  0.0    0  2.4 16 180   M    M   2 18     22 180
 6  98  75  87   4   0  22 0.00  0.0    0  3.7 12 210   M    M   2        16 180
 7  98  77  88   5   0  23 0.00  0.0    M  4.3 10 220   M    M   1 1      17 160
 8  99  78  89   6   0  24 0.00  0.0    0  2.9 10 160   M    M   2        14 160
 9 101  75  88   5   0  23 0.00  0.0    0  4.4 15 130   M    M   1        21 120
10 101  77  89   6   0  24 0.00  0.0    0  5.6 12 140   M    M   1        17 190
11 101  79  90   7   0  25 0.00  0.0    0  6.8 15 210   M    M   3 3      20 120
12 100  80  90   7   0  25 0.00  0.0    0  8.5 17 230   M    M   2        23 240
13  97  75  86   3   0  21 1.73  0.0    0  5.8 24 320   M    M   5 13     33 310
14  87  73  80  -3   0  15 4.97  0.0    0  4.6 17 290   M    M   7 13     22 290
15  87  74  81  -2   0  16 0.63  0.0    0  4.0 13 290   M    M   6 13     16 290
16  81  75  78  -5   0  13 0.85  0.0    0  4.8 14 220   M    M   6 13     19 230
17  85  74  80  -3   0  15 0.91  0.0    0  4.0 16 130   M    M   6 13     21 140
18  86  74  80  -3   0  15 0.07  0.0    0  2.6 24 130   M    M   4 138    37 130
19  91  76  84   1   0  19 0.08  0.0    0  3.7 18 230   M    M   4 138    24 240
20  91  74  83   0   0  18 0.30  0.0    0  3.6 20 250   M    M   1 13     33 230
21  88  73  81  -2   0  16 0.35  0.0    0  3.2 17 170   M    M   2 13     25 180
22  86  73  80  -2   0  15 0.18  0.0    0  3.9 14 200   M    M   4 123    19 220
23  95  75  85   3   0  20 0.00  0.0    0  4.2 13 210   M    M   4 12     20 160
24  95  74  85   3   0  20 0.00  0.0    0  3.6 13 140   M    M   3 123    18 200
25  92  74  83   1   0  18 0.00  0.0    0  2.3 10  70   M    M   2 13     14  60
26  90  75  83   1   0  18 0.02  0.0    0  3.7 14 320   M    M   2 3      19 320
27  92  75  84   2   0  19    T  0.0    0  4.4 18  80   M    M   1        25  70
28  89  74  82   0   0  17 0.35  0.0    0  4.9 24 110   M    M   7 13     33 100
================================================================================
SM 2620 2101         0 548 10.44     0.0 116.5          M       83
================================================================================
AV 93.6 75.0                               4.2 FASTST   M    M   3    MAX(MPH)
                                 MISC ---->  # 24 320               # 37  130
================================================================================
NOTES:
# LAST OF SEVERAL OCCURRENCES

COLUMN 17 PEAK WIND IN M.P.H.

PRELIMINARY LOCAL CLIMATOLOGICAL DATA (WS FORM: F-6) , PAGE 2

                                          STATION:  HOUSTON/D.W._HOOKS
                                          MONTH:    AUGUST
                                          YEAR:     2016
                                          LATITUDE:   30  4 N
                                          LONGITUDE:  95 33 W

[TEMPERATURE DATA]      [PRECIPITATION DATA]       SYMBOLS USED IN COLUMN 16

AVERAGE MONTHLY: 84.3   TOTAL FOR MONTH:  10.44    1 = FOG OR MIST
DPTR FM NORMAL:   1.6   DPTR FM NORMAL:    6.41    2 = FOG REDUCING VISIBILITY
HIGHEST:   101 ON 11,10 GRTST 24HR  5.22 ON 13-14      TO 1/4 MILE OR LESS
LOWEST:     73 ON 22,21                            3 = THUNDER
                        SNOW, ICE PELLETS, HAIL    4 = ICE PELLETS
                        TOTAL MONTH:   0.0 INCH    5 = HAIL
                        GRTST 24HR     0.0         6 = FREEZING RAIN OR DRIZZLE
                        GRTST DEPTH:   0           7 = DUSTSTORM OR SANDSTORM:
                                                       VSBY 1/2 MILE OR LESS
                                                   8 = SMOKE OR HAZE
[NO. OF DAYS WITH]      [WEATHER - DAYS WITH]      9 = BLOWING SNOW
                                                   X = TORNADO
MAX 32 OR BELOW:   0    0.01 INCH OR MORE:  12
MAX 90 OR ABOVE:  20    0.10 INCH OR MORE:   9
MIN 32 OR BELOW:   0    0.50 INCH OR MORE:   5
MIN  0 OR BELOW:   0    1.00 INCH OR MORE:   2

[HDD (BASE 65) ]
TOTAL THIS MO.     0    CLEAR  (SCALE 0-3)  18
DPTR FM NORMAL     0    PTCLDY (SCALE 4-7)  10
TOTAL FM JUL 1     0    CLOUDY (SCALE 8-10)  0
DPTR FM NORMAL     0

[CDD (BASE 65) ]
TOTAL THIS MO.   548
DPTR FM NORMAL    51    [PRESSURE DATA]
TOTAL FM JAN 1  2428    HIGHEST SLP M ON M
DPTR FM NORMAL   374    LOWEST  SLP 29.71 ON 13

[REMARKS]
