000
CXUS53 KGID 250730
CF6EAR
PRELIMINARY LOCAL CLIMATOLOGICAL DATA (WS FORM: F-6)

                                          STATION:   KEARNEY
                                          MONTH:     JULY
                                          YEAR:      2016
                                          LATITUDE:   40 43 N
                                          LONGITUDE:  99  0 W

  TEMPERATURE IN F:       :PCPN:    SNOW:  WIND      :SUNSHINE: SKY     :PK WND
================================================================================
1   2   3   4   5  6A  6B    7    8   9   10  11  12  13   14  15   16   17  18
                                     12Z  AVG MX 2MIN
DY MAX MIN AVG DEP HDD CDD  WTR  SNW DPTH SPD SPD DIR MIN PSBL S-S WX    SPD DR
================================================================================

 1  75  59  67  -7   0   2    T    M    M  9.3 12 100   M    M   4        18  90
 2  64  59  62 -12   3   0 0.08    M    M 10.8 14 100   M    M  10         M  M
 3  66  61  64 -10   1   0 0.00    M    M  6.8 13  70   M    M  10         M  M
 4  82  63  73  -1   0   8 0.00    M    M  7.2 14 200   M    M   6        18 200
 5  97  63  80   6   0  15 0.38    M    M  6.0 13 190   M    M   1 3       M  M
 6  91  63  77   3   0  12 0.70    M    M  5.7 10 310   M    M   1 3       M  M
 7  90  64  77   3   0  12 0.00    M    M 12.2 24 110   M    M   3 3      30 140
 8  84  61  73  -2   0   8 0.00    M    M  7.4 15 120   M    M   1         M  M
 9  91  64  78   3   0  13 0.00    M    M  9.5 17 160   M    M   1        22 160
10  95  70  83   8   0  18 0.00    M    M 17.5 28 170   M    M   0        36 170
11  91  70  81   6   0  16 0.00    M    M 15.6 25 170   M    M   1        33 170
12  88  57  73  -2   0   8 0.00    M    M  7.9 20 350   M    M   0        23 350
13  88  66  77   2   0  12    T    M    M  8.4 23 180   M    M   1 3      30 180
14  86  63  75   0   0  10 0.00    M    M  5.8 16  10   M    M   1        21  20
15  72  57  65 -10   0   0 0.37    M    M  8.0 17  40   M    M   4 3      23  40
16  88  57  73  -2   0   8 0.00    M    M 10.7 22 180   M    M   4        25 180
17  88  72  80   5   0  15 0.00    M    M  9.1 21 200   M    M   1        29 200
18  88  72  80   5   0  15 0.00    M    M  9.5 13 120   M    M   5        18 110
19  95  68  82   7   0  17    T    M    M 13.1 18 170   M    M   0        28 290
20  99  66  83   8   0  18 0.00    M    M 12.7 20 170   M    M   0        27 170
21  99  73  86  11   0  21 0.00    M    M  9.2 15 220   M    M   0        20 230
22  99  73  86  11   0  21 0.00    M    M  6.1 13 140   M    M   0         M  M
23  97  70  84   9   0  19 0.04    M    M  9.6 23 200   M    M   1        31 290
24  88  66  77   2   0  12 0.00    M    M  9.0 17  40   M    M   1        23  40
================================================================================
SM 2101 1557         4 280  1.57    M    227.1          M       56
================================================================================
AV 87.5 64.9                               9.5 FASTST   M    M   2    MAX(MPH)
                                 MISC ---->    28   M                 36    M
================================================================================
NOTES:
# LAST OF SEVERAL OCCURRENCES

COLUMN 17 PEAK WIND IN M.P.H.

PRELIMINARY LOCAL CLIMATOLOGICAL DATA (WS FORM: F-6) , PAGE 2

                                          STATION:  KEARNEY
                                          MONTH:    JULY
                                          YEAR:     2016
                                          LATITUDE:   40 43 N
                                          LONGITUDE:  99  0 W

[TEMPERATURE DATA]      [PRECIPITATION DATA]       SYMBOLS USED IN COLUMN 16

AVERAGE MONTHLY: 76.2   TOTAL FOR MONTH:   1.57    1 = FOG OR MIST
DPTR FM NORMAL:   1.5   DPTR FM NORMAL:   -0.97    2 = FOG REDUCING VISIBILITY
HIGHEST:    99 ON 22,21 GRTST 24HR  0.70 ON  6- 6      TO 1/4 MILE OR LESS
LOWEST:     57 ON 16,15                            3 = THUNDER
                        SNOW, ICE PELLETS, HAIL    4 = ICE PELLETS
                        TOTAL MONTH:    M          5 = HAIL
                        GRTST 24HR    M  ON   M    6 = FREEZING RAIN OR DRIZZLE
                        GRTST DEPTH:  M  ON   M    7 = DUSTSTORM OR SANDSTORM:
                                                       VSBY 1/2 MILE OR LESS
                                                   8 = SMOKE OR HAZE
[NO. OF DAYS WITH]      [WEATHER - DAYS WITH]      9 = BLOWING SNOW
                                                   X = TORNADO
MAX 32 OR BELOW:   0    0.01 INCH OR MORE:   5
MAX 90 OR ABOVE:  11    0.10 INCH OR MORE:   3
MIN 32 OR BELOW:   0    0.50 INCH OR MORE:   1
MIN  0 OR BELOW:   0    1.00 INCH OR MORE:   0

[HDD (BASE 65) ]
TOTAL THIS MO.     4    CLEAR  (SCALE 0-3)  17
DPTR FM NORMAL     4    PTCLDY (SCALE 4-7)   5
TOTAL FM JUL 1     4    CLOUDY (SCALE 8-10)  2
DPTR FM NORMAL     4

[CDD (BASE 65) ]
TOTAL THIS MO.   280
DPTR FM NORMAL    44    [PRESSURE DATA]
TOTAL FM JAN 1   620    HIGHEST SLP M ON M
DPTR FM NORMAL   158    LOWEST  SLP M ON M

[REMARKS]
