000
CXUS53 KMPX 011000
CF6EAU
PRELIMINARY LOCAL CLIMATOLOGICAL DATA (WS FORM: F-6)

                                          STATION:   EAU CLAIRE WI
                                          MONTH:     JUNE
                                          YEAR:      2015
                                          LATITUDE:   44 52 N
                                          LONGITUDE:  91 29 W

  TEMPERATURE IN F:       :PCPN:    SNOW:  WIND      :SUNSHINE: SKY     :PK WND
================================================================================
1   2   3   4   5  6A  6B    7    8   9   10  11  12  13   14  15   16   17  18
                                     12Z  AVG MX 2MIN
DY MAX MIN AVG DEP HDD CDD  WTR  SNW DPTH SPD SPD DIR MIN PSBL S-S WX    SPD DR
================================================================================

 1  70  40  55  -7  10   0 0.00  0.0    0  7.2 16 140   M    M   0        20 140
 2  75  47  61  -2   4   0 0.00  0.0    0  9.1 18 150   M    M   0 8      24 150
 3  73  56  65   2   0   0 0.35  0.0    0  9.1 23 150   M    M   6 13     29 150
 4  74  61  68   5   0   3 0.00  0.0    0  6.9 14 290   M    M   8 1      19 270
 5  77  54  66   2   0   1 0.00  0.0    0  7.4 15  60   M    M   3        18  60
 6  77  52  65   1   0   0    T  0.0    0 11.7 20 180   M    M   2 3      26 170
 7  81  62  72   8   0   7 0.91  0.0    0  8.9 18 330   M    M   5 13     27 290
 8  79  56  68   3   0   3    T  0.0    0  7.4 20 300   M    M   1        27 290
 9  88  55  72   7   0   7 0.00  0.0    0  3.9 13 270   M    M   1 12     17 290
10  80  62  71   6   0   6    T  0.0    0  8.0 17 300   M    M   0        23 320
11  64  55  60  -6   5   0 0.90  0.0    0  9.0 18  60   M    M   8 1      25  50
12  78  53  66   0   0   1 0.00  0.0    0  8.9 17  80   M    M   3        22  50
13  67  56  62  -4   3   0 0.40  0.0    0  4.6 10  80   M    M   8 1      14 110
14  81  63  72   5   0   7 0.00  0.0    0  3.0 12 280   M    M   6        15 290
15  76  56  66  -1   0   1 0.03  0.0    0  4.8 15  20   M    M   3 1      19  10
16  73  51  62  -5   3   0    T  0.0    0  4.2 10  80   M    M   1        14 330
17  79  61  70   2   0   5    T  0.0    0  8.6 17 180   M    M   6        22 180
18  79  56  68   0   0   3 0.00  0.0    0  8.1 14 360   M    M   5        19 320
19  76  50  63  -5   2   0 0.00  0.0    0  7.7 15 140   M    M   1        20 140
20  77  61  69   1   0   4 0.22  0.0    0  5.3 28 140   M    M   5 123    34 130
21  83  58  71   2   0   6 0.00  0.0    0  3.4 14 310   M    M   4 12     18 310
22  81  59  70   1   0   5 0.75  0.0    0 11.1 36 100   M    M   3 13     42  90
23  80  57  69   0   0   4 0.00  0.0    0  6.4 13 290   M    M   1        17 320
24  79  57  68  -2   0   3 0.00  0.0    0  4.2 13 210   M    M   0        16 180
25  81  58  70   0   0   5 0.09  0.0    0  4.6 16 350   M    M   1 1      21 340
26  79  57  68  -2   0   3 0.03  0.0    0  5.3 14 110   M    M   3 13     19  70
27  83  53  68  -2   0   3 0.00  0.0    0  2.2  9 290   M    M   0 128    13 290
28  72  61  67  -3   0   2 0.07  0.0    0  3.8 16 140   M    M   6 12     19 150
29  79  56  68  -3   0   3 1.08  0.0    0  3.2 32  80   M    M   7 1238   38  80
30  75  52  64  -7   1   0 0.00  0.0    0  7.2 15  40   M    M   3 12     20  30
================================================================================
SM 2316 1675        28  82  4.83     0.0 195.2          M      100
================================================================================
AV 77.2 55.8                               6.5 FASTST   M    M   3    MAX(MPH)
                                 MISC ---->  # 36 100               # 42   90
================================================================================
NOTES:
# LAST OF SEVERAL OCCURRENCES

COLUMN 17 PEAK WIND IN M.P.H.

PRELIMINARY LOCAL CLIMATOLOGICAL DATA (WS FORM: F-6) , PAGE 2

                                          STATION:  EAU CLAIRE WI
                                          MONTH:    JUNE
                                          YEAR:     2015
                                          LATITUDE:   44 52 N
                                          LONGITUDE:  91 29 W

[TEMPERATURE DATA]      [PRECIPITATION DATA]       SYMBOLS USED IN COLUMN 16

AVERAGE MONTHLY: 66.5   TOTAL FOR MONTH:   4.83    1 = FOG OR MIST
DPTR FM NORMAL:  -0.4   DPTR FM NORMAL:    0.70    2 = FOG REDUCING VISIBILITY
HIGHEST:    88 ON  9    GRTST 24HR  1.08 ON 29-29      TO 1/4 MILE OR LESS
LOWEST:     40 ON  1                               3 = THUNDER
                        SNOW, ICE PELLETS, HAIL    4 = ICE PELLETS
                        TOTAL MONTH:   0.0 INCH    5 = HAIL
                        GRTST 24HR     0.0         6 = FREEZING RAIN OR DRIZZLE
                        GRTST DEPTH:   0           7 = DUSTSTORM OR SANDSTORM:
                                                       VSBY 1/2 MILE OR LESS
                                                   8 = SMOKE OR HAZE
[NO. OF DAYS WITH]      [WEATHER - DAYS WITH]      9 = BLOWING SNOW
                                                   X = TORNADO
MAX 32 OR BELOW:   0    0.01 INCH OR MORE:  11
MAX 90 OR ABOVE:   0    0.10 INCH OR MORE:   7
MIN 32 OR BELOW:   0    0.50 INCH OR MORE:   4
MIN  0 OR BELOW:   0    1.00 INCH OR MORE:   1

[HDD (BASE 65) ]
TOTAL THIS MO.    28    CLEAR  (SCALE 0-3)  16
DPTR FM NORMAL   -34    PTCLDY (SCALE 4-7)  12
TOTAL FM JUL 1  8134    CLOUDY (SCALE 8-10)  2
DPTR FM NORMAL   174

[CDD (BASE 65) ]
TOTAL THIS MO.    82
DPTR FM NORMAL   -38    [PRESSURE DATA]
TOTAL FM JAN 1   100    HIGHEST SLP 30.31 ON  1
DPTR FM NORMAL   -52    LOWEST  SLP 29.38 ON 22

[REMARKS]
#FINAL-06-15#
