000
CXUS55 KEAX 260736
CF6EAX
PRELIMINARY LOCAL CLIMATOLOGICAL DATA (WS FORM: F-6)

                                          STATION:   Pleasant Hill NWS MO
                                          MONTH:     SEPTEMBER
                                          YEAR:      2016
                                          LATITUDE:   38 48 N
                                          LONGITUDE:  94 16 W

  TEMPERATURE IN F:       :PCPN:    SNOW:  WIND      :SUNSHINE: SKY     :PK WND
================================================================================
1   2   3   4   5  6A  6B    7    8   9   10  11  12  13   14  15   16   17  18
                                     12Z  AVG MX 2MIN
DY MAX MIN AVG DEP HDD CDD  WTR  SNW DPTH SPD SPD DIR MIN PSBL S-S WX    SPD DR
================================================================================

 1  79  60  70  -4   0   5 0.00  0.0    0   M   M   M   0    0   0         0   0
 2  78  58  68  -6   0   3 0.00  0.0    0   M   M   M   0    0   0         0   0
 3  79  59  69  -4   0   4 0.00  0.0    0   M   M   M   0    0   0         0   0
 4  82  59  71  -2   0   6 0.00  0.0    0   M   M   M   0    0   0         0   0
 5  89  64  77   5   0  12 0.00  0.0    0   M   M   M   0    0   0         0   0
 6   M   M   M   M   M   M    M    M    M   M   M   M   0    0   0         0   0
 7  88  73  81   9   0  16 0.00  0.0    0   M   M   M   0    0   0         0   0
 8  80  71  76   5   0  11 0.91  0.0    M   M   M   M   0    0   0         0   0
 9  84  66  75   4   0  10 2.28  0.0    M   M   M   M   0    0   0         0   0
10  74  56  65  -6   0   0 0.08  0.0    M   M   M   M   0    0   0         0   0
11  77  52  65  -5   0   0 0.00  0.0    M   M   M   M   0    0   0         0   0
12  83  52  68  -2   0   3 0.00  0.0    M   M   M   M   0    0   0         0   0
13  84  64  74   5   0   9    T  0.0    M   M   M   M   0    0   0         0   0
14  78  64  71   2   0   6 0.11  0.0    M   M   M   M   0    0   0         0   0
15  86  65  76   8   0  11 0.00  0.0    0   M   M   M   0    0   0 1       0   0
16   M   M   M   M   M   M    M    M    M   M   M   M   0    0   0         0   0
17   M   M   M   M   M   M    M    M    M   M   M   M   0    0   0         0   0
18   M   M   M   M   M   M    M    M    M   M   M   M   0    0   0         0   0
19   M   M   M   M   M   M    M    M    M   M   M   M   0    0   0         0   0
20   M   M   M   M   M   M    M    M    M   M   M   M   0    0   0         0   0
21  89  71  80  14   0  15 0.00  0.0    0   M   M   M   0    0   0         0   0
22  87  66  77  11   0  12 0.00  0.0    0   M   M   M   0    0   0         0   0
23  88  65  77  12   0  12 0.00  0.0    0   M   M   M   0    0   0         0   0
24  90  66  78  13   0  13 0.00  0.0    0   M   M   M   0    0   0         0   0
25  73  60  67   3   0   2 0.92  0.0    0   M   M   M   0    0   0         0   0
================================================================================
SM 1568 1191         0 150  4.30     0.0     M            0      0
================================================================================
AV 82.5 62.7                                 M FASTST    0   0   0    MAX(MPH)
                                 MISC ---->     M   M               #  0    0
================================================================================
NOTES:
# LAST OF SEVERAL OCCURRENCES

COLUMN 17 PEAK WIND IN M.P.H.

PRELIMINARY LOCAL CLIMATOLOGICAL DATA (WS FORM: F-6) , PAGE 2

                                          STATION:  Pleasant Hill NWS MO
                                          MONTH:    SEPTEMBER
                                          YEAR:     2016
                                          LATITUDE:   38 48 N
                                          LONGITUDE:  94 16 W

[TEMPERATURE DATA]      [PRECIPITATION DATA]       SYMBOLS USED IN COLUMN 16

AVERAGE MONTHLY: 72.6   TOTAL FOR MONTH:   4.30    1 = FOG OR MIST
DPTR FM NORMAL:   3.4   DPTR FM NORMAL:    0.12    2 = FOG REDUCING VISIBILITY
HIGHEST:    90 ON 24    GRTST 24HR  2.28 ON  9- 9      TO 1/4 MILE OR LESS
LOWEST:     52 ON 12,11                            3 = THUNDER
                        SNOW, ICE PELLETS, HAIL    4 = ICE PELLETS
                        TOTAL MONTH:   0.0 INCH    5 = HAIL
                        GRTST 24HR     0.0         6 = FREEZING RAIN OR DRIZZLE
                        GRTST DEPTH:   0           7 = DUSTSTORM OR SANDSTORM:
                                                       VSBY 1/2 MILE OR LESS
                                                   8 = SMOKE OR HAZE
[NO. OF DAYS WITH]      [WEATHER - DAYS WITH]      9 = BLOWING SNOW
                                                   X = TORNADO
MAX 32 OR BELOW:   0    0.01 INCH OR MORE:   5
MAX 90 OR ABOVE:   1    0.10 INCH OR MORE:   4
MIN 32 OR BELOW:   0    0.50 INCH OR MORE:   3
MIN  0 OR BELOW:   0    1.00 INCH OR MORE:   1

[HDD (BASE 65) ]
TOTAL THIS MO.     0    CLEAR  (SCALE 0-3)  25
DPTR FM NORMAL   -34    PTCLDY (SCALE 4-7)   0
TOTAL FM JUL 1     0    CLOUDY (SCALE 8-10)  0
DPTR FM NORMAL   -36

[CDD (BASE 65) ]
TOTAL THIS MO.   150
DPTR FM NORMAL    10    [PRESSURE DATA]
TOTAL FM JAN 1  1416    HIGHEST SLP  0.00 ON M
DPTR FM NORMAL   155    LOWEST  SLP  0.00 ON M

[REMARKS]
