000
CXUS51 KAKQ 271010
CF6ECG
PRELIMINARY LOCAL CLIMATOLOGICAL DATA (WS FORM: F-6)

                                          STATION:   ELIZABETH CITY NC
                                          MONTH:     SEPTEMBER
                                          YEAR:      2016
                                          LATITUDE:   36 16 N
                                          LONGITUDE:  76 11 W

  TEMPERATURE IN F:       :PCPN:    SNOW:  WIND      :SUNSHINE: SKY     :PK WND
================================================================================
1   2   3   4   5  6A  6B    7    8   9   10  11  12  13   14  15   16   17  18
                                     12Z  AVG MX 2MIN
DY MAX MIN AVG DEP HDD CDD  WTR  SNW DPTH SPD SPD DIR MIN PSBL S-S WX    SPD DR
================================================================================

 1  90  70  80   4   0  15 1.07  0.0    0  4.4 22 270   M    M   3 13     27  10
 2  77  72  75  -1   0  10 1.58  0.0    0 14.5 33  60   M    M   8 1      44  60
 3  77  69  73  -2   0   8 3.37  0.0    0 27.1 46  10   M    M  10 1      62  30
 4  79  67  73  -2   0   8 0.00  0.0    0 11.5 22  30   M    M   7        25  30
 5  80  63  72  -3   0   7 0.00  0.0    0  8.3 18 340   M    M   0        21 360
 6  88  66  77   2   0  12 0.00  0.0    0  9.2 18 270   M    M   0        23 270
 7  87  68  78   4   0  13 0.18  0.0    0  7.8 30 300   M    M   2 13     37 290
 8  88  71  80   6   0  15 0.50  0.0    0  7.1 16 290   M    M   3 13     21 300
 9  89  71  80   6   0  15 0.00  0.0    0  9.3 16 210   M    M   0        22 200
10  88  73  81   7   0  16 0.00  0.0    0 10.4 17 210   M    M   0        21 190
11  89  73  81   7   0  16 0.16  0.0    0  8.6 20  30   M    M   2 13     25  30
12  83  70  77   4   0  12 0.00  0.0    0  8.5 15  50   M    M   4        19  50
13  84  64  74   1   0   9 0.00  0.0    0  5.8 10 100   M    M   0        14 100
14  88  62  75   2   0  10 0.00  0.0    0  4.7 13 200   M    M   0        17 200
15  83  66  75   3   0  10 0.00  0.0    0 11.4 21  30   M    M   5        24  20
16  78  72  75   3   0  10 0.00  0.0    0 12.8 21  30   M    M  10        24  40
17  84  70  77   5   0  12 0.00  0.0    0  8.2 15  70   M    M   1        18  70
18  87  72  80   8   0  15 0.00  0.0    0  6.9 20 130   M    M   1        23 120
19  88  73  81  10   0  16 0.38  0.0    0  8.7 17  60   M    M   4 13     24 140
20  77  72  75   4   0  10 2.16  0.0    0 15.3 30  40   M    M   9 1      36  40
21  76  73  75   4   0  10 2.59  0.0    0 16.1 28  60   M    M  10 1      36  60
22  83  73  78   8   0  13    T  0.0    0  9.1 20  40   M    M   9 1      22  30
23  83  65  74   4   0   9 0.01  0.0    0  6.1 13  40   M    M   4 12     15  40
24  89  63  76   6   0  11 0.00  0.0    0  6.7 17  50   M    M   7 12     21  50
25  75  66  71   1   0   6    T  0.0    0  8.5 15  40   M    M   7        19  30
26  77  58  68  -1   0   3 0.00  0.0    0  5.7 14 120   M    M   6        17 110
================================================================================
SM 2167 1782         0 291 12.00     0.0 252.7          M      112
================================================================================
AV 83.3 68.5                               9.7 FASTST   M    M   4    MAX(MPH)
                                 MISC ---->  # 46  10               # 62   30
================================================================================
NOTES:
# LAST OF SEVERAL OCCURRENCES

COLUMN 17 PEAK WIND IN M.P.H.

PRELIMINARY LOCAL CLIMATOLOGICAL DATA (WS FORM: F-6) , PAGE 2

                                          STATION:  ELIZABETH CITY NC
                                          MONTH:    SEPTEMBER
                                          YEAR:     2016
                                          LATITUDE:   36 16 N
                                          LONGITUDE:  76 11 W

[TEMPERATURE DATA]      [PRECIPITATION DATA]       SYMBOLS USED IN COLUMN 16

AVERAGE MONTHLY: 75.9   TOTAL FOR MONTH:  12.00    1 = FOG OR MIST
DPTR FM NORMAL:   3.2   DPTR FM NORMAL:    8.57    2 = FOG REDUCING VISIBILITY
HIGHEST:    90 ON  1    GRTST 24HR  4.84 ON  2- 3      TO 1/4 MILE OR LESS
LOWEST:     58 ON 26                               3 = THUNDER
                        SNOW, ICE PELLETS, HAIL    4 = ICE PELLETS
                        TOTAL MONTH:   0.0 INCH    5 = HAIL
                        GRTST 24HR     0.0         6 = FREEZING RAIN OR DRIZZLE
                        GRTST DEPTH:   0           7 = DUSTSTORM OR SANDSTORM:
                                                       VSBY 1/2 MILE OR LESS
                                                   8 = SMOKE OR HAZE
[NO. OF DAYS WITH]      [WEATHER - DAYS WITH]      9 = BLOWING SNOW
                                                   X = TORNADO
MAX 32 OR BELOW:   0    0.01 INCH OR MORE:  10
MAX 90 OR ABOVE:   1    0.10 INCH OR MORE:   9
MIN 32 OR BELOW:   0    0.50 INCH OR MORE:   6
MIN  0 OR BELOW:   0    1.00 INCH OR MORE:   5

[HDD (BASE 65) ]
TOTAL THIS MO.     0    CLEAR  (SCALE 0-3)  12
DPTR FM NORMAL    -6    PTCLDY (SCALE 4-7)   9
TOTAL FM JUL 1     0    CLOUDY (SCALE 8-10)  5
DPTR FM NORMAL    -6

[CDD (BASE 65) ]
TOTAL THIS MO.   291
DPTR FM NORMAL    82    [PRESSURE DATA]
TOTAL FM JAN 1  1798    HIGHEST SLP M ON M
DPTR FM NORMAL   293    LOWEST  SLP 29.72 ON  3

[REMARKS]
