000
CXUS52 KTAE 290800
CF6ECP
PRELIMINARY LOCAL CLIMATOLOGICAL DATA (WS FORM: F-6)

                                          STATION:   PANAMA CITY NW
                                          MONTH:     SEPTEMBER
                                          YEAR:      2014
                                          LATITUDE:   30 21 N
                                          LONGITUDE:  85 48 W

  TEMPERATURE IN F:       :PCPN:    SNOW:  WIND      :SUNSHINE: SKY     :PK WND
================================================================================
1   2   3   4   5  6A  6B    7    8   9   10  11  12  13   14  15   16   17  18
                                     12Z  AVG MX 2MIN
DY MAX MIN AVG DEP HDD CDD  WTR  SNW DPTH SPD SPD DIR MIN PSBL S-S WX    SPD DR
================================================================================

 1  93  74  84   M   0  19 0.01  0.0    0  4.3 22 130   M    M   1 13     28 130
 2  95  74  85   M   0  20 0.00  0.0    0  3.8 15 200   M    M   2 1      52 280
 3  94  73  84   M   0  19 0.00  0.0    0  3.8 14 180   M    M   2 1      24 320
 4  89  73  81   M   0  16    T  0.0    0  1.9 15 300   M    M   2        21 290
 5  95  71  83   M   0  18 0.10  0.0    0  2.3 18 320   M    M   2 1      23 320
 6  94  73  84   M   0  19 0.65  0.0    0  2.9 21 330   M    M   2 138    36 360
 7  89  75  82   M   0  17 0.17  0.0    0  3.2 18  40   M    M   2 13     29  30
 8  88  74  81   M   0  16 0.04  0.0    0  1.5 17 210   M    M   2 13     20 210
 9  89  74  82   M   0  17 0.47  0.0    0  4.2 17 360   M    M   3 1      23 260
10  90  74  82   M   0  17 0.26  0.0    0  5.1 18  90   M    M   3 18     23 110
11  92  74  83   M   0  18 0.59  0.0    0  3.7 18 260   M    M   3 13     30 170
12  94  73  84   M   0  19 0.00  0.0    0  2.1 22 180   M    M   1         M 210
13  93  75  84   M   0  19 0.75  0.0    0  3.9 18 180   M    M   2 138    31 270
14  94  73  84   M   0  19 0.00  0.0    0  3.4 21 250   M    M   2 13     37 220
15  90  74  82   M   0  17    M  0.0    0  5.0 18 260   M    M   4 3      33 290
16  84  73  79   M   0  14    M  0.0    0  3.9 17 190   M    M   3 13     22 190
17  90  71  81   M   0  16 0.00  0.0    0  3.0  M 270   M    M   3         M  M
18  93  72  83   M   0  18 0.00  0.0    0  1.9 12 180   M    M   2        20 320
19  87  70  79   M   0  14    T  0.0    0  3.4 24 200   M    M   3 1       M  M
20  84  70  77   M   0  12 0.00  0.0    0  7.1 16  20   M    M   4 1      29 340
21  91  67  79   M   0  14 0.00  0.0    0  3.2 10 190   M    M   0 1      15  50
22  93  65  79   M   0  14 0.02  0.0    0  2.8 20 350   M    M   2 138    24 340
23  83  66  75   M   0  10 0.00  0.0    0  8.4 16  10   M    M   4        25  70
24  82  64  73   M   0   8 0.00  0.0    0  8.9 18  30   M    M   1        28  60
25  73  62  68   M   0   3 0.00  0.0    0  5.8 14  10   M    M   8 1      26  90
26  84  62  73   M   0   8 0.00  0.0    0  5.1 14  40   M    M   5 1      18  30
27  80  72  76   M   0  11 0.00  0.0    0  9.0 15  30   M    M   8        20  20
28  79  73  76   M   0  11    M  0.0    0  5.8 25  90   M    M   8 1      30  40
================================================================================
SM 2482 1991         0 423  3.06     0.0 119.4          M       84
================================================================================
AV 88.6 71.1                               4.3 FASTST   M    M   3    MAX(MPH)
                                 MISC ---->  # 25  90               # 52  280
================================================================================
NOTES:
# LAST OF SEVERAL OCCURRENCES

COLUMN 17 PEAK WIND IN M.P.H.

PRELIMINARY LOCAL CLIMATOLOGICAL DATA (WS FORM: F-6) , PAGE 2

                                          STATION:  PANAMA CITY NW
                                          MONTH:    SEPTEMBER
                                          YEAR:     2014
                                          LATITUDE:   30 21 N
                                          LONGITUDE:  85 48 W

[TEMPERATURE DATA]      [PRECIPITATION DATA]       SYMBOLS USED IN COLUMN 16

AVERAGE MONTHLY: 79.9   TOTAL FOR MONTH:   3.06    1 = FOG OR MIST
DPTR FM NORMAL:     M   DPTR FM NORMAL:       M    2 = FOG REDUCING VISIBILITY
HIGHEST:    95 ON  5, 2 GRTST 24HR  0.76 ON 13-14      TO 1/4 MILE OR LESS
LOWEST:     62 ON 26,25                            3 = THUNDER
                        SNOW, ICE PELLETS, HAIL    4 = ICE PELLETS
                        TOTAL MONTH:   0.0 INCH    5 = HAIL
                        GRTST 24HR     0.0         6 = FREEZING RAIN OR DRIZZLE
                        GRTST DEPTH:   0           7 = DUSTSTORM OR SANDSTORM:
                                                       VSBY 1/2 MILE OR LESS
                                                   8 = SMOKE OR HAZE
[NO. OF DAYS WITH]      [WEATHER - DAYS WITH]      9 = BLOWING SNOW
                                                   X = TORNADO
MAX 32 OR BELOW:   0    0.01 INCH OR MORE:  10
MAX 90 OR ABOVE:  15    0.10 INCH OR MORE:   7
MIN 32 OR BELOW:   0    0.50 INCH OR MORE:   3
MIN  0 OR BELOW:   0    1.00 INCH OR MORE:   0

[HDD (BASE 65) ]
TOTAL THIS MO.     0    CLEAR  (SCALE 0-3)  20
DPTR FM NORMAL     M    PTCLDY (SCALE 4-7)   7
TOTAL FM JUL 1     0    CLOUDY (SCALE 8-10)  1
DPTR FM NORMAL     M

[CDD (BASE 65) ]
TOTAL THIS MO.   423
DPTR FM NORMAL     M    [PRESSURE DATA]
TOTAL FM JAN 1  2374    HIGHEST SLP M ON M
DPTR FM NORMAL     M    LOWEST  SLP 29.88 ON 17

[REMARKS]
