000
CXUS54 KEWX 220910
CF6ECU
PRELIMINARY LOCAL CLIMATOLOGICAL DATA (WS FORM: F-6)

                                          STATION:   Edwards County Airport
                                          MONTH:     JANUARY
                                          YEAR:      2017
                                          LATITUDE:   29 57 N
                                          LONGITUDE: 100 10 W

  TEMPERATURE IN F:       :PCPN:    SNOW:  WIND      :SUNSHINE: SKY     :PK WND
================================================================================
1   2   3   4   5  6A  6B    7    8   9   10  11  12  13   14  15   16   17  18
                                     12Z  AVG MX 2MIN
DY MAX MIN AVG DEP HDD CDD  WTR  SNW DPTH SPD SPD DIR MIN PSBL S-S WX    SPD DR
================================================================================

 1  75  50  63   M   2   0 0.00    M    M  4.7 13 160   M    M   0        18 160
 2  70  48  59   M   6   0 0.11    M    M  8.7 21 320   M    M   1        28 320
 3  72  45  59   M   6   0 0.00    M    M  8.2 16 330   M    M   0        20 330
 4  57  34  46   M  19   0 0.00    M    M  8.2 14  60   M    M   1        21  60
 5  72  32  52   M  13   0 0.00    M    M  8.4 17  50   M    M   2        25  60
 6  32  21  27   M  38   0 0.00    M    M 11.3 15  20   M    M   7 18     24  50
 7  43  19  31   M  34   0 0.00    M    M  3.7 10 360   M    M   0         M  M
 8  48  25  37   M  28   0 0.00    M    M 10.7 16 190   M    M   0        24 190
 9  64  39  52   M  13   0 0.00    M    M 10.7 14 170   M    M   2        21 180
10  75  52  64   M   1   0 0.00    M    M  8.5 17 170   M    M   0        20 170
11  73  54  64   M   1   0 0.00    M    M 11.8 18 170   M    M   0 1      24 180
12  72  61  67   M   0   2 0.00    M    M 10.4 17 170   M    M   7        21 170
13  73  64  69   M   0   4 0.00    M    M 12.5 16 190   M    M   8 1      24 150
14  72  59  66   M   0   1 0.14    M    M 11.6 20 180   M    M   9 1      25 170
15  70  50  60   M   5   0 0.18    M    M 12.8 21 180   M    M   8 1      31 170
16  64  46  55   M  10   0 0.00    M    M  1.1  7  30   M    M   1         M  M
17  57  43  50   M  15   0 0.11    M    M  8.4 15  70   M    M   9 1      21  70
18  48  43  46   M  19   0 0.07    M    M  6.4 12 350   M    M  10 12     16  40
19  68  41  55   M  10   0 0.00    M    M  6.1 21 290   M    M   3 12     28 290
20  72  50  61   M   4   0 0.00    M    M  2.2  8 290   M    M   0         M  M
21  75  52  64   M   1   0 0.00    M    M  9.8 23 300   M    M   3 12     41 300
================================================================================
SM 1352  928       225   7  0.61    M    176.2          M       71
================================================================================
AV 64.4 44.2                               8.4 FASTST   M    M   3    MAX(MPH)
                                 MISC ---->  # 23 300                 41    M
================================================================================
NOTES:
# LAST OF SEVERAL OCCURRENCES

COLUMN 17 PEAK WIND IN M.P.H.

PRELIMINARY LOCAL CLIMATOLOGICAL DATA (WS FORM: F-6) , PAGE 2

                                          STATION:  Edwards County Airport
                                          MONTH:    JANUARY
                                          YEAR:     2017
                                          LATITUDE:   29 57 N
                                          LONGITUDE: 100 10 W

[TEMPERATURE DATA]      [PRECIPITATION DATA]       SYMBOLS USED IN COLUMN 16

AVERAGE MONTHLY: 54.3   TOTAL FOR MONTH:   0.61    1 = FOG OR MIST
DPTR FM NORMAL:     M   DPTR FM NORMAL:       M    2 = FOG REDUCING VISIBILITY
HIGHEST:    75 ON 21,10 GRTST 24HR  0.18 ON 15-15      TO 1/4 MILE OR LESS
LOWEST:     19 ON  7                               3 = THUNDER
                        SNOW, ICE PELLETS, HAIL    4 = ICE PELLETS
                        TOTAL MONTH:    M          5 = HAIL
                        GRTST 24HR    M  ON   M    6 = FREEZING RAIN OR DRIZZLE
                        GRTST DEPTH:  M  ON   M    7 = DUSTSTORM OR SANDSTORM:
                                                       VSBY 1/2 MILE OR LESS
                                                   8 = SMOKE OR HAZE
[NO. OF DAYS WITH]      [WEATHER - DAYS WITH]      9 = BLOWING SNOW
                                                   X = TORNADO
MAX 32 OR BELOW:   1    0.01 INCH OR MORE:   5
MAX 90 OR ABOVE:   0    0.10 INCH OR MORE:   4
MIN 32 OR BELOW:   4    0.50 INCH OR MORE:   0
MIN  0 OR BELOW:   0    1.00 INCH OR MORE:   0

[HDD (BASE 65) ]
TOTAL THIS MO.   225    CLEAR  (SCALE 0-3)  12
DPTR FM NORMAL     M    PTCLDY (SCALE 4-7)   4
TOTAL FM JUL 1   770    CLOUDY (SCALE 8-10)  5
DPTR FM NORMAL     M

[CDD (BASE 65) ]
TOTAL THIS MO.     7
DPTR FM NORMAL     M    [PRESSURE DATA]
TOTAL FM JAN 1     7    HIGHEST SLP M ON M
DPTR FM NORMAL     M    LOWEST  SLP M ON M

[REMARKS]
