000
CXUS55 KGJT 231000
CF6EEO
PRELIMINARY LOCAL CLIMATOLOGICAL DATA (WS FORM: F-6)

                                          STATION:   MEEKER CO
                                          MONTH:     MAY
                                          YEAR:      2015
                                          LATITUDE:   40  2 N
                                          LONGITUDE: 107 53 W

  TEMPERATURE IN F:       :PCPN:    SNOW:  WIND      :SUNSHINE: SKY     :PK WND
================================================================================
1   2   3   4   5  6A  6B    7    8   9   10  11  12  13   14  15   16   17  18
                                     12Z  AVG MX 2MIN
DY MAX MIN AVG DEP HDD CDD  WTR  SNW DPTH SPD SPD DIR MIN PSBL S-S WX    SPD DR
================================================================================

 1  75  41  58  12   7   0    T    M    M  4.7 20 190   M    M   5 3      25 190
 2  74  39  57  10   8   0    T    M    M  5.4 23 210   M    M   2 3      30 320
 3  70  40  55   8  10   0 0.14    M    M  6.6 28 110   M    M   5 13     31 110
 4  64  39  52   5  13   0 0.00    M    M  4.2 16  40   M    M   3 3      23 200
 5  64  37  51   3  14   0 0.30    M    M  4.9 22 130   M    M   5 13     30 130
 6  53  41  47  -1  18   0 0.70    M    M  4.1 25 240   M    M   8 1      30 230
 7  61  39  50   2  15   0 0.08    M    M  7.3 29 250   M    M   4 13     34 230
 8  63  36  50   1  15   0 0.39    M    M  7.7 32 240   M    M   4 13     40 240
 9  54  34  44  -5  21   0 0.26    M    M  6.1 21 270   M    M   5 13     25 340
10  50  33  42  -7  23   0 0.01    M    M  5.3 14 330   M    M   9 1      18 220
11  62  31  47  -3  18   0 0.00    M    M  3.9 13 180   M    M   2        17 170
12  71  37  54   4  11   0 0.00    M    M 10.1 25 220   M    M   4        35 190
13  66  42  54   4  11   0    T    M    M  6.0 25 190   M    M   6 3      33 190
14  64  36  50  -1  15   0 0.04    M    M  6.5 30 240   M    M   4        36 230
15  55  34  45  -6  20   0    T    M    M  6.2 22 180   M    M   5        30 170
16  59  32  46  -6  19   0 0.10    M    M  5.8 23 250   M    M   8 3      30 260
17  61  38  50  -2  15   0 0.50    M    M  5.8 20 210   M    M   8 13     25 210
18  68  38  53   1  12   0 0.13    M    M  3.8 24 190   M    M   5 1      31 190
19  53  39  46  -7  19   0 0.70    M    M  5.6 30 250   M    M   9 13     39 260
20  60  37  49  -4  16   0 0.04    M    M  3.5 15 280   M    M   3        16 280
21  67  35  51  -2  14   0 0.01    M    M  3.6 16 130   M    M   4        21 130
22  57  43  50  -4  15   0 0.54    M    M  4.1 29 240   M    M   6 13     35 240
================================================================================
SM 1371  821       329   0  3.94    M    121.2          M      114
================================================================================
AV 62.3 37.3                               5.5 FASTST   M    M   5    MAX(MPH)
                                 MISC ---->  # 32 240               # 40  240
================================================================================
NOTES:
# LAST OF SEVERAL OCCURRENCES

COLUMN 17 PEAK WIND IN M.P.H.

PRELIMINARY LOCAL CLIMATOLOGICAL DATA (WS FORM: F-6) , PAGE 2

                                          STATION:  MEEKER CO
                                          MONTH:    MAY
                                          YEAR:     2015
                                          LATITUDE:   40  2 N
                                          LONGITUDE: 107 53 W

[TEMPERATURE DATA]      [PRECIPITATION DATA]       SYMBOLS USED IN COLUMN 16

AVERAGE MONTHLY: 49.8   TOTAL FOR MONTH:   3.94    1 = FOG OR MIST
DPTR FM NORMAL:  -0.1   DPTR FM NORMAL:    2.83    2 = FOG REDUCING VISIBILITY
HIGHEST:    75 ON  1    GRTST 24HR  0.88 ON  5- 6      TO 1/4 MILE OR LESS
LOWEST:     31 ON 11                               3 = THUNDER
                        SNOW, ICE PELLETS, HAIL    4 = ICE PELLETS
                        TOTAL MONTH:    M          5 = HAIL
                        GRTST 24HR    M  ON   M    6 = FREEZING RAIN OR DRIZZLE
                        GRTST DEPTH:  M  ON   M    7 = DUSTSTORM OR SANDSTORM:
                                                       VSBY 1/2 MILE OR LESS
                                                   8 = SMOKE OR HAZE
[NO. OF DAYS WITH]      [WEATHER - DAYS WITH]      9 = BLOWING SNOW
                                                   X = TORNADO
MAX 32 OR BELOW:   0    0.01 INCH OR MORE:  15
MAX 90 OR ABOVE:   0    0.10 INCH OR MORE:  10
MIN 32 OR BELOW:   2    0.50 INCH OR MORE:   4
MIN  0 OR BELOW:   0    1.00 INCH OR MORE:   0

[HDD (BASE 65) ]
TOTAL THIS MO.   329    CLEAR  (SCALE 0-3)   3
DPTR FM NORMAL    -2    PTCLDY (SCALE 4-7)  16
TOTAL FM JUL 1  6737    CLOUDY (SCALE 8-10)  3
DPTR FM NORMAL -1007

[CDD (BASE 65) ]
TOTAL THIS MO.     0
DPTR FM NORMAL     0    [PRESSURE DATA]
TOTAL FM JAN 1     0    HIGHEST SLP M ON M
DPTR FM NORMAL     0    LOWEST  SLP 29.53 ON 15

[REMARKS]
