000
CXUS56 KLKN 211009
CF6EKO
PRELIMINARY LOCAL CLIMATOLOGICAL DATA (WS FORM: F-6)

                                          STATION:   ELKO AIRPORT NV
                                          MONTH:     JULY
                                          YEAR:      2017
                                          LATITUDE:   40 49 N
                                          LONGITUDE: 115 47 W

  TEMPERATURE IN F:       :PCPN:    SNOW:  WIND      :SUNSHINE: SKY     :PK WND
================================================================================
1   2   3   4   5  6A  6B    7    8   9   10  11  12  13   14  15   16   17  18
                                     12Z  AVG MX 2MIN
DY MAX MIN AVG DEP HDD CDD  WTR  SNW DPTH SPD SPD DIR MIN PSBL S-S WX    SPD DR
================================================================================

 1  94  46  70   3   0   5    T  0.0    0  3.9 26 170   M    M   0 3      40 170
 2  97  55  76   8   0  11 0.00  0.0    0  5.0 18 270   M    M   0        22 260
 3  98  53  76   8   0  11 0.00  0.0    0  5.4 20 280   M    M   0        25 220
 4 100  56  78  10   0  13 0.00  0.0    0  3.3 14 250   M    M   0        17 250
 5  97  55  76   8   0  11 0.00  0.0    0  6.2 21 280   M    M   0        26 290
 6  97  56  77   8   0  12 0.00  0.0    0  5.5 23 270   M    M   0        30 270
 7 101  55  78   9   0  13 0.00  0.0    0  4.6 26 180   M    M   0        36 170
 8 102  58  80  11   0  15    T  0.0    0  5.4 32 240   M    M   0 38     47 230
 9  96  60  78   8   0  13 0.00  0.0    0  7.6 22 320   M    M   1 3      30 200
10  95  60  78   8   0  13 0.00  0.0    0  7.8 26 260   M    M   0        33 270
11  94  53  74   4   0   9 0.00  0.0    0  6.7 23 270   M    M   0        28 260
12  96  51  74   4   0   9 0.00  0.0    0  4.2 16 270   M    M   0        22 230
13  94  53  74   4   0   9 0.00  0.0    0  4.6 22 170   M    M   0        29 170
14  97  63  80  10   0  15    T  0.0    0  5.0 26  30   M    M   1 3      35  30
15 101  59  80   9   0  15 0.00  0.0    0  6.1 25 270   M    M   1        35 280
16  95  59  77   6   0  12    T  0.0    0  6.0 23 310   M    M   1 3      33 320
17  95  57  76   5   0  11 0.00  0.0    0  7.8 28 270   M    M   0        36 270
18  96  52  74   3   0   9 0.00  0.0    0  6.8 22 270   M    M   0        27 290
19  97  53  75   4   0  10 0.00  0.0    0  3.9 18 270   M    M   0        23 280
20  95  53  74   3   0   9 0.00  0.0    0  5.4 21 270   M    M   0 8      24 250
================================================================================
SM 1937 1107         0 225    T      0.0 111.2          M        4
================================================================================
AV 96.9 55.4                               5.6 FASTST   M    M   0    MAX(MPH)
                                 MISC ---->  # 32 240               # 47  230
================================================================================
NOTES:
# LAST OF SEVERAL OCCURRENCES

COLUMN 17 PEAK WIND IN M.P.H.

PRELIMINARY LOCAL CLIMATOLOGICAL DATA (WS FORM: F-6) , PAGE 2

                                          STATION:  ELKO AIRPORT NV
                                          MONTH:    JULY
                                          YEAR:     2017
                                          LATITUDE:   40 49 N
                                          LONGITUDE: 115 47 W

[TEMPERATURE DATA]      [PRECIPITATION DATA]       SYMBOLS USED IN COLUMN 16

AVERAGE MONTHLY: 76.1   TOTAL FOR MONTH:      T    1 = FOG OR MIST
DPTR FM NORMAL:   6.5   DPTR FM NORMAL:   -0.23    2 = FOG REDUCING VISIBILITY
HIGHEST:   102 ON  8    GRTST 24HR    T  ON 16-16      TO 1/4 MILE OR LESS
LOWEST:     46 ON  1                               3 = THUNDER
                        SNOW, ICE PELLETS, HAIL    4 = ICE PELLETS
                        TOTAL MONTH:   0.0 INCH    5 = HAIL
                        GRTST 24HR     0.0         6 = FREEZING RAIN OR DRIZZLE
                        GRTST DEPTH:   0           7 = DUSTSTORM OR SANDSTORM:
                                                       VSBY 1/2 MILE OR LESS
                                                   8 = SMOKE OR HAZE
[NO. OF DAYS WITH]      [WEATHER - DAYS WITH]      9 = BLOWING SNOW
                                                   X = TORNADO
MAX 32 OR BELOW:   0    0.01 INCH OR MORE:   0
MAX 90 OR ABOVE:  20    0.10 INCH OR MORE:   0
MIN 32 OR BELOW:   0    0.50 INCH OR MORE:   0
MIN  0 OR BELOW:   0    1.00 INCH OR MORE:   0

[HDD (BASE 65) ]
TOTAL THIS MO.     0    CLEAR  (SCALE 0-3)  20
DPTR FM NORMAL   -17    PTCLDY (SCALE 4-7)   0
TOTAL FM JUL 1     0    CLOUDY (SCALE 8-10)  0
DPTR FM NORMAL   -17

[CDD (BASE 65) ]
TOTAL THIS MO.   225
DPTR FM NORMAL   117    [PRESSURE DATA]
TOTAL FM JAN 1   342    HIGHEST SLP M ON M
DPTR FM NORMAL   183    LOWEST  SLP 29.74 ON  1

[REMARKS]
