000
CXUS56 KLKN 231009
CF6EKO
PRELIMINARY LOCAL CLIMATOLOGICAL DATA (WS FORM: F-6)

                                          STATION:   ELKO AIRPORT NV
                                          MONTH:     JANUARY
                                          YEAR:      2018
                                          LATITUDE:   40 49 N
                                          LONGITUDE: 115 47 W

  TEMPERATURE IN F:       :PCPN:    SNOW:  WIND      :SUNSHINE: SKY     :PK WND
================================================================================
1   2   3   4   5  6A  6B    7    8   9   10  11  12  13   14  15   16   17  18
                                     12Z  AVG MX 2MIN
DY MAX MIN AVG DEP HDD CDD  WTR  SNW DPTH SPD SPD DIR MIN PSBL S-S WX    SPD DR
================================================================================

 1  53  22  38  13  27   0 0.00  0.0    T  3.7 13 240   M    M   1        17 250
 2  50  17  34   9  31   0 0.00  0.0    T  2.4  9  70   M    M   0        11  70
 3  48  21  35  10  30   0 0.00  0.0    T  3.4 10  60   M    M   0        11  60
 4  52  24  38  13  27   0 0.00  0.0    T  3.6  9  60   M    M   3        10  70
 5  50  19  35  10  30   0 0.00  0.0    T  2.5  8  70   M    M   0        10 260
 6  45  26  36  11  29   0 0.14  0.0    0  3.2 14 200   M    M   6 16     16 210
 7  37  24  31   6  34   0    T    T    0  4.7 13  40   M    M   9 12     15  50
 8  44  29  37  12  28   0 0.05  0.0    0  4.5 10 190   M    M   9 1      16 190
 9  49  37  43  18  22   0 0.12  0.0    0  6.6 17 180   M    M   9 1      24 180
10  42  34  38  13  27   0 0.03  0.0    0  9.3 18 210   M    M   7 1      22 210
11  52  33  43  18  22   0 0.00  0.0    0  6.0 23 220   M    M   7        33 220
12  51  26  39  14  26   0 0.00  0.0    0  3.8 14 230   M    M   1        19 270
13  52  23  38  13  27   0 0.00  0.0    0  2.4  7  80   M    M   0         8 220
14  53  22  38  13  27   0 0.00  0.0    0  2.6  9  70   M    M   0        10  70
15  51  25  38  13  27   0 0.00  0.0    0  2.6  9  70   M    M   0        10  70
16  48  26  37  12  28   0 0.03  0.0    0  3.4  9  30   M    M   3 1      10  30
17  46  22  34   9  31   0 0.00  0.0    0  3.2  9  70   M    M   0 1      11  60
18  52  29  41  16  24   0 0.00  0.0    0  7.6 32 170   M    M   2        45 170
19  50  28  39  14  26   0 0.08  0.9    0  6.5 17 240   M    M   8 1      21 230
20  35  21  28   3  37   0 0.00  0.0    T  6.9 20 310   M    M   5        24 300
21  37  17  27   2  38   0 0.00  0.0    T  4.8 18 250   M    M   2        22 250
22  38  23  31   6  34   0 0.02  0.3    T  4.4 12 220   M    M   8 1      17 230
================================================================================
SM 1035  548       632   0  0.47     1.2  98.1          M       80
================================================================================
AV 47.1 24.9                               4.5 FASTST   M    M   4    MAX(MPH)
                                 MISC ---->  # 32 170               # 45  170
================================================================================
NOTES:
# LAST OF SEVERAL OCCURRENCES

COLUMN 17 PEAK WIND IN M.P.H.

PRELIMINARY LOCAL CLIMATOLOGICAL DATA (WS FORM: F-6) , PAGE 2

                                          STATION:  ELKO AIRPORT NV
                                          MONTH:    JANUARY
                                          YEAR:     2018
                                          LATITUDE:   40 49 N
                                          LONGITUDE: 115 47 W

[TEMPERATURE DATA]      [PRECIPITATION DATA]       SYMBOLS USED IN COLUMN 16

AVERAGE MONTHLY: 36.0   TOTAL FOR MONTH:   0.47    1 = FOG OR MIST
DPTR FM NORMAL:  11.0   DPTR FM NORMAL:   -0.37    2 = FOG REDUCING VISIBILITY
HIGHEST:    53 ON 14, 1 GRTST 24HR  0.14 ON  6- 6      TO 1/4 MILE OR LESS
LOWEST:     17 ON 21, 2                            3 = THUNDER
                        SNOW, ICE PELLETS, HAIL    4 = ICE PELLETS
                        TOTAL MONTH:   1.2 INCHES  5 = HAIL
                        GRTST 24HR   0.9 ON 19-19  6 = FREEZING RAIN OR DRIZZLE
                        GRTST DEPTH:   0           7 = DUSTSTORM OR SANDSTORM:
                                                       VSBY 1/2 MILE OR LESS
                                                   8 = SMOKE OR HAZE
[NO. OF DAYS WITH]      [WEATHER - DAYS WITH]      9 = BLOWING SNOW
                                                   X = TORNADO
MAX 32 OR BELOW:   0    0.01 INCH OR MORE:   7
MAX 90 OR ABOVE:   0    0.10 INCH OR MORE:   2
MIN 32 OR BELOW:  19    0.50 INCH OR MORE:   0
MIN  0 OR BELOW:   0    1.00 INCH OR MORE:   0

[HDD (BASE 65) ]
TOTAL THIS MO.   632    CLEAR  (SCALE 0-3)  13
DPTR FM NORMAL  -248    PTCLDY (SCALE 4-7)   5
TOTAL FM JUL 1  3394    CLOUDY (SCALE 8-10)  4
DPTR FM NORMAL  -434

[CDD (BASE 65) ]
TOTAL THIS MO.     0
DPTR FM NORMAL     0    [PRESSURE DATA]
TOTAL FM JAN 1     0    HIGHEST SLP M ON M
DPTR FM NORMAL     0    LOWEST  SLP 29.63 ON  9

[REMARKS]
