000
CXUS56 KLKN 251009
CF6EKO
PRELIMINARY LOCAL CLIMATOLOGICAL DATA (WS FORM: F-6)

                                          STATION:   ELKO AIRPORT NV
                                          MONTH:     AUGUST
                                          YEAR:      2016
                                          LATITUDE:   40 49 N
                                          LONGITUDE: 115 47 W

  TEMPERATURE IN F:       :PCPN:    SNOW:  WIND      :SUNSHINE: SKY     :PK WND
================================================================================
1   2   3   4   5  6A  6B    7    8   9   10  11  12  13   14  15   16   17  18
                                     12Z  AVG MX 2MIN
DY MAX MIN AVG DEP HDD CDD  WTR  SNW DPTH SPD SPD DIR MIN PSBL S-S WX    SPD DR
================================================================================

 1  96  54  75   4   0  10 0.00  0.0    0  6.6 21 280   M    M   0        26 240
 2  98  50  74   3   0   9 0.00  0.0    0  6.2 23 260   M    M   0        34 270
 3  92  55  74   3   0   9 0.00  0.0    0  6.2 21 280   M    M   0        29 270
 4  93  46  70  -1   0   5 0.00  0.0    0  3.3 20 170   M    M   0        28 170
 5  89  62  76   6   0  11    T  0.0    0  9.5 30 150   M    M   2 3      40 150
 6  93  53  73   3   0   8 0.00  0.0    0  5.9 22 230   M    M   0        30 230
 7  88  48  68  -2   0   3 0.00  0.0    0  7.8 22 280   M    M   0        31 260
 8  91  46  69  -1   0   4 0.00  0.0    0  5.8 26 260   M    M   0        33 260
 9  84  45  65  -5   0   0 0.00  0.0    0  7.2 24 270   M    M   0        30 270
10  87  44  66  -4   0   1 0.00  0.0    0  6.0 25 300   M    M   0        31 310
11  87  46  67  -3   0   2 0.00  0.0    0  4.5 18 250   M    M   0        25 260
12  92  47  70   1   0   5 0.00  0.0    0  3.7 18 270   M    M   0        28 240
13  94  49  72   3   0   7 0.00  0.0    0  4.2 16 220   M    M   0        23 260
14  98  49  74   5   0   9 0.00  0.0    0  4.3 17 290   M    M   0        34 290
15  95  59  77   8   0  12 0.00  0.0    0  4.5 21  10   M    M   0        28  10
16  96  50  73   5   0   8 0.00  0.0    0  2.8 16  50   M    M   0        20 310
17  97  57  77   9   0  12 0.00  0.0    0  7.8 25 290   M    M   0        32 280
18  94  51  73   5   0   8 0.00  0.0    0  4.8 16 290   M    M   0        20 290
19  94  53  74   6   0   9 0.00  0.0    0  4.5 17 330   M    M   0        22 350
20  94  46  70   2   0   5 0.00  0.0    0  5.0 18 270   M    M   0        24 310
21  94  50  72   5   0   7 0.00  0.0    0  5.0 25 260   M    M   0        34 250
22  91  48  70   3   0   5 0.00  0.0    0  6.9 23 270   M    M   0        31 260
23  88  52  70   3   0   5 0.00  0.0    0 10.5 29 260   M    M   0        42 260
24  85  42  64  -2   1   0 0.00  0.0    0  5.5 21 260   M    M   0        28 280
================================================================================
SM 2210 1202         1 154    T      0.0 138.5          M        2
================================================================================
AV 92.1 50.1                               5.8 FASTST   M    M   0    MAX(MPH)
                                 MISC ---->  # 30 150               # 42  260
================================================================================
NOTES:
# LAST OF SEVERAL OCCURRENCES

COLUMN 17 PEAK WIND IN M.P.H.

PRELIMINARY LOCAL CLIMATOLOGICAL DATA (WS FORM: F-6) , PAGE 2

                                          STATION:  ELKO AIRPORT NV
                                          MONTH:    AUGUST
                                          YEAR:     2016
                                          LATITUDE:   40 49 N
                                          LONGITUDE: 115 47 W

[TEMPERATURE DATA]      [PRECIPITATION DATA]       SYMBOLS USED IN COLUMN 16

AVERAGE MONTHLY: 71.1   TOTAL FOR MONTH:      T    1 = FOG OR MIST
DPTR FM NORMAL:   2.0   DPTR FM NORMAL:   -0.28    2 = FOG REDUCING VISIBILITY
HIGHEST:    98 ON 14, 2 GRTST 24HR    T  ON  5- 5      TO 1/4 MILE OR LESS
LOWEST:     42 ON 24                               3 = THUNDER
                        SNOW, ICE PELLETS, HAIL    4 = ICE PELLETS
                        TOTAL MONTH:   0.0 INCH    5 = HAIL
                        GRTST 24HR     0.0         6 = FREEZING RAIN OR DRIZZLE
                        GRTST DEPTH:   0           7 = DUSTSTORM OR SANDSTORM:
                                                       VSBY 1/2 MILE OR LESS
                                                   8 = SMOKE OR HAZE
[NO. OF DAYS WITH]      [WEATHER - DAYS WITH]      9 = BLOWING SNOW
                                                   X = TORNADO
MAX 32 OR BELOW:   0    0.01 INCH OR MORE:   0
MAX 90 OR ABOVE:  17    0.10 INCH OR MORE:   0
MIN 32 OR BELOW:   0    0.50 INCH OR MORE:   0
MIN  0 OR BELOW:   0    1.00 INCH OR MORE:   0

[HDD (BASE 65) ]
TOTAL THIS MO.     1    CLEAR  (SCALE 0-3)  24
DPTR FM NORMAL   -15    PTCLDY (SCALE 4-7)   0
TOTAL FM JUL 1    10    CLOUDY (SCALE 8-10)  0
DPTR FM NORMAL   -25

[CDD (BASE 65) ]
TOTAL THIS MO.   154
DPTR FM NORMAL    40    [PRESSURE DATA]
TOTAL FM JAN 1   519    HIGHEST SLP M ON M
DPTR FM NORMAL   174    LOWEST  SLP 29.67 ON  8

[REMARKS]
