000
CXUS56 KLKN 011410
CF6EKO
PRELIMINARY LOCAL CLIMATOLOGICAL DATA (WS FORM: F-6)

                                          STATION:   ELKO AIRPORT NV
                                          MONTH:     APRIL
                                          YEAR:      2016
                                          LATITUDE:   40 49 N
                                          LONGITUDE: 115 47 W

  TEMPERATURE IN F:       :PCPN:    SNOW:  WIND      :SUNSHINE: SKY     :PK WND
================================================================================
1   2   3   4   5  6A  6B    7    8   9   10  11  12  13   14  15   16   17  18
                                     12Z  AVG MX 2MIN
DY MAX MIN AVG DEP HDD CDD  WTR  SNW DPTH SPD SPD DIR MIN PSBL S-S WX    SPD DR
================================================================================

 1  59  30  45   3  20   0 0.00  0.0    0  3.5 12 140   M    M   0        16 140
 2  65  32  49   7  16   0 0.00  0.0    0  3.6 13 260   M    M   0        18 250
 3  71  37  54  12  11   0 0.00  0.0    0  4.0 15  30   M    M   3        18  50
 4  68  39  54  11  11   0    T  0.0    0  8.9 26 260   M    M   3        31 240
 5  62  28  45   2  20   0 0.00  0.0    0  5.3 16 320   M    M   0        20 330
 6  71  30  51   8  14   0 0.00  0.0    0  2.3 12  50   M    M   0        15  40
 7  76  32  54  11  11   0 0.00  0.0    0  7.1 21  70   M    M   0        26  70
 8  76  40  58  15   7   0 0.00  0.0    0  5.5 16 230   M    M   0        23 220
 9  66  47  57  13   8   0 0.32  0.0    0  8.9 23  50   M    M   5        28  40
10  58  42  50   6  15   0    T  0.0    0  3.8 17 330   M    M   9 3      20 330
11  68  38  53   9  12   0 0.00  0.0    0  4.2 16 160   M    M   1 128    21 160
12  65  40  53   9  12   0 0.11  0.0    0  5.0 22 220   M    M   6 38     28 230
13  62  47  55  11  10   0 0.01  0.0    0  6.7 14 260   M    M   8        19 250
14  56  33  45   0  20   0 0.01  0.2    0 13.9 33 260   M    M   7 18     45 260
15  52  32  42  -3  23   0 0.05  0.6    0  9.2 25 340   M    M   7 1      32 310
16  64  29  47   2  18   0 0.00  0.0    0  5.3 21  20   M    M   0        33 330
17  68  26  47   2  18   0 0.00  0.0    0  5.9 17  40   M    M   0        22  40
18  69  30  50   4  15   0 0.00  0.0    0  5.0 16  20   M    M   0        22 360
19  71  34  53   7  12   0 0.00  0.0    0  3.5 14 240   M    M   0        17 220
20  77  32  55   9  10   0 0.00  0.0    0  4.0 12 250   M    M   0        16 220
21  79  39  59  13   6   0 0.00  0.0    0 10.1 23 160   M    M   0        34 170
22  71  35  53   6  12   0 0.21    T    0 11.8 32 270   M    M   4        42 250
23  56  34  45  -2  20   0 0.22  0.2    T 12.1 26 260   M    M   8 1      33 250
24  55  31  43  -4  22   0 0.21  0.0    0  5.2 21 240   M    M   6 1      24 250
25  41  35  38  -9  27   0 0.21    T    0  7.7 18 320   M    M  10 1      23 330
26  49  34  42  -6  23   0 0.00  0.0    0  6.8 18 260   M    M   7        21 270
27  50  32  41  -7  24   0 0.18  0.0    0  4.2 14 240   M    M   7 1      17 250
28  59  39  49   1  16   0 0.18  0.0    0  9.3 24  30   M    M   8 1      33  30
29  51  39  45  -4  20   0 0.27  0.0    0  5.2 26 290   M    M   9 138    30 280
30  58  38  48  -1  17   0 0.01  0.0    0  8.1 20  30   M    M   7        25  30
================================================================================
SM 1893 1054       470   0  1.99     1.0 196.1          M      115
================================================================================
AV 63.1 35.1                               6.5 FASTST   M    M   4    MAX(MPH)
                                 MISC ---->  # 33 260               # 45  260
================================================================================
NOTES:
# LAST OF SEVERAL OCCURRENCES

COLUMN 17 PEAK WIND IN M.P.H.

PRELIMINARY LOCAL CLIMATOLOGICAL DATA (WS FORM: F-6) , PAGE 2

                                          STATION:  ELKO AIRPORT NV
                                          MONTH:    APRIL
                                          YEAR:     2016
                                          LATITUDE:   40 49 N
                                          LONGITUDE: 115 47 W

[TEMPERATURE DATA]      [PRECIPITATION DATA]       SYMBOLS USED IN COLUMN 16

AVERAGE MONTHLY: 49.1   TOTAL FOR MONTH:   1.99    1 = FOG OR MIST
DPTR FM NORMAL:   3.9   DPTR FM NORMAL:    1.02    2 = FOG REDUCING VISIBILITY
HIGHEST:    79 ON 21    GRTST 24HR  0.43 ON 22-23      TO 1/4 MILE OR LESS
LOWEST:     26 ON 17                               3 = THUNDER
                        SNOW, ICE PELLETS, HAIL    4 = ICE PELLETS
                        TOTAL MONTH:   1.0 INCH    5 = HAIL
                        GRTST 24HR   0.6 ON   M    6 = FREEZING RAIN OR DRIZZLE
                        GRTST DEPTH:   T           7 = DUSTSTORM OR SANDSTORM:
                                                       VSBY 1/2 MILE OR LESS
                                                   8 = SMOKE OR HAZE
[NO. OF DAYS WITH]      [WEATHER - DAYS WITH]      9 = BLOWING SNOW
                                                   X = TORNADO
MAX 32 OR BELOW:   0    0.01 INCH OR MORE:  13
MAX 90 OR ABOVE:   0    0.10 INCH OR MORE:   9
MIN 32 OR BELOW:  12    0.50 INCH OR MORE:   0
MIN  0 OR BELOW:   0    1.00 INCH OR MORE:   0

[HDD (BASE 65) ]
TOTAL THIS MO.   470    CLEAR  (SCALE 0-3)  14
DPTR FM NORMAL  -124    PTCLDY (SCALE 4-7)  13
TOTAL FM JUL 1  6171    CLOUDY (SCALE 8-10)  3
DPTR FM NORMAL  -400

[CDD (BASE 65) ]
TOTAL THIS MO.     0
DPTR FM NORMAL     0    [PRESSURE DATA]
TOTAL FM JAN 1     0    HIGHEST SLP 30.53 ON  6
DPTR FM NORMAL     0    LOWEST  SLP 29.54 ON 22

[REMARKS]
#FINAL-04-16#
