877
CXUS54 KSHV 261300
CF6ELD
PRELIMINARY LOCAL CLIMATOLOGICAL DATA (WS FORM: F-6)

                                          STATION:   EL DORADO
                                          MONTH:     MAY
                                          YEAR:      2016
                                          LATITUDE:   33 13 N
                                          LONGITUDE:  92 49 W

  TEMPERATURE IN F:       :PCPN:    SNOW:  WIND      :SUNSHINE: SKY     :PK WND
================================================================================
1   2   3   4   5  6A  6B    7    8   9   10  11  12  13   14  15   16   17  18
                                     12Z  AVG MX 2MIN
DY MAX MIN AVG DEP HDD CDD  WTR  SNW DPTH SPD SPD DIR MIN PSBL S-S WX    SPD DR
================================================================================

 1  84  68  76   9   0  11 0.00  0.0    0  4.7 13 330   M    M   6 13     17 360
 2  68  55  62  -6   3   0 0.58  0.0    0  6.1 18 240   M    M   6 13     25 230
 3  71  51  61  -7   4   0 0.00  0.0    0  5.6 15 330   M    M   5        18 320
 4  79  49  64  -4   1   0    T    M    0  6.2 20 270   M    M   1        28 280
 5  77  48  63  -5   2   0 0.00  0.0    0  5.4 16 330   M    M   0        21 320
 6  78  49  64  -5   1   0 0.00  0.0    0  2.9 12  40   M    M   0        14  50
 7  83  49  66  -3   0   1 0.00  0.0    0  3.4 13 170   M    M   0        16 180
 8  78  55  67  -2   0   2    T  0.0    0  6.4 16 170   M    M   1        22 190
 9  77  64  71   1   0   6    T  0.0    0  9.3 20 160   M    M   6 3      27 140
10  88  70  79   9   0  14 0.00  0.0    0 10.7 18 200   M    M   5 3      25 180
11  81  68  75   5   0  10 0.00  0.0    0  7.5 16 160   M    M   2 1      22 160
12  86  63  75   5   0  10 0.01  0.0    0  5.0 15 360   M    M   3 13     19 360
13  82  53  68  -2   0   3 0.00  0.0    0  3.5 13  50   M    M   0        20  60
14  56  54  55 -16  10   0 0.00  0.0    0  0.0  M   M   M    M   0         M  M
15   M   M   M   M   M   M 0.00  0.0    0   M   M   M   M    M   0         M  M
16   M   M   M   M   M   M    T    M    0  7.3  9 120   M    M   6         M  M
17  83  64  74   2   0   9 0.00  0.0    0  4.0 13  90   M    M   7 1      16  10
18  68  55  62 -10   3   0 0.00  0.0    0  7.8 15  10   M    M   9        21  40
19  75  56  66  -6   0   1 0.07  0.0    0  5.8 17  40   M    M   8 1      21  60
20  80  59  70  -2   0   5 0.00  0.0    0  5.6 13 290   M    M   7 1      17 290
21  83  57  70  -2   0   5 0.00  0.0    0  3.0 12  50   M    M   1 1      15  50
22  83  58  71  -2   0   6 0.00  0.0    0  4.3 14  80   M    M   0        20  70
23  84  56  70  -3   0   5 0.00  0.0    0  4.5 16 110   M    M   1        20 130
24  88  64  76   3   0  11    T  0.0    0  4.8 14 160   M    M   3        19 180
25  88  73  81   7   0  16 0.00  0.0    0  8.1 16 150   M    M   5        20 150
================================================================================
SM 1820 1338        24 115  0.66     0.0 131.9          M       82
================================================================================
AV 79.1 58.2                               5.5 FASTST   M    M   3    MAX(MPH)
                                 MISC ---->  # 20 270               # 28  280
================================================================================
NOTES:
# LAST OF SEVERAL OCCURRENCES

COLUMN 17 PEAK WIND IN M.P.H.

PRELIMINARY LOCAL CLIMATOLOGICAL DATA (WS FORM: F-6) , PAGE 2

                                          STATION:  EL DORADO
                                          MONTH:    MAY
                                          YEAR:     2016
                                          LATITUDE:   33 13 N
                                          LONGITUDE:  92 49 W

[TEMPERATURE DATA]      [PRECIPITATION DATA]       SYMBOLS USED IN COLUMN 16

AVERAGE MONTHLY: 68.7   TOTAL FOR MONTH:   0.66    1 = FOG OR MIST
DPTR FM NORMAL:  -1.8   DPTR FM NORMAL:   -3.45    2 = FOG REDUCING VISIBILITY
HIGHEST:    88 ON 25,24 GRTST 24HR  0.99 ON 30- 1      TO 1/4 MILE OR LESS
LOWEST:     48 ON  5                               3 = THUNDER
                        SNOW, ICE PELLETS, HAIL    4 = ICE PELLETS
                        TOTAL MONTH:   0.0 INCH    5 = HAIL
                        GRTST 24HR     0.0         6 = FREEZING RAIN OR DRIZZLE
                        GRTST DEPTH:   0           7 = DUSTSTORM OR SANDSTORM:
                                                       VSBY 1/2 MILE OR LESS
                                                   8 = SMOKE OR HAZE
[NO. OF DAYS WITH]      [WEATHER - DAYS WITH]      9 = BLOWING SNOW
                                                   X = TORNADO
MAX 32 OR BELOW:   0    0.01 INCH OR MORE:   3
MAX 90 OR ABOVE:   0    0.10 INCH OR MORE:   1
MIN 32 OR BELOW:   0    0.50 INCH OR MORE:   1
MIN  0 OR BELOW:   0    1.00 INCH OR MORE:   0

[HDD (BASE 65) ]
TOTAL THIS MO.    24    CLEAR  (SCALE 0-3)  13
DPTR FM NORMAL     8    PTCLDY (SCALE 4-7)  11
TOTAL FM JUL 1  2034    CLOUDY (SCALE 8-10)  1
DPTR FM NORMAL  -636

[CDD (BASE 65) ]
TOTAL THIS MO.   115
DPTR FM NORMAL   -41    [PRESSURE DATA]
TOTAL FM JAN 1   215    HIGHEST SLP M ON M
DPTR FM NORMAL   -40    LOWEST  SLP 29.72 ON  9

[REMARKS]
