000
CXUS54 KEPZ 011200
CF6ELP
PRELIMINARY LOCAL CLIMATOLOGICAL DATA (WS FORM: F-6)

                                          STATION:   EL PASO
                                          MONTH:     JUNE
                                          YEAR:      2015
                                          LATITUDE:   31 47 N
                                          LONGITUDE: 106 24 W

  TEMPERATURE IN F:       :PCPN:    SNOW:  WIND      :SUNSHINE: SKY     :PK WND
================================================================================
1   2   3   4   5  6A  6B    7    8   9   10  11  12  13   14  15   16   17  18
                                     12Z  AVG MX 2MIN
DY MAX MIN AVG DEP HDD CDD  WTR  SNW DPTH SPD SPD DIR MIN PSBL S-S WX    SPD DR
================================================================================

 1  98  69  84   5   0  19 0.00  0.0    0  5.7 26 230   M    M   3        37 230
 2  99  72  86   7   0  21 0.00  0.0    0  9.8 23 260   M    M   2        35 250
 3  98  73  86   7   0  21 0.00  0.0    0 11.6 24 240   M    M   1        30 240
 4  98  65  82   2   0  17 0.00  0.0    0  7.5 23 130   M    M   4        34 240
 5  98  73  86   6   0  21 0.00  0.0    0  7.1 24 100   M    M   6        28 100
 6  97  72  85   5   0  20 0.04  0.0    0  5.8 18 150   M    M   6 3      25 150
 7  93  73  83   3   0  18 0.00  0.0    0  7.1 20 240   M    M   9        26 130
 8  92  76  84   4   0  19    T  0.0    0  9.7 22 110   M    M   8 3      28 130
 9  94  71  83   2   0  18 0.03  0.0    0  6.5 15 100   M    M   7        20 100
10  98  72  85   4   0  20 0.00  0.0    0  7.1 20 260   M    M   3        27 210
11  98  73  86   5   0  21 0.00  0.0    0 10.4 22 240   M    M   1        30 250
12  97  73  85   3   0  20 0.00  0.0    0  6.9 21 250   M    M   1 8      24 280
13  99  68  84   2   0  19 0.00  0.0    0  7.3 22 350   M    M   1        28 210
14  98  69  84   2   0  19 0.00  0.0    0  5.9 14 100   M    M   1        18  70
15  97  71  84   2   0  19    T  0.0    0  8.2 25  70   M    M   4        31  70
16  94  70  82   0   0  17 0.00  0.0    0  7.0 12  90   M    M   4        20  80
17  98  70  84   2   0  19 0.00  0.0    0  5.0 20  20   M    M   3 3      23  20
18 102  76  89   7   0  24 0.00  0.0    0  8.2 24  80   M    M   3 3      31  70
19  97  75  86   3   0  21    T  0.0    0 11.0 20 120   M    M   4        27 160
20 104  76  90   7   0  25 0.00  0.0    0  5.5 20 120   M    M   4 3      24 120
21 104  75  90   7   0  25 0.00  0.0    0  5.9 22 100   M    M   2        27 110
22 104  74  89   6   0  24 0.00  0.0    0  8.4 23 110   M    M   1        31 110
23  92  70  81  -2   0  16 0.00  0.0    0 12.2 24 100   M    M   3        29 100
24  91  72  82  -1   0  17 0.00  0.0    0 10.4 22 160   M    M   6        26 160
25  93  74  84   1   0  19 0.00  0.0    0  8.7 28 180   M    M   6 8      33 180
26  97  74  86   3   0  21    T  0.0    0  7.8 23 110   M    M   7 38     29 110
27  91  70  81  -2   0  16 0.09  0.0    0  8.7 47  20   M    M   7 38     56  20
28  95  72  84   1   0  19 0.00  0.0    0  7.2 15 130   M    M   5        24  50
29  99  71  85   1   0  20 0.02  0.0    0  6.4 33  70   M    M   4 137    44  70
30  94  69  82  -2   0  17 0.00  0.0    0  8.6 24 190   M    M   5 3      29 190
================================================================================
SM 2909 2158         0 592  0.18     0.0 237.6          M      121
================================================================================
AV 97.0 71.9                               7.9 FASTST   M    M   4    MAX(MPH)
                                 MISC ---->  # 47  20               # 56   20
================================================================================
NOTES:
# LAST OF SEVERAL OCCURRENCES

COLUMN 17 PEAK WIND IN M.P.H.

PRELIMINARY LOCAL CLIMATOLOGICAL DATA (WS FORM: F-6) , PAGE 2

                                          STATION:  EL PASO
                                          MONTH:    JUNE
                                          YEAR:     2015
                                          LATITUDE:   31 47 N
                                          LONGITUDE: 106 24 W

[TEMPERATURE DATA]      [PRECIPITATION DATA]       SYMBOLS USED IN COLUMN 16

AVERAGE MONTHLY: 84.4   TOTAL FOR MONTH:   0.18    1 = FOG OR MIST
DPTR FM NORMAL:   2.8   DPTR FM NORMAL:   -0.76    2 = FOG REDUCING VISIBILITY
HIGHEST:   104 ON 22,21 GRTST 24HR  0.09 ON 27-27      TO 1/4 MILE OR LESS
LOWEST:     65 ON  4                               3 = THUNDER
                        SNOW, ICE PELLETS, HAIL    4 = ICE PELLETS
                        TOTAL MONTH:   0.0 INCH    5 = HAIL
                        GRTST 24HR     0.0         6 = FREEZING RAIN OR DRIZZLE
                        GRTST DEPTH:   0           7 = DUSTSTORM OR SANDSTORM:
                                                       VSBY 1/2 MILE OR LESS
                                                   8 = SMOKE OR HAZE
[NO. OF DAYS WITH]      [WEATHER - DAYS WITH]      9 = BLOWING SNOW
                                                   X = TORNADO
MAX 32 OR BELOW:   0    0.01 INCH OR MORE:   4
MAX 90 OR ABOVE:  30    0.10 INCH OR MORE:   0
MIN 32 OR BELOW:   0    0.50 INCH OR MORE:   0
MIN  0 OR BELOW:   0    1.00 INCH OR MORE:   0

[HDD (BASE 65) ]
TOTAL THIS MO.     0    CLEAR  (SCALE 0-3)   9
DPTR FM NORMAL     0    PTCLDY (SCALE 4-7)  20
TOTAL FM JUL 1  2064    CLOUDY (SCALE 8-10)  1
DPTR FM NORMAL  -410

[CDD (BASE 65) ]
TOTAL THIS MO.   592
DPTR FM NORMAL    90    [PRESSURE DATA]
TOTAL FM JAN 1   963    HIGHEST SLP 29.99 ON 27
DPTR FM NORMAL    84    LOWEST  SLP 29.49 ON 11

[REMARKS]
#FINAL-06-15#
