000
CXUS53 KMKX 230659
CF6ENW
PRELIMINARY LOCAL CLIMATOLOGICAL DATA (WS FORM: F-6)

                                          STATION:   KENOSHA WI
                                          MONTH:     AUGUST
                                          YEAR:      2015
                                          LATITUDE:   42 35 N
                                          LONGITUDE:  87 56 W

  TEMPERATURE IN F:       :PCPN:    SNOW:  WIND      :SUNSHINE: SKY     :PK WND
================================================================================
1   2   3   4   5  6A  6B    7    8   9   10  11  12  13   14  15   16   17  18
                                     12Z  AVG MX 2MIN
DY MAX MIN AVG DEP HDD CDD  WTR  SNW DPTH SPD SPD DIR MIN PSBL S-S WX    SPD DR
================================================================================

 1  85  57  71   0   0   6    T  0.0    0  6.9 17 270   M    M   2        22 270
 2  92  63  78   7   0  13 1.01  0.0    0 14.6 30 240   M    M   1 13     43 210
 3  79  59  69  -2   0   4 0.00  0.0    0  8.1 20 310   M    M   1        27 310
 4  79  56  68  -2   0   3 0.00  0.0    0  6.8 17 280   M    M   1        24 270
 5  77  55  66  -4   0   1 0.00  0.0    0  6.7 14  60   M    M   1        17  70
 6  77  59  68  -2   0   3 0.00  0.0    0  6.1 13  90   M    M   0 1      18  90
 7  77  60  69  -1   0   4 0.04  0.0    0  8.1 20 140   M    M   5 12     25 140
 8  76  62  69  -1   0   4 0.00  0.0    0  5.5 13 300   M    M   6 12     17 290
 9  80  61  71   1   0   6    T  0.0    0  3.3  9 150   M    M   7 128    12 160
10  82  64  73   3   0   8 0.35    M    M  2.8 23 360   M    M   6 1238   35 330
11  78  58  68  -2   0   3 0.00    M    M  6.0 15  50   M    M   1 1      19  50
12  77  55  66  -4   0   1 0.00  0.0    0  5.5 10 140   M    M   2 1      14 110
13  83  60  72   2   0   7 0.00  0.0    0 10.3 21 250   M    M   1        28 240
14  91  64  78   8   0  13 0.15  0.0    0  8.1 23 340   M    M   1 13     36 340
15  87  64  76   6   0  11 0.00  0.0    0  5.3 15  90   M    M   2 3      18 100
16  89  68  79   9   0  14 0.00  0.0    0  7.9 16 250   M    M   0 1      21 250
17  89  65  77   7   0  12    T  0.0    0  6.9 22 290   M    M   2 3      29 280
18  81  67  74   4   0   9 0.36  0.0    0  8.4 22 160   M    M   4 13     27 160
19  75  61  68  -1   0   3    T  0.0    0 13.0 22 240   M    M   5        30 210
20  71  52  62  -7   3   0 0.01    M    M 11.8 25 280   M    M   6        35 280
21  83  49  66  -3   0   1 0.00    M    M  6.2 15 240   M    M   2        20 240
22  82  56  69   0   0   4 0.00    M    M  9.5 23 150   M    M   1        28 150
================================================================================
SM 1790 1315         3 130  1.92     0.0 167.8          M       57
================================================================================
AV 81.4 59.8                               7.6 FASTST   M    M   3    MAX(MPH)
                                 MISC ---->  # 30 240               # 43  210
================================================================================
NOTES:
# LAST OF SEVERAL OCCURRENCES

COLUMN 17 PEAK WIND IN M.P.H.

PRELIMINARY LOCAL CLIMATOLOGICAL DATA (WS FORM: F-6) , PAGE 2

                                          STATION:  KENOSHA WI
                                          MONTH:    AUGUST
                                          YEAR:     2015
                                          LATITUDE:   42 35 N
                                          LONGITUDE:  87 56 W

[TEMPERATURE DATA]      [PRECIPITATION DATA]       SYMBOLS USED IN COLUMN 16

AVERAGE MONTHLY: 70.6   TOTAL FOR MONTH:   1.92    1 = FOG OR MIST
DPTR FM NORMAL:   0.6   DPTR FM NORMAL:   -0.75    2 = FOG REDUCING VISIBILITY
HIGHEST:    92 ON  2    GRTST 24HR  1.01 ON  2- 2      TO 1/4 MILE OR LESS
LOWEST:     49 ON 21                               3 = THUNDER
                        SNOW, ICE PELLETS, HAIL    4 = ICE PELLETS
                        TOTAL MONTH:   0.0 INCH    5 = HAIL
                        GRTST 24HR     0.0         6 = FREEZING RAIN OR DRIZZLE
                        GRTST DEPTH:   0           7 = DUSTSTORM OR SANDSTORM:
                                                       VSBY 1/2 MILE OR LESS
                                                   8 = SMOKE OR HAZE
[NO. OF DAYS WITH]      [WEATHER - DAYS WITH]      9 = BLOWING SNOW
                                                   X = TORNADO
MAX 32 OR BELOW:   0    0.01 INCH OR MORE:   6
MAX 90 OR ABOVE:   2    0.10 INCH OR MORE:   4
MIN 32 OR BELOW:   0    0.50 INCH OR MORE:   1
MIN  0 OR BELOW:   0    1.00 INCH OR MORE:   1

[HDD (BASE 65) ]
TOTAL THIS MO.     3    CLEAR  (SCALE 0-3)  15
DPTR FM NORMAL     3    PTCLDY (SCALE 4-7)   7
TOTAL FM JUL 1    37    CLOUDY (SCALE 8-10)  0
DPTR FM NORMAL    24

[CDD (BASE 65) ]
TOTAL THIS MO.   130
DPTR FM NORMAL    11    [PRESSURE DATA]
TOTAL FM JAN 1   386    HIGHEST SLP M ON M
DPTR FM NORMAL   -66    LOWEST  SLP 29.52 ON 19

[REMARKS]
