000
CXUS53 KMKX 250658
CF6ENW
PRELIMINARY LOCAL CLIMATOLOGICAL DATA (WS FORM: F-6)

                                          STATION:   KENOSHA WI
                                          MONTH:     FEBRUARY
                                          YEAR:      2018
                                          LATITUDE:   42 35 N
                                          LONGITUDE:  87 56 W

  TEMPERATURE IN F:       :PCPN:    SNOW:  WIND      :SUNSHINE: SKY     :PK WND
================================================================================
1   2   3   4   5  6A  6B    7    8   9   10  11  12  13   14  15   16   17  18
                                     12Z  AVG MX 2MIN
DY MAX MIN AVG DEP HDD CDD  WTR  SNW DPTH SPD SPD DIR MIN PSBL S-S WX    SPD DR
================================================================================

 1  34   5  20  -2  45   0 0.00  0.0    0 14.8 28 300   M    M   1        39 300
 2  21   2  12 -10  53   0    T    M    M 10.6 16 280   M    M   2        22 290
 3  38  21  30   8  35   0    T    M    M 11.8 26 240   M    M  10 1      37 260
 4  32  -3  15  -7  50   0    T    M    M 11.9 21 340   M    M   6 18     30 350
 5  12 -11   1 -22  64   0    M    M    0  8.3 17 260   M    M   4 1      20 260
 6  17  -3   7 -16  58   0    T    M    M  5.2 10 270   M    M   3 18     15 270
 7  18  -2   8 -15  57   0    T    M    M  7.1 15 300   M    M   8 18     20 290
 8  19  -3   8 -15  57   0    T    M    M  7.6 14 250   M    M   5 1      18 250
 9  26  13  20  -4  45   0    T    M    0 10.4 18  40   M    M  10 18     25  40
10  19  11  15  -9  50   0    T    M    0  5.8 13 330   M    M   6 8      17 340
11  22   7  15  -9  50   0    T    M    0 10.4 17 270   M    M   5 18     23 270
12  20   0  10 -14  55   0 0.00  0.0    0  4.7  9 300   M    M   0 8      13 330
13  33   1  17  -8  48   0 0.00  0.0    0  5.9 16 170   M    M   3 8      22 170
14  44  25  35  10  30   0 0.00  0.0    0 11.4 24 240   M    M   3 18     31 250
15  46  34  40  15  25   0 0.00  0.0    0  9.0 21 250   M    M   6 18     28 250
16  35  16  26   0  39   0 0.00    M    M 10.0 17 290   M    M   5        25 320
17  35  15  25  -1  40   0    T    M    0  9.6 22 280   M    M   5 18     29 270
18  39  17  28   2  37   0    T    M    0 11.8 24 170   M    M   0 18     34 170
19  57  37  47  20  18   0 0.28    M    0  7.3 16 210   M    M   9 128    25 200
20  58  32  45  18  20   0 1.06    M    0  9.7 20 260   M    M   9 123    30 310
21  32  25  29   2  36   0 0.00  0.0    0  8.6 17 330   M    M   3        26 330
22  38  27  33   5  32   0 0.00  0.0    0 13.2 20 100   M    M   7        26  80
23  43  29  36   8  29   0 0.08    M    M 10.3 23 280   M    M   8 1      33 270
24  40  29  35   7  30   0 0.05    M    M 14.7 24 110   M    M   8 18     33 120
================================================================================
SM  778  324      1003   0  1.47     0.0 230.1          M      126
================================================================================
AV 32.4 13.5                               9.6 FASTST   M    M   5    MAX(MPH)
                                 MISC ---->  # 28 300               # 39  300
================================================================================
NOTES:
# LAST OF SEVERAL OCCURRENCES

COLUMN 17 PEAK WIND IN M.P.H.

PRELIMINARY LOCAL CLIMATOLOGICAL DATA (WS FORM: F-6) , PAGE 2

                                          STATION:  KENOSHA WI
                                          MONTH:    FEBRUARY
                                          YEAR:     2018
                                          LATITUDE:   42 35 N
                                          LONGITUDE:  87 56 W

[TEMPERATURE DATA]      [PRECIPITATION DATA]       SYMBOLS USED IN COLUMN 16

AVERAGE MONTHLY: 23.0   TOTAL FOR MONTH:   1.47    1 = FOG OR MIST
DPTR FM NORMAL:  -1.8   DPTR FM NORMAL:    0.34    2 = FOG REDUCING VISIBILITY
HIGHEST:    58 ON 20    GRTST 24HR  1.06 ON 20-20      TO 1/4 MILE OR LESS
LOWEST:    -11 ON  5                               3 = THUNDER
                        SNOW, ICE PELLETS, HAIL    4 = ICE PELLETS
                        TOTAL MONTH:   0.0 INCH    5 = HAIL
                        GRTST 24HR     0.0         6 = FREEZING RAIN OR DRIZZLE
                        GRTST DEPTH:   0           7 = DUSTSTORM OR SANDSTORM:
                                                       VSBY 1/2 MILE OR LESS
                                                   8 = SMOKE OR HAZE
[NO. OF DAYS WITH]      [WEATHER - DAYS WITH]      9 = BLOWING SNOW
                                                   X = TORNADO
MAX 32 OR BELOW:  11    0.01 INCH OR MORE:   4
MAX 90 OR ABOVE:   0    0.10 INCH OR MORE:   2
MIN 32 OR BELOW:  22    0.50 INCH OR MORE:   1
MIN  0 OR BELOW:   6    1.00 INCH OR MORE:   1

[HDD (BASE 65) ]
TOTAL THIS MO.  1003    CLEAR  (SCALE 0-3)   7
DPTR FM NORMAL    38    PTCLDY (SCALE 4-7)  13
TOTAL FM JUL 1  4756    CLOUDY (SCALE 8-10)  4
DPTR FM NORMAL  -199

[CDD (BASE 65) ]
TOTAL THIS MO.     0
DPTR FM NORMAL     0    [PRESSURE DATA]
TOTAL FM JAN 1     0    HIGHEST SLP M ON M
DPTR FM NORMAL     0    LOWEST  SLP 29.42 ON 24

[REMARKS]
