000
CXUS53 KMKX 300646
CF6ENW
PRELIMINARY LOCAL CLIMATOLOGICAL DATA (WS FORM: F-6)

                                          STATION:   KENOSHA WI
                                          MONTH:     NOVEMBER
                                          YEAR:      2016
                                          LATITUDE:   42 35 N
                                          LONGITUDE:  87 56 W

  TEMPERATURE IN F:       :PCPN:    SNOW:  WIND      :SUNSHINE: SKY     :PK WND
================================================================================
1   2   3   4   5  6A  6B    7    8   9   10  11  12  13   14  15   16   17  18
                                     12Z  AVG MX 2MIN
DY MAX MIN AVG DEP HDD CDD  WTR  SNW DPTH SPD SPD DIR MIN PSBL S-S WX    SPD DR
================================================================================

 1  74  60  67  22   0   2 0.00  0.0    0  7.2 17 240   M    M   4        23 190
 2  61  49  55  10  10   0 0.95  0.0    0  7.3 17 110   M    M   9 13     23 300
 3  63  41  52   8  13   0 0.00  0.0    0  5.0 12  30   M    M   2 12     15  30
 4  61  37  49   5  16   0 0.00  0.0    0  5.5 12 250   M    M   0 1      17 270
 5  68  44  56  13   9   0 0.00  0.0    0  6.8 13 260   M    M   0 18     16 270
 6  69  41  55  12  10   0 0.00  0.0    0  4.8 10 250   M    M   0 1      14 210
 7  66  40  53  11  12   0 0.00  0.0    0  5.8 15 180   M    M   0 1      21 180
 8  60  44  52  10  13   0    T  0.0    0 10.5 21 340   M    M   6        30 340
 9  57  35  46   4  19   0 0.00  0.0    0  7.6 13 260   M    M   0        17 260
10  63  40  52  11  13   0 0.00  0.0    0 14.9 29 240   M    M   0        35 240
11  51  33  42   1  23   0 0.00    M    M  9.8 24  10   M    M   4        32  10
12  52  27  40   0  25   0 0.00    M    M  9.1 17 240   M    M   0        23 250
13  57  37  47   7  18   0 0.00    M    M 14.1 23 250   M    M   0        28 240
14  58  39  49  10  16   0 0.00    M    M  7.2 17 240   M    M   0 1      21 240
15  55  37  46   7  19   0 0.00  0.0    0  3.9  9 130   M    M   4 128    12 290
16  53  40  47   9  18   0 0.00  0.0    0  5.4 14 150   M    M   2 18     17 150
17  71  48  60  22   5   0 0.00  0.0    0 13.2 21 210   M    M   0 18     26 210
18  68  37  53  16  12   0    T    M    0 19.7 35 240   M    M   4        47 260
19  38  26  32  -5  33   0    T    M    0 18.2 30 300   M    M   6 18     45 310
20  33  20  27  -9  38   0 0.00  0.0    0  7.5 14 340   M    M   0        18 330
21  38  22  30  -6  35   0 0.00  0.0    0  4.5 10 360   M    M   1        13 350
22  41  21  31  -4  34   0 0.02    M    M  7.0 16 110   M    M   6        21 130
23  44  40  42   7  23   0 0.19    M    M 10.3 22 150   M    M  10 18     28 150
24  42  35  39   5  26   0    T    M    M 10.7 20 280   M    M  10 1      24 300
25  41  32  37   3  28   0    T    M    M  8.3 15 280   M    M  10 18     19 280
26  47  32  40   7  25   0 0.00    M    M  7.8 16 210   M    M   5 18     21 210
27  44  34  39   6  26   0 0.03    M    M 10.0 23 160   M    M   6 18     29 160
28  51  42  47  15  18   0 0.81    M    M 14.7 26 160   M    M  10 1      32 160
29  55  40  48  16  17   0 0.00    M    M 11.0 22 240   M    M   0        30 240
================================================================================
SM 1581 1073       554   2  2.00     0.0 267.8          M       99
================================================================================
AV 54.5 37.0                               9.2 FASTST   M    M   3    MAX(MPH)
                                 MISC ---->  # 35 240               # 47  260
================================================================================
NOTES:
# LAST OF SEVERAL OCCURRENCES

COLUMN 17 PEAK WIND IN M.P.H.

PRELIMINARY LOCAL CLIMATOLOGICAL DATA (WS FORM: F-6) , PAGE 2

                                          STATION:  KENOSHA WI
                                          MONTH:    NOVEMBER
                                          YEAR:     2016
                                          LATITUDE:   42 35 N
                                          LONGITUDE:  87 56 W

[TEMPERATURE DATA]      [PRECIPITATION DATA]       SYMBOLS USED IN COLUMN 16

AVERAGE MONTHLY: 45.8   TOTAL FOR MONTH:   2.00    1 = FOG OR MIST
DPTR FM NORMAL:   7.1   DPTR FM NORMAL:   -0.65    2 = FOG REDUCING VISIBILITY
HIGHEST:    74 ON  1    GRTST 24HR  0.95 ON  2- 2      TO 1/4 MILE OR LESS
LOWEST:     20 ON 20                               3 = THUNDER
                        SNOW, ICE PELLETS, HAIL    4 = ICE PELLETS
                        TOTAL MONTH:   0.0 INCH    5 = HAIL
                        GRTST 24HR     0.0         6 = FREEZING RAIN OR DRIZZLE
                        GRTST DEPTH:   0           7 = DUSTSTORM OR SANDSTORM:
                                                       VSBY 1/2 MILE OR LESS
                                                   8 = SMOKE OR HAZE
[NO. OF DAYS WITH]      [WEATHER - DAYS WITH]      9 = BLOWING SNOW
                                                   X = TORNADO
MAX 32 OR BELOW:   0    0.01 INCH OR MORE:   5
MAX 90 OR ABOVE:   0    0.10 INCH OR MORE:   3
MIN 32 OR BELOW:   7    0.50 INCH OR MORE:   2
MIN  0 OR BELOW:   0    1.00 INCH OR MORE:   0

[HDD (BASE 65) ]
TOTAL THIS MO.   554    CLEAR  (SCALE 0-3)  15
DPTR FM NORMAL  -210    PTCLDY (SCALE 4-7)   9
TOTAL FM JUL 1   930    CLOUDY (SCALE 8-10)  5
DPTR FM NORMAL  -461

[CDD (BASE 65) ]
TOTAL THIS MO.     2
DPTR FM NORMAL     2    [PRESSURE DATA]
TOTAL FM JAN 1   860    HIGHEST SLP M ON M
DPTR FM NORMAL   315    LOWEST  SLP 29.06 ON 28

[REMARKS]
