764
CXUS53 KMKX 180646
CF6ENW
PRELIMINARY LOCAL CLIMATOLOGICAL DATA (WS FORM: F-6)

                                          STATION:   KENOSHA WI
                                          MONTH:     JULY
                                          YEAR:      2017
                                          LATITUDE:   42 35 N
                                          LONGITUDE:  87 56 W

  TEMPERATURE IN F:       :PCPN:    SNOW:  WIND      :SUNSHINE: SKY     :PK WND
================================================================================
1   2   3   4   5  6A  6B    7    8   9   10  11  12  13   14  15   16   17  18
                                     12Z  AVG MX 2MIN
DY MAX MIN AVG DEP HDD CDD  WTR  SNW DPTH SPD SPD DIR MIN PSBL S-S WX    SPD DR
================================================================================

 1  80  58  69  -1   0   4 0.00  0.0    0  9.1 20 260   M    M   1        26 260
 2  84  56  70   0   0   5 0.44  0.0    0  7.5 25  30   M    M   1 135    33  30
 3  75  59  67  -4   0   2 0.00  0.0    0  7.8 17  70   M    M   3 1      22  80
 4  77  58  68  -3   0   3 0.00  0.0    0  6.7 12  70   M    M   2        15  70
 5  83  60  72   1   0   7 0.01  0.0    0  5.1 14 150   M    M   2 1      18 150
 6  89  64  77   6   0  12 0.03  0.0    0  8.1 37 330   M    M   1 13     56 330
 7  85  60  73   2   0   8 0.39  0.0    0  7.4 30 340   M    M   3 13     43 350
 8  75  59  67  -4   0   2 0.00  0.0    0  5.3 10 130   M    M   1        14  90
 9  84  58  71   0   0   6 0.00  0.0    0  7.3 15 210   M    M   1        19 230
10  81  65  73   2   0   8 2.42    M    M  5.9 25  80   M    M   5 13     31  70
11  80  65  73   2   0   8 0.29  0.0    0  5.1 25 240   M    M   2 13     36 240
12  83  68  76   5   0  11 3.39  0.0    0 10.5 22 240   M    M   6 13     29 300
13  82  68  75   4   0  10 0.00  0.0    0  8.6 18 280   M    M   2 1      24 240
14  70  58  64  -7   1   0 0.00  0.0    0  7.4 15 300   M    M   7        19 290
15  79  56  68  -3   0   3 0.00    M    M  7.2 15 240   M    M   1 13     20 270
16  86  55  71   0   0   6    T    M    M  9.3 26 240   M    M   4 3      39 260
17  75  53  64  -7   1   0 0.00    M    M  5.1 12 100   M    M   1 1      17  50
================================================================================
SM 1368 1020         2  95  6.97     0.0 123.4          M       43
================================================================================
AV 80.5 60.0                               7.3 FASTST   M    M   3    MAX(MPH)
                                 MISC ---->  # 37 330               # 56  330
================================================================================
NOTES:
# LAST OF SEVERAL OCCURRENCES

COLUMN 17 PEAK WIND IN M.P.H.

PRELIMINARY LOCAL CLIMATOLOGICAL DATA (WS FORM: F-6) , PAGE 2

                                          STATION:  KENOSHA WI
                                          MONTH:    JULY
                                          YEAR:     2017
                                          LATITUDE:   42 35 N
                                          LONGITUDE:  87 56 W

[TEMPERATURE DATA]      [PRECIPITATION DATA]       SYMBOLS USED IN COLUMN 16

AVERAGE MONTHLY: 70.2   TOTAL FOR MONTH:   6.97    1 = FOG OR MIST
DPTR FM NORMAL:  -0.6   DPTR FM NORMAL:    4.97    2 = FOG REDUCING VISIBILITY
HIGHEST:    89 ON  6    GRTST 24HR  3.39 ON 12-12      TO 1/4 MILE OR LESS
LOWEST:     53 ON 17                               3 = THUNDER
                        SNOW, ICE PELLETS, HAIL    4 = ICE PELLETS
                        TOTAL MONTH:   0.0 INCH    5 = HAIL
                        GRTST 24HR     0.0         6 = FREEZING RAIN OR DRIZZLE
                        GRTST DEPTH:   0           7 = DUSTSTORM OR SANDSTORM:
                                                       VSBY 1/2 MILE OR LESS
                                                   8 = SMOKE OR HAZE
[NO. OF DAYS WITH]      [WEATHER - DAYS WITH]      9 = BLOWING SNOW
                                                   X = TORNADO
MAX 32 OR BELOW:   0    0.01 INCH OR MORE:   7
MAX 90 OR ABOVE:   0    0.10 INCH OR MORE:   5
MIN 32 OR BELOW:   0    0.50 INCH OR MORE:   2
MIN  0 OR BELOW:   0    1.00 INCH OR MORE:   2

[HDD (BASE 65) ]
TOTAL THIS MO.     2    CLEAR  (SCALE 0-3)  13
DPTR FM NORMAL    -3    PTCLDY (SCALE 4-7)   4
TOTAL FM JUL 1     2    CLOUDY (SCALE 8-10)  0
DPTR FM NORMAL    -3

[CDD (BASE 65) ]
TOTAL THIS MO.    95
DPTR FM NORMAL   -17    [PRESSURE DATA]
TOTAL FM JAN 1   268    HIGHEST SLP M ON M
DPTR FM NORMAL    23    LOWEST  SLP 29.77 ON M

[REMARKS]
