000
CXUS53 KMKX 240702
CF6ENW
PRELIMINARY LOCAL CLIMATOLOGICAL DATA (WS FORM: F-6)

                                          STATION:   KENOSHA WI
                                          MONTH:     NOVEMBER
                                          YEAR:      2017
                                          LATITUDE:   42 35 N
                                          LONGITUDE:  87 56 W

  TEMPERATURE IN F:       :PCPN:    SNOW:  WIND      :SUNSHINE: SKY     :PK WND
================================================================================
1   2   3   4   5  6A  6B    7    8   9   10  11  12  13   14  15   16   17  18
                                     12Z  AVG MX 2MIN
DY MAX MIN AVG DEP HDD CDD  WTR  SNW DPTH SPD SPD DIR MIN PSBL S-S WX    SPD DR
================================================================================

 1  46  35  41  -4  24   0 0.24  0.0    0  8.5 16 170   M    M   9 1      21 150
 2  50  43  47   2  18   0    T  0.0    0  4.6 14 350   M    M   8 1      19 350
 3  47  34  41  -3  24   0 0.00  0.0    0  8.1 17  60   M    M   6        22  60
 4  48  44  46   2  19   0 0.28  0.0    0  9.3 21 110   M    M   9 12     26 110
 5  52  40  46   3  19   0 0.00  0.0    0  6.9 17 330   M    M  10 12     22 320
 6  44  31  38  -5  27   0 0.00  0.0    0  6.7 17 330   M    M   3        24 330
 7  45  26  36  -6  29   0 0.00  0.0    0  5.8 15 360   M    M   3        19 360
 8  46  23  35  -7  30   0 0.00  0.0    0  6.3 16 250   M    M   0        20 230
 9  44  18  31 -11  34   0 0.00  0.0    0 13.4 23 310   M    M   4        30 300
10  29  15  22 -19  43   0    T    M    0  7.1 15 340   M    M   7 18     20 340
11  36  26  31 -10  34   0 0.00  0.0    0  6.9 21 160   M    M   9        26 160
12  38  33  36  -4  29   0 0.18    M    0  3.8  8 300   M    M  10 1      10 360
13  41  28  35  -5  30   0 0.00  0.0    0  6.1 14 240   M    M   5 18     17 250
14  49  28  39   0  26   0 0.00  0.0    0  9.0 16 190   M    M   6 128    21 180
15  50  34  42   3  23   0 0.29  0.0    0 14.9 25 290   M    M   9 1      34 270
16  39  34  37  -1  28   0 0.00  0.0    0  7.7 21 310   M    M  10        27 330
17  45  35  40   2  25   0 0.25  0.0    0 10.1 23 180   M    M   9 18     32 190
18  44  34  39   2  26   0 0.16    M    0 11.3 23 330   M    M   9 1      36 340
19  36  28  32  -5  33   0 0.00  0.0    0 13.4 23 290   M    M   3        30 300
20  52  31  42   6  23   0 0.00  0.0    0 16.1 28 210   M    M   0        38 210
21  47  24  36   0  29   0 0.00  0.0    0 13.7 22 310   M    M   3        35 220
22  34  16  25 -10  40   0 0.00    M    M  6.3 12 260   M    M   2        17 240
23  45  29  37   2  28   0    T    M    M  8.6 16 240   M    M   4        21 210
================================================================================
SM 1007  689       641   0  1.40     0.0 204.6          M      138
================================================================================
AV 43.8 30.0                               8.9 FASTST   M    M   6    MAX(MPH)
                                 MISC ---->  # 28 210               # 38  210
================================================================================
NOTES:
# LAST OF SEVERAL OCCURRENCES

COLUMN 17 PEAK WIND IN M.P.H.

PRELIMINARY LOCAL CLIMATOLOGICAL DATA (WS FORM: F-6) , PAGE 2

                                          STATION:  KENOSHA WI
                                          MONTH:    NOVEMBER
                                          YEAR:     2017
                                          LATITUDE:   42 35 N
                                          LONGITUDE:  87 56 W

[TEMPERATURE DATA]      [PRECIPITATION DATA]       SYMBOLS USED IN COLUMN 16

AVERAGE MONTHLY: 36.9   TOTAL FOR MONTH:   1.40    1 = FOG OR MIST
DPTR FM NORMAL:  -3.2   DPTR FM NORMAL:   -0.77    2 = FOG REDUCING VISIBILITY
HIGHEST:    52 ON 20, 5 GRTST 24HR  0.29 ON 15-15      TO 1/4 MILE OR LESS
LOWEST:     15 ON 10                               3 = THUNDER
                        SNOW, ICE PELLETS, HAIL    4 = ICE PELLETS
                        TOTAL MONTH:   0.0 INCH    5 = HAIL
                        GRTST 24HR     0.0         6 = FREEZING RAIN OR DRIZZLE
                        GRTST DEPTH:   0           7 = DUSTSTORM OR SANDSTORM:
                                                       VSBY 1/2 MILE OR LESS
                                                   8 = SMOKE OR HAZE
[NO. OF DAYS WITH]      [WEATHER - DAYS WITH]      9 = BLOWING SNOW
                                                   X = TORNADO
MAX 32 OR BELOW:   1    0.01 INCH OR MORE:   6
MAX 90 OR ABOVE:   0    0.10 INCH OR MORE:   6
MIN 32 OR BELOW:  13    0.50 INCH OR MORE:   0
MIN  0 OR BELOW:   0    1.00 INCH OR MORE:   0

[HDD (BASE 65) ]
TOTAL THIS MO.   641    CLEAR  (SCALE 0-3)   4
DPTR FM NORMAL    69    PTCLDY (SCALE 4-7)   9
TOTAL FM JUL 1  1069    CLOUDY (SCALE 8-10) 10
DPTR FM NORMAL  -130

[CDD (BASE 65) ]
TOTAL THIS MO.     0
DPTR FM NORMAL     0    [PRESSURE DATA]
TOTAL FM JAN 1   611    HIGHEST SLP M ON M
DPTR FM NORMAL    66    LOWEST  SLP 29.50 ON 18

[REMARKS]
