000
CXUS54 KEWX 190910
CF6ERV
PRELIMINARY LOCAL CLIMATOLOGICAL DATA (WS FORM: F-6)

                                          STATION:   KERRVILLE
                                          MONTH:     APRIL
                                          YEAR:      2014
                                          LATITUDE:   29 58 N
                                          LONGITUDE:  99  5 W

  TEMPERATURE IN F:       :PCPN:    SNOW:  WIND      :SUNSHINE: SKY     :PK WND
================================================================================
1   2   3   4   5  6A  6B    7    8   9   10  11  12  13   14  15   16   17  18
                                     12Z  AVG MX 2MIN
DY MAX MIN AVG DEP HDD CDD  WTR  SNW DPTH SPD SPD DIR MIN PSBL S-S WX    SPD DR
================================================================================

 1  84  63  74   M   0   9 0.00    M    M 12.2 18 170   M    M   7 1      25 150
 2  83  69  76   M   0  11 0.00    M    M 11.4 18 160   M    M   6 1      23 160
 3  84  63  74   M   0   9 0.00    M    M  8.1 14 140   M    M   5        18 150
 4  72  51  62   M   3   0 0.00    M    M  9.4 21 360   M    M   1        27 360
 5  63  52  58   M   7   0 0.00    M    M  5.5 12 110   M    M   6        12 100
 6  63  45  54   M  11   0 0.00    M    M  7.0 16 340   M    M   7 1      20 340
 7  77  38  58   M   7   0 0.00    M    M  8.8 27 300   M    M   2 1      46 300
 8  76  42  59   M   6   0 0.03    M    M  8.2 21 340   M    M   0        30 330
 9  84  37  61   M   4   0 0.00    M    M  7.2 17 170   M    M   0        21 170
10  89  54  72   M   0   7 0.00    M    M 12.4 20 170   M    M   0        27 170
11  89  59  74   M   0   9 0.00    M    M 12.2 17 160   M    M   3        23 160
12  84  63  74   M   0   9 0.00    M    M 14.6 21 160   M    M   7        27 160
13  79  64  72   M   0   7 0.00    M    M  8.8 18 170   M    M   7 1      28 170
14  72  42  57   M   8   0 0.14    M    M 16.4 31 350   M    M   4 13     43 350
15  65  31  48   M  17   0 0.00    M    M  3.4  9 150   M    M   0         M  M
16  72  38  55   M  10   0 0.00    M    M 11.3 21 160   M    M   0        29 160
17  71  56  64   M   1   0 0.00    M    M 10.3 15 150   M    M  10        21 150
18  79  56  68   M   0   3 0.00    M    M  3.8 12 110   M    M   6 1       M  M
================================================================================
SM 1386  923        74  64  0.17    M    171.0          M       71
================================================================================
AV 77.0 51.3                               9.5 FASTST   M    M   4    MAX(MPH)
                                 MISC ---->    31   M               # 46  300
================================================================================
NOTES:
# LAST OF SEVERAL OCCURRENCES

COLUMN 17 PEAK WIND IN M.P.H.

PRELIMINARY LOCAL CLIMATOLOGICAL DATA (WS FORM: F-6) , PAGE 2

                                          STATION:  KERRVILLE
                                          MONTH:    APRIL
                                          YEAR:     2014
                                          LATITUDE:   29 58 N
                                          LONGITUDE:  99  5 W

[TEMPERATURE DATA]      [PRECIPITATION DATA]       SYMBOLS USED IN COLUMN 16

AVERAGE MONTHLY: 64.1   TOTAL FOR MONTH:   0.17    1 = FOG OR MIST
DPTR FM NORMAL:     M   DPTR FM NORMAL:       M    2 = FOG REDUCING VISIBILITY
HIGHEST:    89 ON 11,10 GRTST 24HR  0.14 ON 14-14      TO 1/4 MILE OR LESS
LOWEST:     31 ON 15                               3 = THUNDER
                        SNOW, ICE PELLETS, HAIL    4 = ICE PELLETS
                        TOTAL MONTH:    M          5 = HAIL
                        GRTST 24HR    M  ON   M    6 = FREEZING RAIN OR DRIZZLE
                        GRTST DEPTH:  M  ON   M    7 = DUSTSTORM OR SANDSTORM:
                                                       VSBY 1/2 MILE OR LESS
                                                   8 = SMOKE OR HAZE
[NO. OF DAYS WITH]      [WEATHER - DAYS WITH]      9 = BLOWING SNOW
                                                   X = TORNADO
MAX 32 OR BELOW:   0    0.01 INCH OR MORE:   2
MAX 90 OR ABOVE:   0    0.10 INCH OR MORE:   1
MIN 32 OR BELOW:   1    0.50 INCH OR MORE:   0
MIN  0 OR BELOW:   0    1.00 INCH OR MORE:   0

[HDD (BASE 65) ]
TOTAL THIS MO.    74    CLEAR  (SCALE 0-3)   8
DPTR FM NORMAL     M    PTCLDY (SCALE 4-7)   9
TOTAL FM JUL 1  2307    CLOUDY (SCALE 8-10)  1
DPTR FM NORMAL     M

[CDD (BASE 65) ]
TOTAL THIS MO.    64
DPTR FM NORMAL     M    [PRESSURE DATA]
TOTAL FM JAN 1    98    HIGHEST SLP M ON M
DPTR FM NORMAL     M    LOWEST  SLP M ON M

[REMARKS]
