000
CXUS53 KDMX 310920
CF6EST
PRELIMINARY LOCAL CLIMATOLOGICAL DATA (WS FORM: F-6)

                                          STATION:   ESTHERVILLE IA
                                          MONTH:     AUGUST
                                          YEAR:      2015
                                          LATITUDE:   43 24 N
                                          LONGITUDE:  94 45 W

  TEMPERATURE IN F:       :PCPN:    SNOW:  WIND      :SUNSHINE: SKY     :PK WND
================================================================================
1   2   3   4   5  6A  6B    7    8   9   10  11  12  13   14  15   16   17  18
                                     12Z  AVG MX 2MIN
DY MAX MIN AVG DEP HDD CDD  WTR  SNW DPTH SPD SPD DIR MIN PSBL S-S WX    SPD DR
================================================================================

 1  84  60  72   1   0   7 0.00  0.0    0  8.4 14 210   M    M   0        18 200
 2  86  59  73   2   0   8 0.00  0.0    0 11.3 18 330   M    M   0        24 230
 3  79  52  66  -5   0   1 0.00  0.0    0  6.5 15 330   M    M   1        20 340
 4  77  52  65  -6   0   0 0.00  0.0    0  4.3 10 120   M    M   0        14 150
 5  76  52  64  -6   1   0 0.00  0.0    0  5.3 13 140   M    M   4        16 140
 6  81  63  72   2   0   7    T  0.0    0 11.1 22 180   M    M   6 3      32 180
 7  84  63  74   4   0   9 0.00  0.0    0  7.0 15 310   M    M   3 18     19 310
 8  84  62  73   3   0   8 0.00  0.0    0  7.6 16 180   M    M   2        25 170
 9  82  62  72   2   0   7 1.47  0.0    0  6.3 35 340   M    M   8 13     47 340
10  79  60  70   0   0   5 0.00  0.0    0  9.2 17 350   M    M   3 12     22 340
11  81  59  70   0   0   5 0.00  0.0    0  6.5 14  10   M    M   0        17 350
12  83  56  70   0   0   5 0.00  0.0    0  6.1 13 210   M    M   0        16 210
13  80  63  72   2   0   7 0.00  0.0    0  8.1 16 230   M    M   0        22 230
14  86  65  76   6   0  11 0.00  0.0    0  6.1 13 190   M    M   0        17 200
15  84  61  73   4   0   8 0.00  0.0    0  9.3 17 180   M    M   0 1      23 170
16  78  66  72   3   0   7 0.69  0.0    0  6.3 17 210   M    M   4 13     21 200
17  67  60  64  -5   1   0 2.44  0.0    0 10.3 35  10   M    M  10 13     41 360
18  69  54  62  -7   3   0 0.81  0.0    0 10.9 28 110   M    M   9 1238   39 100
19  65  51  58 -11   7   0 0.10  0.0    0 13.0 26 310   M    M   8 1      35 310
20  74  47  61  -8   4   0 0.00  0.0    0  6.3 12 250   M    M   0        18 280
21  78  58  68   0   0   3 0.00  0.0    0 13.8 25 180   M    M   2        35 180
22  80  57  69   1   0   4 0.30  0.0    0 16.5 29 170   M    M   5 138    41 170
23  67  51  59  -9   6   0 0.00  0.0    0 14.6 25 280   M    M   3        36 280
24  68  47  58 -10   7   0 0.00  0.0    0 11.0 21 310   M    M   0        30 330
25  72  46  59  -9   6   0 0.00  0.0    0  8.0 15 330   M    M   0        20 320
26  72  42  57 -11   8   0 0.00  0.0    M  5.3 10 200   M    M   0        15 200
27  70  53  62  -5   3   0 0.37  0.0    0  8.1 24 130   M    M   3 13     30 130
28  63  57  60  -7   5   0 0.50  0.0    0 12.0 22  80   M    M   9 1      29  90
29  70  56  63  -4   2   0 0.00  0.0    0  6.1 14 180   M    M   7 12     18 190
30  75  60  68   1   0   3 0.00  0.0    0 10.2 17 170   M    M   5 1      22 170
================================================================================
SM 2294 1694        53 105  6.68     0.0 265.5          M       92
================================================================================
AV 76.5 56.5                               8.9 FASTST   M    M   3    MAX(MPH)
                                 MISC ---->  # 35 340               # 47  340
================================================================================
NOTES:
# LAST OF SEVERAL OCCURRENCES

COLUMN 17 PEAK WIND IN M.P.H.

PRELIMINARY LOCAL CLIMATOLOGICAL DATA (WS FORM: F-6) , PAGE 2

                                          STATION:  ESTHERVILLE IA
                                          MONTH:    AUGUST
                                          YEAR:     2015
                                          LATITUDE:   43 24 N
                                          LONGITUDE:  94 45 W

[TEMPERATURE DATA]      [PRECIPITATION DATA]       SYMBOLS USED IN COLUMN 16

AVERAGE MONTHLY: 66.5   TOTAL FOR MONTH:   6.68    1 = FOG OR MIST
DPTR FM NORMAL:  -2.7   DPTR FM NORMAL:    2.93    2 = FOG REDUCING VISIBILITY
HIGHEST:    86 ON 14, 2 GRTST 24HR  2.49 ON 16-17      TO 1/4 MILE OR LESS
LOWEST:     42 ON 26                               3 = THUNDER
                        SNOW, ICE PELLETS, HAIL    4 = ICE PELLETS
                        TOTAL MONTH:   0.0 INCH    5 = HAIL
                        GRTST 24HR     0.0         6 = FREEZING RAIN OR DRIZZLE
                        GRTST DEPTH:   0           7 = DUSTSTORM OR SANDSTORM:
                                                       VSBY 1/2 MILE OR LESS
                                                   8 = SMOKE OR HAZE
[NO. OF DAYS WITH]      [WEATHER - DAYS WITH]      9 = BLOWING SNOW
                                                   X = TORNADO
MAX 32 OR BELOW:   0    0.01 INCH OR MORE:   8
MAX 90 OR ABOVE:   0    0.10 INCH OR MORE:   8
MIN 32 OR BELOW:   0    0.50 INCH OR MORE:   5
MIN  0 OR BELOW:   0    1.00 INCH OR MORE:   2

[HDD (BASE 65) ]
TOTAL THIS MO.    53    CLEAR  (SCALE 0-3)  18
DPTR FM NORMAL    33    PTCLDY (SCALE 4-7)   9
TOTAL FM JUL 1    78    CLOUDY (SCALE 8-10)  3
DPTR FM NORMAL    49

[CDD (BASE 65) ]
TOTAL THIS MO.   105
DPTR FM NORMAL   -40    [PRESSURE DATA]
TOTAL FM JAN 1   403    HIGHEST SLP M ON M
DPTR FM NORMAL  -134    LOWEST  SLP 29.58 ON 18

[REMARKS]
