000
CXUS53 KPAH 190643
CF6EVV
PRELIMINARY LOCAL CLIMATOLOGICAL DATA (WS FORM: F-6)

                                          STATION:   EVANSVILLE IN
                                          MONTH:     AUGUST
                                          YEAR:      2017
                                          LATITUDE:   38  2 N
                                          LONGITUDE:  87 32 W

  TEMPERATURE IN F:       :PCPN:    SNOW:  WIND      :SUNSHINE: SKY     :PK WND
================================================================================
1   2   3   4   5  6A  6B    7    8   9   10  11  12  13   14  15   16   17  18
                                     12Z  AVG MX 2MIN
DY MAX MIN AVG DEP HDD CDD  WTR  SNW DPTH SPD SPD DIR MIN PSBL S-S WX    SPD DR
================================================================================

 1  88  70  79   1   0  14 0.00  0.0    0  2.3 22 200   M    M   3 3      28 200
 2  88  66  77  -1   0  12 0.00  0.0    0  3.6 13 130   M    M   1 3      18 140
 3  88  68  78   0   0  13 0.00  0.0    0  7.8 17 210   M    M   2        22 200
 4  77  58  68 -10   0   3 0.00  0.0    0  7.3 17 290   M    M   2        23 270
 5  79  54  67 -11   0   2    T  0.0    0  2.6  9  90   M    M   1        12 100
 6  70  64  67 -10   0   2 1.40  0.0    0  4.5 12 170   M    M   9 1      15 100
 7  82  65  74  -3   0   9 0.00  0.0    0  7.0 14 350   M    M   8 18     17 340
 8  83  63  73  -4   0   8 0.00  0.0    0  7.2 13  40   M    M   2        17  30
 9  83  61  72  -5   0   7 0.00  0.0    0  3.9 10  80   M    M   2        13  70
10  87  64  76  -1   0  11 0.00  0.0    0  1.3  8 280   M    M   1        11 280
11  80  66  73  -4   0   8 0.05  0.0    0  2.4  8 290   M    M   3 1      12 300
12  82  64  73  -4   0   8 0.00  0.0    0  6.3 14  10   M    M   1        18 360
13  84  61  73  -4   0   8 0.00  0.0    0  3.5  9  80   M    M   3        12 110
14  82  69  76  -1   0  11 0.02  0.0    0  3.4  8 220   M    M   8 18     10 150
15  87  69  78   1   0  13 0.00  0.0    0  1.9 10 210   M    M   5 1      12 210
16  88  69  79   2   0  14    T  0.0    0  3.9 12 180   M    M   4 123    14 190
17  91  75  83   6   0  18 0.00  0.0    0 10.6 21 260   M    M   3        25 260
18  88  69  79   2   0  14 0.00  0.0    0  6.0 14 280   M    M   1        18 280
================================================================================
SM 1507 1175         0 175  1.47     0.0  85.5          M       59
================================================================================
AV 83.7 65.3                               4.8 FASTST   M    M   3    MAX(MPH)
                                 MISC ---->  # 22 200               # 28  200
================================================================================
NOTES:
# LAST OF SEVERAL OCCURRENCES

COLUMN 17 PEAK WIND IN M.P.H.

PRELIMINARY LOCAL CLIMATOLOGICAL DATA (WS FORM: F-6) , PAGE 2

                                          STATION:  EVANSVILLE IN
                                          MONTH:    AUGUST
                                          YEAR:     2017
                                          LATITUDE:   38  2 N
                                          LONGITUDE:  87 32 W

[TEMPERATURE DATA]      [PRECIPITATION DATA]       SYMBOLS USED IN COLUMN 16

AVERAGE MONTHLY: 74.5   TOTAL FOR MONTH:   1.47    1 = FOG OR MIST
DPTR FM NORMAL:  -2.8   DPTR FM NORMAL:   -0.27    2 = FOG REDUCING VISIBILITY
HIGHEST:    91 ON 17    GRTST 24HR  1.40 ON  6- 6      TO 1/4 MILE OR LESS
LOWEST:     54 ON  5                               3 = THUNDER
                        SNOW, ICE PELLETS, HAIL    4 = ICE PELLETS
                        TOTAL MONTH:   0.0 INCH    5 = HAIL
                        GRTST 24HR     0.0         6 = FREEZING RAIN OR DRIZZLE
                        GRTST DEPTH:   0           7 = DUSTSTORM OR SANDSTORM:
                                                       VSBY 1/2 MILE OR LESS
                                                   8 = SMOKE OR HAZE
[NO. OF DAYS WITH]      [WEATHER - DAYS WITH]      9 = BLOWING SNOW
                                                   X = TORNADO
MAX 32 OR BELOW:   0    0.01 INCH OR MORE:   3
MAX 90 OR ABOVE:   1    0.10 INCH OR MORE:   1
MIN 32 OR BELOW:   0    0.50 INCH OR MORE:   1
MIN  0 OR BELOW:   0    1.00 INCH OR MORE:   1

[HDD (BASE 65) ]
TOTAL THIS MO.     0    CLEAR  (SCALE 0-3)  12
DPTR FM NORMAL     0    PTCLDY (SCALE 4-7)   5
TOTAL FM JUL 1     0    CLOUDY (SCALE 8-10)  1
DPTR FM NORMAL     0

[CDD (BASE 65) ]
TOTAL THIS MO.   175
DPTR FM NORMAL   -44    [PRESSURE DATA]
TOTAL FM JAN 1  1163    HIGHEST SLP M ON M
DPTR FM NORMAL   108    LOWEST  SLP 29.81 ON 14

[REMARKS]
