000
CXUS53 KPAH 170632
CF6EVV
PRELIMINARY LOCAL CLIMATOLOGICAL DATA (WS FORM: F-6)

                                          STATION:   EVANSVILLE IN
                                          MONTH:     OCTOBER
                                          YEAR:      2017
                                          LATITUDE:   38  2 N
                                          LONGITUDE:  87 32 W

  TEMPERATURE IN F:       :PCPN:    SNOW:  WIND      :SUNSHINE: SKY     :PK WND
================================================================================
1   2   3   4   5  6A  6B    7    8   9   10  11  12  13   14  15   16   17  18
                                     12Z  AVG MX 2MIN
DY MAX MIN AVG DEP HDD CDD  WTR  SNW DPTH SPD SPD DIR MIN PSBL S-S WX    SPD DR
================================================================================

 1  78  47  63   0   2   0 0.00  0.0    0  4.6 13 180   M    M   1        16 170
 2  80  61  71   9   0   6 0.00  0.0    0  6.3 15 180   M    M   1        19 140
 3  83  65  74  12   0   9 0.00  0.0    0  5.6 17 210   M    M   3        25 250
 4  86  64  75  13   0  10 0.00  0.0    0  4.6 13 230   M    M   2        17 220
 5  83  65  74  13   0   9 0.00  0.0    0  3.3 12 180   M    M   3        15 180
 6  85  60  73  12   0   8 0.00  0.0    0  5.0 16 220   M    M   0        21 220
 7  84  66  75  15   0  10 0.13  0.0    0  9.9 23 200   M    M   6 1      30 200
 8  69  63  66   6   0   1 0.31  0.0    0  4.7 13  30   M    M   9 1      17  90
 9  79  66  73  13   0   8 0.00  0.0    0  3.6  8 120   M    M   7 18     11 140
10  75  67  71  11   0   6 0.98  0.0    0  6.5 17 290   M    M   8 13     24 290
11  66  53  60   1   5   0 0.00  0.0    0  7.1 16 290   M    M  10 1      24 280
12  62  57  60   1   5   0 0.01  0.0    0  1.4  6 160   M    M  10 18      8 330
13  76  52  64   6   1   0 0.00  0.0    0  2.3  9 130   M    M   2 18     13 170
14  86  56  71  13   0   6 0.00  0.0    0  7.0 17 200   M    M   0 1      24 200
15  74  51  63   5   2   0 0.12  0.0    0 10.4 22 290   M    M   7 18     30 320
16  65  42  54  -4  11   0 0.00  0.0    0  4.1 12 360   M    M   1        17  10
================================================================================
SM 1231  935        26  73  1.55     0.0  86.4          M       70
================================================================================
AV 76.9 58.4                               5.4 FASTST   M    M   4    MAX(MPH)
                                 MISC ---->  # 23 200               # 30  200
================================================================================
NOTES:
# LAST OF SEVERAL OCCURRENCES

COLUMN 17 PEAK WIND IN M.P.H.

PRELIMINARY LOCAL CLIMATOLOGICAL DATA (WS FORM: F-6) , PAGE 2

                                          STATION:  EVANSVILLE IN
                                          MONTH:    OCTOBER
                                          YEAR:     2017
                                          LATITUDE:   38  2 N
                                          LONGITUDE:  87 32 W

[TEMPERATURE DATA]      [PRECIPITATION DATA]       SYMBOLS USED IN COLUMN 16

AVERAGE MONTHLY: 67.7   TOTAL FOR MONTH:   1.55    1 = FOG OR MIST
DPTR FM NORMAL:   7.6   DPTR FM NORMAL:   -0.07    2 = FOG REDUCING VISIBILITY
HIGHEST:    86 ON 14, 4 GRTST 24HR  0.98 ON 10-10      TO 1/4 MILE OR LESS
LOWEST:     42 ON 16                               3 = THUNDER
                        SNOW, ICE PELLETS, HAIL    4 = ICE PELLETS
                        TOTAL MONTH:   0.0 INCH    5 = HAIL
                        GRTST 24HR     0.0         6 = FREEZING RAIN OR DRIZZLE
                        GRTST DEPTH:   0           7 = DUSTSTORM OR SANDSTORM:
                                                       VSBY 1/2 MILE OR LESS
                                                   8 = SMOKE OR HAZE
[NO. OF DAYS WITH]      [WEATHER - DAYS WITH]      9 = BLOWING SNOW
                                                   X = TORNADO
MAX 32 OR BELOW:   0    0.01 INCH OR MORE:   5
MAX 90 OR ABOVE:   0    0.10 INCH OR MORE:   4
MIN 32 OR BELOW:   0    0.50 INCH OR MORE:   1
MIN  0 OR BELOW:   0    1.00 INCH OR MORE:   0

[HDD (BASE 65) ]
TOTAL THIS MO.    26    CLEAR  (SCALE 0-3)   9
DPTR FM NORMAL   -77    PTCLDY (SCALE 4-7)   3
TOTAL FM JUL 1    41    CLOUDY (SCALE 8-10)  4
DPTR FM NORMAL  -109

[CDD (BASE 65) ]
TOTAL THIS MO.    73
DPTR FM NORMAL    50    [PRESSURE DATA]
TOTAL FM JAN 1  1561    HIGHEST SLP M ON M
DPTR FM NORMAL   172    LOWEST  SLP 29.66 ON  8

[REMARKS]
