000
CXAK56 PAFG 231312
CF6FAI
PRELIMINARY LOCAL CLIMATOLOGICAL DATA (WS FORM: F-6)

                                          STATION:   FAIRBANKS AK
                                          MONTH:     MARCH
                                          YEAR:      2017
                                          LATITUDE:   64 49 N
                                          LONGITUDE: 147 52 W

  TEMPERATURE IN F:       :PCPN:    SNOW:  WIND      :SUNSHINE: SKY     :PK WND
================================================================================
1   2   3   4   5  6A  6B    7    8   9   10  11  12  13   14  15   16   17  18
                                     12Z  AVG MX 2MIN
DY MAX MIN AVG DEP HDD CDD  WTR  SNW DPTH SPD SPD DIR MIN PSBL S-S WX    SPD DR
================================================================================

 1   6 -28 -11 -15  76   0 0.00  0.0   31  4.3 16  20   M    M   2        18  20
 2  -4 -35 -19 -23  84   0 0.00  0.0   30  1.6  6 200   M    M   3         7 200
 3  -5 -35 -20 -25  85   0 0.00  0.0   30  0.3  5  30   M    M   4 1       5 270
 4  10 -13  -1  -6  66   0 0.02  0.6   29  5.8 18 260   M    M   9 19     24 250
 5   7 -30 -11 -17  76   0    T    T   29  3.2 13 340   M    M   4        14 320
 6   2 -38 -18 -24  83   0 0.00  0.0   29  0.6  7  40   M    M   0 18      7  40
 7  -2 -38 -20 -26  85   0 0.00  0.0   29  1.4  6 200   M    M   2         7 200
 8  -3 -39 -21 -28  86   0 0.00  0.0   29  0.1  5  40   M    M   0         5  40
 9   4 -37 -16 -23  81   0 0.00  0.0   28  0.0  5 200   M    M   5         6 190
10  11  -1   5  -3  60   0 0.05  1.0   28  0.7  6  50   M    M   9 1       6  50
11  22 -13   5  -3  60   0    T    T   28  2.5  8 170   M    M   4         9 100
12  15 -22  -3 -12  68   0 0.00  0.0   28  2.9 10 200   M    M   3        12 210
13  10 -26  -8 -17  73   0    T  0.1   28  1.8  6  40   M    M   5 1       8 190
14  10 -20  -5 -15  70   0 0.00  0.0   27  7.6 14  10   M    M   1        18  10
15   7 -20  -6 -16  71   0 0.00  0.0   27 10.2 22  30   M    M   2        25  30
16   4 -17  -6 -17  71   0 0.00  0.0   27  5.6 13 350   M    M   2        14 350
17   5 -29 -12 -23  77   0 0.00  0.0   26  2.7  8 190   M    M   1         8 190
18  12 -25  -6 -18  71   0 0.00  0.0   26  2.6 10 360   M    M   1        13 360
19  14 -23  -4 -17  69   0 0.00  0.0   26  2.9  8 200   M    M   3        10 210
20  11 -18  -3 -16  68   0 0.00  0.0   26  1.7  8 190   M    M   7         9 190
21  16 -19  -1 -15  66   0 0.00  0.0   26  1.6  7 200   M    M   3         9 200
22  16 -20  -2 -16  67   0 0.00  0.0   26  3.5 10 200   M    M   4        12 200
================================================================================
SM  168 -546      1613   0  0.07     1.7  63.6          M       74
================================================================================
AV  7.6-24.8                               2.9 FASTST   M    M   3    MAX(MPH)
                                 MISC ---->  # 22  30               # 25   30
================================================================================
NOTES:
# LAST OF SEVERAL OCCURRENCES

COLUMN 17 PEAK WIND IN M.P.H.

PRELIMINARY LOCAL CLIMATOLOGICAL DATA (WS FORM: F-6) , PAGE 2

                                          STATION:  FAIRBANKS AK
                                          MONTH:    MARCH
                                          YEAR:     2017
                                          LATITUDE:   64 49 N
                                          LONGITUDE: 147 52 W

[TEMPERATURE DATA]      [PRECIPITATION DATA]       SYMBOLS USED IN COLUMN 16

AVERAGE MONTHLY: -8.6   TOTAL FOR MONTH:   0.07    1 = FOG OR MIST
DPTR FM NORMAL: -17.3   DPTR FM NORMAL:   -0.12    2 = FOG REDUCING VISIBILITY
HIGHEST:    22 ON 11    GRTST 24HR  0.05 ON 10-10      TO 1/4 MILE OR LESS
LOWEST:    -39 ON  8                               3 = THUNDER
                        SNOW, ICE PELLETS, HAIL    4 = ICE PELLETS
                        TOTAL MONTH:   1.7 INCHES  5 = HAIL
                        GRTST 24HR   1.0 ON 10-10  6 = FREEZING RAIN OR DRIZZLE
                        GRTST DEPTH:  31 ON  1     7 = DUSTSTORM OR SANDSTORM:
                                                       VSBY 1/2 MILE OR LESS
                                                   8 = SMOKE OR HAZE
[NO. OF DAYS WITH]      [WEATHER - DAYS WITH]      9 = BLOWING SNOW
                                                   X = TORNADO
MAX 32 OR BELOW:  22    0.01 INCH OR MORE:   2
MAX 90 OR ABOVE:   0    0.10 INCH OR MORE:   0
MIN 32 OR BELOW:  22    0.50 INCH OR MORE:   0
MIN  0 OR BELOW:  22    1.00 INCH OR MORE:   0

[HDD (BASE 65) ]
TOTAL THIS MO.  1613    CLEAR  (SCALE 0-3)  12
DPTR FM NORMAL   377    PTCLDY (SCALE 4-7)   8
TOTAL FM JUL 1 11743    CLOUDY (SCALE 8-10)  2
DPTR FM NORMAL   117

[CDD (BASE 65) ]
TOTAL THIS MO.     0
DPTR FM NORMAL     0    [PRESSURE DATA]
TOTAL FM JAN 1     0    HIGHEST SLP M ON M
DPTR FM NORMAL     0    LOWEST  SLP 29.84 ON 14

[REMARKS]
