000
CXAK56 PAFG 211939
CF6FAI
PRELIMINARY LOCAL CLIMATOLOGICAL DATA (WS FORM: F-6)

                                          STATION:   FAIRBANKS AK
                                          MONTH:     FEBRUARY
                                          YEAR:      2017
                                          LATITUDE:   64 49 N
                                          LONGITUDE: 147 52 W

  TEMPERATURE IN F:       :PCPN:    SNOW:  WIND      :SUNSHINE: SKY     :PK WND
================================================================================
1   2   3   4   5  6A  6B    7    8   9   10  11  12  13   14  15   16   17  18
                                     12Z  AVG MX 2MIN
DY MAX MIN AVG DEP HDD CDD  WTR  SNW DPTH SPD SPD DIR MIN PSBL S-S WX    SPD DR
================================================================================

 1   2 -14  -6   0  71   0 0.00  0.0   20  0.6  7  30   M    M   4         7  30
 2  -1 -17  -9  -3  74   0    T    T   20  0.6  6  10   M    M   3         6  10
 3   3 -15  -6   0  71   0 0.00  0.0   20  0.9  8  30   M    M   1 1       8  30
 4   4 -15  -5   0  70   0 0.00  0.0   20  0.3  6  30   M    M   1 1       7 200
 5  -3 -20 -11  -6  76   0    T    T   20  0.6  6 180   M    M   6 1       6 180
 6   3 -18  -7  -3  72   0 0.00  0.0   20  1.1  8  40   M    M   0 18      8  40
 7   0 -21 -10  -6  75   0    T    T   20  0.3  6  50   M    M   1 1       6  50
 8  10 -21  -5  -1  70   0 0.08  3.4   20  1.0  7 200   M    M   9 1      10 200
 9   2 -21  -9  -5  74   0 0.02  0.2   23  0.8  6 320   M    M   8 1       6 320
10  -1 -25 -13 -10  78   0    T  0.1   22  5.4 13 360   M    M   6 1      14 350
11 -16 -35 -25 -22  90   0    T    T   22  1.1  7  70   M    M   4 18      7  70
12  -5 -41 -23 -21  88   0    T    T   22  1.6  8  50   M    M   4 1       8  40
13  19  -6   7   9  58   0 0.00  0.0   22  4.0 10  40   M    M   8        12  10
14  35  -3  16  18  49   0    T    T   21  3.2 10  40   M    M   8 16     13  50
15  21   2  12  13  53   0 0.00  0.0   21  3.0 14 190   M    M   8        19 210
16  23  -8   8   9  57   0 0.00  0.0   20  0.8  8  10   M    M   4         9  20
17  18 -10   4   4  61   0 0.00  0.0   20  1.3  7 190   M    M   5 1       9 180
18  11 -10   1   1  64   0 0.00  0.0   20  1.0  7 200   M    M   5 1      11 210
19   6  -4   1   1  64   0    T  0.2   20  2.3  9 250   M    M   9 1      11 260
20   0 -19  -9 -10  74   0 0.01  0.2   20  3.6 10 270   M    M   9 1      12 270
================================================================================
SM  131 -321      1389   0  0.11     4.1  33.5          M      103
================================================================================
AV  6.6-16.0                               1.7 FASTST   M    M   5    MAX(MPH)
                                 MISC ---->  # 14 190               # 19  210
================================================================================
NOTES:
# LAST OF SEVERAL OCCURRENCES

COLUMN 17 PEAK WIND IN M.P.H.

PRELIMINARY LOCAL CLIMATOLOGICAL DATA (WS FORM: F-6) , PAGE 2

                                          STATION:  FAIRBANKS AK
                                          MONTH:    FEBRUARY
                                          YEAR:     2017
                                          LATITUDE:   64 49 N
                                          LONGITUDE: 147 52 W

[TEMPERATURE DATA]      [PRECIPITATION DATA]       SYMBOLS USED IN COLUMN 16

AVERAGE MONTHLY: -4.7   TOTAL FOR MONTH:   0.11    1 = FOG OR MIST
DPTR FM NORMAL:     M   DPTR FM NORMAL:   -0.20    2 = FOG REDUCING VISIBILITY
HIGHEST:    35 ON 14    GRTST 24HR  0.10 ON  8- 9      TO 1/4 MILE OR LESS
LOWEST:    -41 ON 12                               3 = THUNDER
                        SNOW, ICE PELLETS, HAIL    4 = ICE PELLETS
                        TOTAL MONTH:   4.1 INCHES  5 = HAIL
                        GRTST 24HR   3.4 ON   M    6 = FREEZING RAIN OR DRIZZLE
                        GRTST DEPTH:  23 ON  9     7 = DUSTSTORM OR SANDSTORM:
                                                       VSBY 1/2 MILE OR LESS
                                                   8 = SMOKE OR HAZE
[NO. OF DAYS WITH]      [WEATHER - DAYS WITH]      9 = BLOWING SNOW
                                                   X = TORNADO
MAX 32 OR BELOW:  19    0.01 INCH OR MORE:   3
MAX 90 OR ABOVE:   0    0.10 INCH OR MORE:   0
MIN 32 OR BELOW:  20    0.50 INCH OR MORE:   0
MIN  0 OR BELOW:  19    1.00 INCH OR MORE:   0

[HDD (BASE 65) ]
TOTAL THIS MO.  1389    CLEAR  (SCALE 0-3)   4
DPTR FM NORMAL    32    PTCLDY (SCALE 4-7)  11
TOTAL FM JUL 1  9726    CLOUDY (SCALE 8-10)  5
DPTR FM NORMAL  -163

[CDD (BASE 65) ]
TOTAL THIS MO.     0
DPTR FM NORMAL     0    [PRESSURE DATA]
TOTAL FM JAN 1     0    HIGHEST SLP M ON M
DPTR FM NORMAL     0    LOWEST  SLP 28.68 ON 14

[REMARKS]
