000
CXUS56 KHNX 231146
CF6FAT
PRELIMINARY LOCAL CLIMATOLOGICAL DATA (WS FORM: F-6)

                                          STATION:   FRESNO CA
                                          MONTH:     JUNE
                                          YEAR:      2017
                                          LATITUDE:   36 46 N
                                          LONGITUDE: 119 43 W

  TEMPERATURE IN F:       :PCPN:    SNOW:  WIND      :SUNSHINE: SKY     :PK WND
================================================================================
1   2   3   4   5  6A  6B    7    8   9   10  11  12  13   14  15   16   17  18
                                     12Z  AVG MX 2MIN
DY MAX MIN AVG DEP HDD CDD  WTR  SNW DPTH SPD SPD DIR MIN PSBL S-S WX    SPD DR
================================================================================

 1  86  60  73  -1   0   8 0.00  0.0    0 10.4 16 310   M    M   2         M  M
 2  92  62  77   3   0  12 0.00  0.0    0  8.3 14 300   M    M   3         M  M
 3  96  68  82   8   0  17 0.00  0.0    0  8.2 17 310   M    M   6         M  M
 4  94  65  80   6   0  15 0.00  0.0    0 10.7 17 300   M    M   1 8       M  M
 5  93  60  77   2   0  12 0.00  0.0    0   M  15 310   M    M   1        20 290
 6  97  62  80   5   0  15 0.00  0.0    0  6.4 14 310   M    M   1         M  M
 7  96  62  79   4   0  14 0.00  0.0    0  9.9 18 310   M    M   4        27 310
 8  86  60  73  -2   0   8 0.00  0.0    0  8.6 18 310   M    M   7        17 270
 9  85  61  73  -3   0   8 0.00  0.0    0 10.4 21 300   M    M   7        32 310
10  79  56  68  -8   0   3 0.00  0.0    0 13.1 22 320   M    M   5        30 310
11  72  54  63 -13   2   0 0.00  0.0    0 11.9 29 300   M    M   5 3      38 280
12  75  50  63 -13   2   0 0.00  0.0    0  6.6 14 320   M    M   2         M  M
13  83  54  69  -7   0   4 0.00  0.0    0  6.9 13 320   M    M   0         M  M
14  92  59  76  -1   0  11 0.00  0.0    0  5.8 12 300   M    M   1         M  M
15  94  64  79   2   0  14 0.00  0.0    0 10.4 18 310   M    M   2         M  M
16  97  67  82   5   0  17 0.00  0.0    0  6.7 13 300   M    M   1        18 280
17 100  73  87   9   0  22 0.00  0.0    0  6.4 13 310   M    M   3         M  M
18 107  76  92  14   0  27 0.00  0.0    0  3.7 12 310   M    M   2         M  M
19 108  81  95  17   0  30 0.00  0.0    0  6.5 13 300   M    M   1         M  M
20 110  80  95  17   0  30 0.00  0.0    0  8.8 14 300   M    M   1         M  M
21 107  75  91  12   0  26 0.00  0.0    0  6.8 12 300   M    M   1         M  M
22 109  80  95  16   0  30 0.00  0.0    0  6.5 10 310   M    M   1         M  M
================================================================================
SM 2058 1429         4 323  0.00     0.0 173.0          M       57
================================================================================
AV 93.6 65.0                               8.2 FASTST   M    M   3    MAX(MPH)
                                 MISC ---->  # 29 300               # 38  280
================================================================================
NOTES:
# LAST OF SEVERAL OCCURRENCES

COLUMN 17 PEAK WIND IN M.P.H.

PRELIMINARY LOCAL CLIMATOLOGICAL DATA (WS FORM: F-6) , PAGE 2

                                          STATION:  FRESNO CA
                                          MONTH:    JUNE
                                          YEAR:     2017
                                          LATITUDE:   36 46 N
                                          LONGITUDE: 119 43 W

[TEMPERATURE DATA]      [PRECIPITATION DATA]       SYMBOLS USED IN COLUMN 16

AVERAGE MONTHLY: 79.3   TOTAL FOR MONTH:   0.00    1 = FOG OR MIST
DPTR FM NORMAL:   3.0   DPTR FM NORMAL:   -0.20    2 = FOG REDUCING VISIBILITY
HIGHEST:   110 ON 20    GRTST 24HR  0.00 ON 22-22      TO 1/4 MILE OR LESS
LOWEST:     50 ON 12                               3 = THUNDER
                        SNOW, ICE PELLETS, HAIL    4 = ICE PELLETS
                        TOTAL MONTH:   0.0 INCH    5 = HAIL
                        GRTST 24HR     0.0         6 = FREEZING RAIN OR DRIZZLE
                        GRTST DEPTH:   0           7 = DUSTSTORM OR SANDSTORM:
                                                       VSBY 1/2 MILE OR LESS
                                                   8 = SMOKE OR HAZE
[NO. OF DAYS WITH]      [WEATHER - DAYS WITH]      9 = BLOWING SNOW
                                                   X = TORNADO
MAX 32 OR BELOW:   0    0.01 INCH OR MORE:   0
MAX 90 OR ABOVE:  15    0.10 INCH OR MORE:   0
MIN 32 OR BELOW:   0    0.50 INCH OR MORE:   0
MIN  0 OR BELOW:   0    1.00 INCH OR MORE:   0

[HDD (BASE 65) ]
TOTAL THIS MO.     4    CLEAR  (SCALE 0-3)  15
DPTR FM NORMAL     4    PTCLDY (SCALE 4-7)   7
TOTAL FM JUL 1  1940    CLOUDY (SCALE 8-10)  0
DPTR FM NORMAL  -403

[CDD (BASE 65) ]
TOTAL THIS MO.   323
DPTR FM NORMAL    74    [PRESSURE DATA]
TOTAL FM JAN 1   574    HIGHEST SLP M ON M
DPTR FM NORMAL    84    LOWEST  SLP M ON M

[REMARKS]
