000
CXUS52 KRAH 291345
CF6FAY
PRELIMINARY LOCAL CLIMATOLOGICAL DATA (WS FORM: F-6)

                                          STATION:   FAYETTEVILLE REGL AIRPORT NC
                                          MONTH:     AUGUST
                                          YEAR:      2015
                                          LATITUDE:   35  0 N
                                          LONGITUDE:  78 53 W

  TEMPERATURE IN F:       :PCPN:    SNOW:  WIND      :SUNSHINE: SKY     :PK WND
================================================================================
1   2   3   4   5  6A  6B    7    8   9   10  11  12  13   14  15   16   17  18
                                     12Z  AVG MX 2MIN
DY MAX MIN AVG DEP HDD CDD  WTR  SNW DPTH SPD SPD DIR MIN PSBL S-S WX    SPD DR
================================================================================

 1  95  72  84   3   0  19 0.00    M    M  4.5 10 140   M    M   2        15  20
 2  97  70  84   3   0  19 0.00    M    M  5.0 17 170   M    M   0 1      21 170
 3  95  72  84   3   0  19 0.00    M    M  6.5 17 200   M    M   3        23 210
 4  94  72  83   2   0  18 0.00    M    M  5.4 16 120   M    M   2 1      19 120
 5 101  75  88   7   0  23 0.00    M    M  5.7 18 180   M    M   0        23 190
 6  96  72  84   3   0  19 0.46    M    M  5.8 30 240   M    M   2 138    40 250
 7  82  72  77  -4   0  12 0.13    M    M  7.7 17 360   M    M   9 1      23 330
 8  88  70  79  -2   0  14 0.00    M    M  9.1 17  20   M    M   6 1      23 360
 9  87  65  76  -4   0  11 0.00    M    M  4.9 10 110   M    M   2        13 110
10  88  67  78  -2   0  13 0.00    M    M  5.8 14 170   M    M   3        18 180
11  86  71  79  -1   0  14 0.24    M    M  7.5 25  10   M    M   6 13     29 350
12  89  69  79  -1   0  14 0.00    M    M  5.6 17  20   M    M   1        21  20
13  89  64  77  -3   0  12 0.00    M    M  3.4 10 100   M    M   0        14  90
14  90  67  79  -1   0  14 0.00    M    M  4.4 10  90   M    M   1 1      13  50
15  90  68  79  -1   0  14 0.00    M    M  3.5 12 190   M    M   1 18     15 160
16  91  68  80   0   0  15 0.00    M    M  5.5 12 190   M    M   1 1      15 170
17  93  70  82   2   0  17 0.00    M    M  5.4 14 120   M    M   1        16 120
18  84  73  79  -1   0  14 0.31    M    M  5.4 17 150   M    M   6 123    22 200
19  93  73  83   4   0  18 0.54    M    M  6.4 18 260   M    M   8 123    25 250
20  92  74  83   4   0  18 0.03    M    M  6.9 17 210   M    M   4 13     22 210
21  91  73  82   3   0  17 0.00    M    M  5.9 14  30   M    M   3        18  30
22  89  69  79   0   0  14 0.00    M    M  6.2 14  30   M    M   1        17  30
23  88  65  77  -2   0  12 0.00    M    M  4.8  9  20   M    M   0        14 140
24  90  73  82   3   0  17 0.00    M    M  4.2 14 160   M    M   4        16 160
25  91  73  82   3   0  17 0.01    M    M  3.9 12 140   M    M   5 13     15 140
26  86  71  79   0   0  14 0.03    M    M  7.2 14  20   M    M   5 13     18 350
27  84  67  76  -2   0  11 0.00    M    M  8.0 17  60   M    M   7        22  70
28  87  64  76  -2   0  11 0.00    M    M  5.5 15  30   M    M   0        19  30
================================================================================
SM 2526 1959         0 430  1.75    M    160.1          M       83
================================================================================
AV 90.2 70.0                               5.7 FASTST   M    M   3    MAX(MPH)
                                 MISC ---->  # 30 240               # 40  250
================================================================================
NOTES:
# LAST OF SEVERAL OCCURRENCES

COLUMN 17 PEAK WIND IN M.P.H.

PRELIMINARY LOCAL CLIMATOLOGICAL DATA (WS FORM: F-6) , PAGE 2

                                          STATION:  FAYETTEVILLE REGL AIRPORT NC
                                          MONTH:    AUGUST
                                          YEAR:     2015
                                          LATITUDE:   35  0 N
                                          LONGITUDE:  78 53 W

[TEMPERATURE DATA]      [PRECIPITATION DATA]       SYMBOLS USED IN COLUMN 16

AVERAGE MONTHLY: 80.1   TOTAL FOR MONTH:   1.75    1 = FOG OR MIST
DPTR FM NORMAL:   0.2   DPTR FM NORMAL:   -3.31    2 = FOG REDUCING VISIBILITY
HIGHEST:   101 ON  5    GRTST 24HR  0.58 ON  6- 7      TO 1/4 MILE OR LESS
LOWEST:     64 ON 28,13                            3 = THUNDER
                        SNOW, ICE PELLETS, HAIL    4 = ICE PELLETS
                        TOTAL MONTH:    M          5 = HAIL
                        GRTST 24HR    M  ON   M    6 = FREEZING RAIN OR DRIZZLE
                        GRTST DEPTH:  M  ON   M    7 = DUSTSTORM OR SANDSTORM:
                                                       VSBY 1/2 MILE OR LESS
                                                   8 = SMOKE OR HAZE
[NO. OF DAYS WITH]      [WEATHER - DAYS WITH]      9 = BLOWING SNOW
                                                   X = TORNADO
MAX 32 OR BELOW:   0    0.01 INCH OR MORE:   8
MAX 90 OR ABOVE:  15    0.10 INCH OR MORE:   5
MIN 32 OR BELOW:   0    0.50 INCH OR MORE:   1
MIN  0 OR BELOW:   0    1.00 INCH OR MORE:   0

[HDD (BASE 65) ]
TOTAL THIS MO.     0    CLEAR  (SCALE 0-3)  18
DPTR FM NORMAL     0    PTCLDY (SCALE 4-7)   9
TOTAL FM JUL 1     0    CLOUDY (SCALE 8-10)  1
DPTR FM NORMAL     0

[CDD (BASE 65) ]
TOTAL THIS MO.   430
DPTR FM NORMAL    16    [PRESSURE DATA]
TOTAL FM JAN 1  1804    HIGHEST SLP M ON M
DPTR FM NORMAL   203    LOWEST  SLP 29.77 ON  7

[REMARKS]
