000
CXUS52 KRAH 281345
CF6FAY
PRELIMINARY LOCAL CLIMATOLOGICAL DATA (WS FORM: F-6)

                                          STATION:   FAYETTEVILLE REGL AIRPORT NC
                                          MONTH:     AUGUST
                                          YEAR:      2016
                                          LATITUDE:   35  0 N
                                          LONGITUDE:  78 53 W

  TEMPERATURE IN F:       :PCPN:    SNOW:  WIND      :SUNSHINE: SKY     :PK WND
================================================================================
1   2   3   4   5  6A  6B    7    8   9   10  11  12  13   14  15   16   17  18
                                     12Z  AVG MX 2MIN
DY MAX MIN AVG DEP HDD CDD  WTR  SNW DPTH SPD SPD DIR MIN PSBL S-S WX    SPD DR
================================================================================

 1  94  76  85   4   0  20 0.22    M    M  7.3 23 210   M    M   2 3      29 220
 2  91  73  82   1   0  17 0.04    M    M  6.9 18  10   M    M   4 3      24 230
 3  89  75  82   1   0  17 0.12    M    M  5.3 21  90   M    M   8 1      28  90
 4  90  73  82   1   0  17 0.04    M    M  6.1 22 130   M    M   9 1      25 130
 5  93  73  83   2   0  18 0.02    M    M  5.0 18 160   M    M   4 123    22 150
 6  93  76  85   4   0  20 0.16    M    M  8.0 17 310   M    M   4 38     22 240
 7  93  76  85   4   0  20 0.05    M    M  6.0 20  10   M    M   7 13     26  20
 8  94  74  84   3   0  19 0.09    M    M  4.8 22 160   M    M   4 1238   26 160
 9  95  74  85   5   0  20 0.00    M    M  6.9 18 150   M    M   4 12     24 160
10  94  73  84   4   0  19 0.00    M    M  6.1 15 160   M    M   2 1      19 150
11  94  72  83   3   0  18 0.02    M    M  3.7 15 170   M    M   0 1      19 160
12  97  74  86   6   0  21 0.00    M    M  4.7 15 180   M    M   3 1      20 180
13  97  76  87   7   0  22 0.00    M    M  9.2 17 190   M    M   2        23 200
14  98  77  88   8   0  23 0.00    M    M  9.3 16 190   M    M   0        23 190
15  99  75  87   7   0  22 0.00    M    M  7.0 14 220   M    M   1        20 200
16  98  76  87   7   0  22 0.00    M    M  6.5 14 190   M    M   0        17 180
17  99  76  88   8   0  23 0.00    M    M  7.9 16 210   M    M   1        20 210
18  95  77  86   6   0  21 0.00    M    M  7.9 18 160   M    M   2 3      22 160
19  96  74  85   6   0  20 0.30    M    M  6.4 17 220   M    M   4 13     22 220
20  89  75  82   3   0  17 0.08    M    M  2.7 16 250   M    M   4 13     20 260
21  99  75  87   8   0  22 0.00    M    M  9.6 28 320   M    M   1        34 320
22  90  71  81   2   0  16 0.00    M    M  7.3 15  20   M    M   4        19  30
23  91  67  79   0   0  14 0.00    M    M  5.5 14  50   M    M   2        17  50
24  89  66  78  -1   0  13 0.00    M    M  4.6 12  50   M    M   2        15  50
25  94  64  79   0   0  14 0.00    M    M  3.0 13 120   M    M   1        16 160
26  98  73  86   7   0  21 0.00    M    M  5.0 10  80   M    M   0        15 360
27  97  73  85   7   0  20 0.11    M    M  3.8 22 110   M    M   3 13     27 110
================================================================================
SM 2546 1984         0 516  1.25    M    166.5          M       78
================================================================================
AV 94.3 73.5                               6.2 FASTST   M    M   3    MAX(MPH)
                                 MISC ---->  # 28 320               # 34  320
================================================================================
NOTES:
# LAST OF SEVERAL OCCURRENCES

COLUMN 17 PEAK WIND IN M.P.H.

PRELIMINARY LOCAL CLIMATOLOGICAL DATA (WS FORM: F-6) , PAGE 2

                                          STATION:  FAYETTEVILLE REGL AIRPORT NC
                                          MONTH:    AUGUST
                                          YEAR:     2016
                                          LATITUDE:   35  0 N
                                          LONGITUDE:  78 53 W

[TEMPERATURE DATA]      [PRECIPITATION DATA]       SYMBOLS USED IN COLUMN 16

AVERAGE MONTHLY: 83.9   TOTAL FOR MONTH:   1.25    1 = FOG OR MIST
DPTR FM NORMAL:   4.0   DPTR FM NORMAL:   -3.64    2 = FOG REDUCING VISIBILITY
HIGHEST:    99 ON 21,17 GRTST 24HR  0.31 ON 19-20      TO 1/4 MILE OR LESS
LOWEST:     64 ON 25                               3 = THUNDER
                        SNOW, ICE PELLETS, HAIL    4 = ICE PELLETS
                        TOTAL MONTH:    M          5 = HAIL
                        GRTST 24HR    M  ON   M    6 = FREEZING RAIN OR DRIZZLE
                        GRTST DEPTH:  M  ON   M    7 = DUSTSTORM OR SANDSTORM:
                                                       VSBY 1/2 MILE OR LESS
                                                   8 = SMOKE OR HAZE
[NO. OF DAYS WITH]      [WEATHER - DAYS WITH]      9 = BLOWING SNOW
                                                   X = TORNADO
MAX 32 OR BELOW:   0    0.01 INCH OR MORE:  12
MAX 90 OR ABOVE:  24    0.10 INCH OR MORE:   5
MIN 32 OR BELOW:   0    0.50 INCH OR MORE:   0
MIN  0 OR BELOW:   0    1.00 INCH OR MORE:   0

[HDD (BASE 65) ]
TOTAL THIS MO.     0    CLEAR  (SCALE 0-3)  16
DPTR FM NORMAL     0    PTCLDY (SCALE 4-7)  10
TOTAL FM JUL 1     0    CLOUDY (SCALE 8-10)  1
DPTR FM NORMAL     0

[CDD (BASE 65) ]
TOTAL THIS MO.   516
DPTR FM NORMAL   115    [PRESSURE DATA]
TOTAL FM JAN 1  1923    HIGHEST SLP  0.00 ON 15
DPTR FM NORMAL   335    LOWEST  SLP 29.80 ON M

[REMARKS]
